01-18 08:50:14.458   470   470 I SystemServer: StartDropBoxManager
01-18 08:50:14.458   470   524 D SystemServerInitThreadPool: Started executing Init OverlayManagerService
01-18 08:50:14.458   470   525 D SystemServerInitThreadPool: Started executing StartSensorService
01-18 08:50:14.458   470   470 I SystemServiceManager: Starting com.android.server.DropBoxManagerService
01-18 08:50:14.458   470   525 D SensorService: nuSensorService starting...
01-18 08:50:14.462   470   470 D SystemServerTiming: StartDropBoxManager took to complete: 4ms
01-18 08:50:14.462   470   470 I SystemServer: StartBatteryService
01-18 08:50:14.463   470   470 I SystemServiceManager: Starting com.android.server.BatteryService
01-18 08:50:14.464   278   278 I SensorsHal: set active: handle = 0, enable = 0
01-18 08:50:14.464   278   526 I SensorsHal: set active: handle = 4, enable = 0
01-18 08:50:14.468   470   528 D SensorService: nuSensorService thread starting...
01-18 08:50:14.469   470   527 D SensorService: new thread SensorEventAckReceiver
01-18 08:50:14.472   470   525 D SystemServerTimingAsync: StartSensorService took to complete: 14ms
01-18 08:50:14.473   470   525 D SystemServerInitThreadPool: Finished executing StartSensorService
01-18 08:50:14.473   470   470 D SystemServerTiming: StartBatteryService took to complete: 11ms
01-18 08:50:14.473   470   470 I SystemServer: StartUsageService
01-18 08:50:14.475   470   470 I SystemServiceManager: Starting com.android.server.usage.UsageStatsService
01-18 08:50:14.479   275   275 E Lights Hal: write_int failed to open sys/class/leds/battery_led/brightness
01-18 08:50:14.497   470   470 D SystemServerTiming: StartUsageService took to complete: 24ms
01-18 08:50:14.497   470   470 I SystemServer: StartWebViewUpdateService
01-18 08:50:14.499   470   470 I SystemServiceManager: Starting com.android.server.webkit.WebViewUpdateService
01-18 08:50:14.511   470   470 D SystemServerTiming: StartWebViewUpdateService took to complete: 14ms
01-18 08:50:14.514   470   470 I SystemServer: StartKeyAttestationApplicationIdProviderService
01-18 08:50:14.514   470   483 D SystemServerInitThreadPool: Started executing SecondaryZygotePreload
01-18 08:50:14.514   470   483 I SystemServer: SecondaryZygotePreload
01-18 08:50:14.521   470   470 D SystemServerTiming: StartKeyAttestationApplicationIdProviderService took to complete: 6ms
01-18 08:50:14.521   470   470 I SystemServer: StartKeyChainSystemService
01-18 08:50:14.521   470   470 I SystemServiceManager: Starting com.android.server.security.KeyChainSystemService
01-18 08:50:14.522   470   470 D SystemServerTiming: StartKeyChainSystemService took to complete: 0ms
01-18 08:50:14.522   470   470 I SystemServer: StartSchedulingPolicyService
01-18 08:50:14.523   470   470 D SystemServerTiming: StartSchedulingPolicyService took to complete: 2ms
01-18 08:50:14.524   470   470 I SystemServer: StartTelecomLoaderService
01-18 08:50:14.526   470   483 I Zygote  : Process: zygote socket zygote opened, supported ABIS: arm64-v8a
01-18 08:50:14.526   470   470 I SystemServiceManager: Starting com.android.server.telecom.TelecomLoaderService
01-18 08:50:14.527   470   470 D SystemServerTiming: StartTelecomLoaderService took to complete: 3ms
01-18 08:50:14.527   470   470 I SystemServer: StartTelephonyRegistry
01-18 08:50:14.538   470   470 D SystemServerTiming: StartTelephonyRegistry took to complete: 12ms
01-18 08:50:14.539   470   470 I SystemServer: StartEntropyMixer
01-18 08:50:14.539   470   483 I Zygote  : Process: zygote socket zygote_secondary opened, supported ABIS: armeabi-v7a,armeabi
01-18 08:50:14.540   392   392 I Zygote  : Lazily preloading resources.
01-18 08:50:14.540   392   392 D Zygote  : begin preload
01-18 08:50:14.540   392   392 I Zygote  : Installing ICU cache reference pinning...
01-18 08:50:14.540   392   392 I Zygote  : Preloading ICU data...
01-18 08:50:14.543   470   470 I EntropyMixer: Writing entropy...
01-18 08:50:14.546   470   470 D SystemServerTiming: StartEntropyMixer took to complete: 8ms
01-18 08:50:14.546   470   470 I SystemServer: StartAccountManagerService
01-18 08:50:14.550   470   470 I SystemServiceManager: Starting com.android.server.accounts.AccountManagerService$Lifecycle
01-18 08:50:14.566   470   524 D SystemServerInitThreadPool: Finished executing Init OverlayManagerService
01-18 08:50:14.577   470   470 D SystemServerTiming: StartAccountManagerService took to complete: 31ms
01-18 08:50:14.578   470   470 I SystemServer: StartContentService
01-18 08:50:14.584   470   470 I SystemServiceManager: Starting com.android.server.content.ContentService$Lifecycle
01-18 08:50:14.589   470   470 D SystemServerTiming: StartContentService took to complete: 11ms
01-18 08:50:14.589   470   470 I SystemServer: InstallSystemProviders
01-18 08:50:14.600   470   470 I zygote64: The ClassLoaderContext is a special shared library.
01-18 08:50:14.608   392   392 D ZygoteInitTiming_lazy: BeginIcuCachePinning took to complete: 68ms
01-18 08:50:14.608   392   392 I Zygote  : Preloading classes...
01-18 08:50:14.633   470   470 D SystemServerTiming: InstallSystemProviders took to complete: 45ms
01-18 08:50:14.633   470   470 I SystemServer: StartVibratorService
01-18 08:50:14.637   244   244 W /system/bin/hwservicemanager: getTransport: Cannot find entry android.hardware.vibrator@1.0::IVibrator/default in either framework or device manifest.
01-18 08:50:14.639   244   244 W /system/bin/hwservicemanager: getTransport: Cannot find entry android.hardware.vibrator@1.0::IVibrator/default in either framework or device manifest.
01-18 08:50:14.639   470   470 E VibratorService: vibratorOff command failed (1).
01-18 08:50:14.642   244   244 W /system/bin/hwservicemanager: getTransport: Cannot find entry android.hardware.vibrator@1.0::IVibrator/default in either framework or device manifest.
01-18 08:50:14.646   470   470 D SystemServerTiming: StartVibratorService took to complete: 13ms
01-18 08:50:14.646   470   470 I SystemServer: StartConsumerIrService
01-18 08:50:14.649   244   244 W /system/bin/hwservicemanager: getTransport: Cannot find entry android.hardware.ir@1.0::IConsumerIr/default in either framework or device manifest.
01-18 08:50:14.651   470   470 D SystemServerTiming: StartConsumerIrService took to complete: 4ms
01-18 08:50:14.651   470   470 I SystemServer: StartAlarmManagerService
01-18 08:50:14.651   470   470 I SystemServiceManager: Starting com.android.server.AlarmManagerService
01-18 08:50:14.655   470   470 D AlarmManagerService: Kernel timezone updated to 0 minutes west of GMT
01-18 08:50:14.656   470   470 I AlarmManager: Current time only 1358499014656, advancing to build time 1590899568000
01-18 08:50:14.656   470   470 D AlarmManagerService: Setting time of day to sec=1590899568
05-31 04:32:48.008   470   470 D SystemServerTiming: StartAlarmManagerService took to complete: 13ms
05-31 04:32:48.008   470   470 I SystemServer: InitWatchdog
05-31 04:32:48.009   470   470 D SystemServerTiming: InitWatchdog took to complete: 1ms
05-31 04:32:48.009   470   470 I SystemServer: StartInputManagerService
05-31 04:32:48.014   470   470 I InputManager: Initializing input manager, mUseDevInputEventForAudioJack=true
05-31 04:32:48.015   470   470 D SystemServerTiming: StartInputManagerService took to complete: 6ms
05-31 04:32:48.015   470   470 I SystemServer: StartWindowManagerService
05-31 04:32:48.068   470   495 I WindowManager: No existing display settings /data/system/display_settings.xml; starting empty
05-31 04:32:48.156   392   392 E ActivityRecognitionHardware: activity_recognition HAL is deprecated. class_init is effectively a no-op
05-31 04:32:48.168   470   470 D SystemServerTiming: StartWindowManagerService took to complete: 152ms
05-31 04:32:48.168   470   470 I SystemServer: StartVrManagerService
05-31 04:32:48.168   470   470 I SystemServiceManager: Starting com.android.server.vr.VrManagerService
05-31 04:32:48.168   470   525 D SystemServerInitThreadPool: Started executing StartHidlServices
05-31 04:32:48.176   470   525 D SystemServerTimingAsync: StartHidlServices took to complete: 8ms
05-31 04:32:48.176   470   525 D SystemServerInitThreadPool: Finished executing StartHidlServices
05-31 04:32:48.178   244   244 W /system/bin/hwservicemanager: getTransport: Cannot find entry android.hardware.vr@1.0::IVr/default in either framework or device manifest.
05-31 04:32:48.180   470   470 W VrManagerService: init_native: Could not open IVr interface
05-31 04:32:48.182   470   470 D SystemServerTiming: StartVrManagerService took to complete: 13ms
05-31 04:32:48.182   470   470 I SystemServer: SetWindowManagerService
05-31 04:32:48.191   392   392 W Zygote  : Class not found for preloading: android.icu.impl.number.Parse
05-31 04:32:48.194   470   470 D SystemServerTiming: SetWindowManagerService took to complete: 11ms
05-31 04:32:48.194   470   470 I SystemServer: StartInputManager
05-31 04:32:48.194   470   470 I InputManager: Starting input manager
05-31 04:32:48.196   470   547 D EventHub: No input device configuration file found for device 'rk29-keypad'.
05-31 04:32:48.199   470   547 W EventHub: Unable to disable kernel key repeat for /dev/input/event1: Function not implemented
05-31 04:32:48.199   470   547 I EventHub: wakeMechanism=EPOLLWAKEUP, usingClockIoctl=true
05-31 04:32:48.199   470   547 I EventHub: New device: id=1, fd=107, path='/dev/input/event1', name='rk29-keypad', classes=0x401, configuration='', keyLayout='/system/usr/keylayout/rk29-keypad.kl', keyCharacterMap='/system/usr/keychars/Generic.kcm', builtinKeyboard=true, 
05-31 04:32:48.199   470   547 D EventHub: No input device configuration file found for device 'ff420030.pwm'.
05-31 04:32:48.201   470   470 D SystemServerTiming: StartInputManager took to complete: 7ms
05-31 04:32:48.201   470   470 I SystemServer: DisplayManagerWindowManagerAndInputReady
05-31 04:32:48.201   470   470 D SystemServerTiming: DisplayManagerWindowManagerAndInputReady took to complete: 0ms
05-31 04:32:48.201   470   547 W EventHub: Unable to disable kernel key repeat for /dev/input/event0: Function not implemented
05-31 04:32:48.201   470   470 I SystemServer: StartBluetoothService
05-31 04:32:48.202   470   547 I EventHub: wakeMechanism=EPOLLWAKEUP, usingClockIoctl=true
05-31 04:32:48.202   470   547 I EventHub: New device: id=2, fd=108, path='/dev/input/event0', name='ff420030.pwm', classes=0x421, configuration='', keyLayout='/system/usr/keylayout/ff420030_pwm.kl', keyCharacterMap='/system/usr/keychars/Generic.kcm', builtinKeyboard=false, 
05-31 04:32:48.202   470   470 I SystemServiceManager: Starting com.android.server.BluetoothService
05-31 04:32:48.205   470   547 I InputReader: Device added: id=-1, name='Virtual', sources=0x00000301
05-31 04:32:48.206   470   547 I InputReader: Device added: id=2, name='ff420030.pwm', sources=0x00002303
05-31 04:32:48.206   470   547 I InputReader: Device added: id=0, name='rk29-keypad', sources=0x00002103
05-31 04:32:48.213   470   470 D BluetoothManagerService: Loading stored name and address
05-31 04:32:48.214   470   470 D BluetoothManagerService: Stored bluetooth Name=null,Address=null
05-31 04:32:48.214   470   470 D BluetoothManagerService: Bluetooth persisted state: 0
05-31 04:32:48.215   470   470 D SystemServerTiming: StartBluetoothService took to complete: 14ms
05-31 04:32:48.216   470   470 I SystemServer: IpConnectivityMetrics
05-31 04:32:48.216   470   470 I SystemServiceManager: Starting com.android.server.connectivity.IpConnectivityMetrics
05-31 04:32:48.222   392   392 I zygote  : Thread[1,tid=392,Native,Thread*=0xe745a000,peer=0x12d80110,"main"] recursive attempt to load library "/system/lib/libmedia_jni.so"
05-31 04:32:48.222   392   392 D MtpDeviceJNI: register_android_mtp_MtpDevice
05-31 04:32:48.223   470   470 D SystemServerTiming: IpConnectivityMetrics took to complete: 7ms
05-31 04:32:48.223   470   470 I SystemServer: PinnerService
05-31 04:32:48.223   392   392 I zygote  : Thread[1,tid=392,Native,Thread*=0xe745a000,peer=0x12d80110,"main"] recursive attempt to load library "/system/lib/libmedia_jni.so"
05-31 04:32:48.223   392   392 I zygote  : Thread[1,tid=392,Native,Thread*=0xe745a000,peer=0x12d80110,"main"] recursive attempt to load library "/system/lib/libmedia_jni.so"
05-31 04:32:48.224   470   470 I SystemServiceManager: Starting com.android.server.PinnerService
05-31 04:32:48.227   470   470 D SystemServerTiming: PinnerService took to complete: 3ms
05-31 04:32:48.227   470   470 I SystemServer: StartInputMethodManagerLifecycle
05-31 04:32:48.227   470   470 I SystemServiceManager: Starting com.android.server.InputMethodManagerService$Lifecycle
05-31 04:32:48.244   470   470 D SystemServerTiming: StartInputMethodManagerLifecycle took to complete: 17ms
05-31 04:32:48.245   470   470 I SystemServer: StartAccessibilityManagerService
05-31 04:32:48.251   470   470 D SystemServerTiming: StartAccessibilityManagerService took to complete: 7ms
05-31 04:32:48.251   470   470 I SystemServer: MakeDisplayReady
05-31 04:32:48.253   470   470 I ActivityManager: Config changes=5df8 {1.0 ?mcc?mnc [en_US] ldltr sw757dp w1347dp h757dp 228dpi xlrg long land ?uimode ?night -touch -keyb/v/h dpad/v appBounds=Rect(0, 0 - 1920, 1080) s.2}
05-31 04:32:48.253   470   484 I UsageStatsService: Time changed in UsageStats by 232400553 seconds
05-31 04:32:48.263   470   470 I ActivityManager: Override config changes=40007dfc {1.0 ?mcc?mnc [en_US] ldltr sw757dp w1347dp h757dp 228dpi xlrg long land ?uimode ?night -touch -keyb/v/h dpad/v appBounds=Rect(0, 0 - 1920, 1080) s.2} for displayId=0
05-31 04:32:48.268   470   484 I UsageStatsService: User[0] Rollover scheduled @ 2020-06-01 04:32:48(1590985968253)
05-31 04:32:48.270   470   484 E AppIdleHistory: Unable to read app idle file for user 0
05-31 04:32:48.284   470   547 I InputReader: Reconfiguring input devices.  changes=0x00000004
05-31 04:32:48.284   470   547 I chatty  : uid=1000(system) InputReader identical 1 line
05-31 04:32:48.284   470   470 I ActivityManager: Config changes=500 {1.0 ?mcc?mnc [en_US] ldltr sw757dp w1347dp h686dp 228dpi lrg long land ?uimode ?night -touch -keyb/v/h dpad/v appBounds=Rect(0, 0 - 1920, 1012) s.3}
05-31 04:32:48.298   470   470 I ActivityManager: Override config changes=500 {1.0 ?mcc?mnc [en_US] ldltr sw757dp w1347dp h686dp 228dpi lrg long land ?uimode ?night -touch -keyb/v/h dpad/v appBounds=Rect(0, 0 - 1920, 1012) s.3} for displayId=0
05-31 04:32:48.304   470   470 D SystemServerTiming: MakeDisplayReady took to complete: 53ms
05-31 04:32:48.304   470   470 I SystemServer: StartStorageManagerService
05-31 04:32:48.305   470   470 I SystemServiceManager: Starting com.android.server.StorageManagerService$Lifecycle
05-31 04:32:48.305   470   547 I InputReader: Reconfiguring input devices.  changes=0x00000004
05-31 04:32:48.323   470   470 D SystemServerTiming: StartStorageManagerService took to complete: 19ms
05-31 04:32:48.323   470   470 I SystemServer: StartStorageStatsService
05-31 04:32:48.324   470   470 I SystemServiceManager: Starting com.android.server.usage.StorageStatsService$Lifecycle
05-31 04:32:48.324   470   549 D StorageManagerService: Thinking about init, mSystemReady=false, mDaemonConnected=true
05-31 04:32:48.324   470   549 D StorageManagerService: Thinking about reset, mSystemReady=false, mDaemonConnected=true
05-31 04:32:48.324   470   549 D StorageManagerService: Thinking about init, mSystemReady=false, mDaemonConnected=true
05-31 04:32:48.324   470   549 D StorageManagerService: Thinking about reset, mSystemReady=false, mDaemonConnected=true
05-31 04:32:48.325   470   549 D CryptdConnector: SND -> {1 cryptfs getfield SystemLocale}
05-31 04:32:48.333   470   470 D SystemServerTiming: StartStorageStatsService took to complete: 10ms
05-31 04:32:48.334   470   470 I SystemServer: StartUiModeManager
05-31 04:32:48.334   470   470 I SystemServiceManager: Starting com.android.server.UiModeManagerService
05-31 04:32:48.334   470   551 D CryptdConnector: RCV <- {200 1 -1}
05-31 04:32:48.336   470   524 D SystemServerInitThreadPool: Started executing UiModeManager.onStart
05-31 04:32:48.337   470   549 W StorageManagerService: No primary storage mounted!
05-31 04:32:48.337   470   549 D VoldConnector: SND -> {1 asec list}
05-31 04:32:48.337   470   524 I ActivityManager: Config changes=200 {1.0 ?mcc?mnc [en_US] ldltr sw757dp w1347dp h686dp 228dpi lrg long land -touch -keyb/v/h dpad/v appBounds=Rect(0, 0 - 1920, 1012) s.4}
05-31 04:32:48.338   470   550 D VoldConnector: RCV <- {200 1 asec operation succeeded}
05-31 04:32:48.339   470   549 I PackageManager: No secure containers found
05-31 04:32:48.344   470   470 D SystemServerTiming: StartUiModeManager took to complete: 11ms
05-31 04:32:48.344   470   470 I SystemServer: UpdatePackagesIfNeeded
05-31 04:32:48.344   470   470 D SystemServerTiming: UpdatePackagesIfNeeded took to complete: 0ms
05-31 04:32:48.344   470   470 I SystemServer: PerformFstrimIfNeeded
05-31 04:32:48.345   470   470 D SystemServerTiming: PerformFstrimIfNeeded took to complete: 1ms
05-31 04:32:48.345   470   470 I SystemServer: StartLockSettingsService
05-31 04:32:48.345   470   470 I SystemServiceManager: Starting com.android.server.locksettings.LockSettingsService$Lifecycle
05-31 04:32:48.359   470   524 I ActivityManager: Override config changes=200 {1.0 ?mcc?mnc [en_US] ldltr sw757dp w1347dp h686dp 228dpi lrg long land -touch -keyb/v/h dpad/v appBounds=Rect(0, 0 - 1920, 1012) s.4} for displayId=0
05-31 04:32:48.363   470   524 D SystemServerInitThreadPool: Finished executing UiModeManager.onStart
05-31 04:32:48.368   470   470 D SystemServerTiming: StartLockSettingsService took to complete: 23ms
05-31 04:32:48.377   470   470 I system_server: Looking for service android.hardware.oemlock@1.0::IOemLock/default
05-31 04:32:48.380   244   244 W /system/bin/hwservicemanager: getTransport: Cannot find entry android.hardware.oemlock@1.0::IOemLock/default in either framework or device manifest.
05-31 04:32:48.380   470   470 E system_server: service android.hardware.oemlock@1.0::IOemLock declares transport method EMPTY but framework expects hwbinder.
05-31 04:32:48.385   470   470 I OemLock : OemLock HAL not present on device
05-31 04:32:48.385   470   470 I SystemServer: StartDeviceIdleController
05-31 04:32:48.389   470   470 I SystemServiceManager: Starting com.android.server.DeviceIdleController
05-31 04:32:48.403   392   392 I Zygote  : ...preloaded 4715 classes in 450ms.
05-31 04:32:48.403   392   392 I zygote  : VMRuntime.preloadDexCaches starting
05-31 04:32:48.404   470   549 W StorageManagerService: No primary storage defined yet; hacking together a stub
05-31 04:32:48.406   470   549 W StorageManagerService: No primary storage defined yet; hacking together a stub
05-31 04:32:48.407   470   549 W StorageManagerService: No primary storage mounted!
05-31 04:32:48.408   470   549 D VoldConnector: SND -> {2 asec list}
05-31 04:32:48.409   470   550 D VoldConnector: RCV <- {200 2 asec operation succeeded}
05-31 04:32:48.409   470   470 D SystemServerTiming: StartDeviceIdleController took to complete: 24ms
05-31 04:32:48.410   470   470 I SystemServer: StartDevicePolicyManager
05-31 04:32:48.410   470   470 I SystemServiceManager: Starting com.android.server.devicepolicy.DevicePolicyManagerService$Lifecycle
05-31 04:32:48.436   470   470 D SystemServerTiming: StartDevicePolicyManager took to complete: 26ms
05-31 04:32:48.436   470   470 I SystemServer: StartStatusBarManagerService
05-31 04:32:48.441   470   470 D SystemServerTiming: StartStatusBarManagerService took to complete: 5ms
05-31 04:32:48.441   470   470 I SystemServer: StartClipboardService
05-31 04:32:48.441   470   470 I SystemServiceManager: Starting com.android.server.clipboard.ClipboardService
05-31 04:32:48.444   470   470 D SystemServerTiming: StartClipboardService took to complete: 2ms
05-31 04:32:48.444   470   470 I SystemServer: StartNetworkManagementService
05-31 04:32:48.449   470   552 I NetworkManagement: onDaemonConnected()
05-31 04:32:48.453   470   470 D SystemServerTiming: StartNetworkManagementService took to complete: 9ms
05-31 04:32:48.453   470   470 I SystemServer: StartTextServicesManager
05-31 04:32:48.453   470   470 I SystemServiceManager: Starting com.android.server.TextServicesManagerService$Lifecycle
05-31 04:32:48.467   470   470 D SystemServerTiming: StartTextServicesManager took to complete: 14ms
05-31 04:32:48.467   470   470 I SystemServer: StartNetworkScoreService
05-31 04:32:48.469   392   392 I zygote  : VMRuntime.preloadDexCaches strings total=313925 before=10351 after=10351
05-31 04:32:48.469   392   392 I zygote  : VMRuntime.preloadDexCaches types total=26715 before=5516 after=5518
05-31 04:32:48.469   392   392 I zygote  : VMRuntime.preloadDexCaches fields total=127166 before=5508 after=5538
05-31 04:32:48.469   392   392 I zygote  : VMRuntime.preloadDexCaches methods total=225805 before=9943 after=9943
05-31 04:32:48.469   392   392 I zygote  : VMRuntime.preloadDexCaches finished
05-31 04:32:48.469   392   392 D ZygoteInitTiming_lazy: PreloadClasses took to complete: 517ms
05-31 04:32:48.474   470   470 D SystemServerTiming: StartNetworkScoreService took to complete: 7ms
05-31 04:32:48.475   470   470 I SystemServer: StartNetworkStatsService
05-31 04:32:48.487   470   470 D SystemServerTiming: StartNetworkStatsService took to complete: 13ms
05-31 04:32:48.487   470   470 I SystemServer: StartNetworkPolicyManagerService
05-31 04:32:48.495   470   556 I ServiceThread: Enabled StrictMode logging for NetworkPolicy.uid looper.
05-31 04:32:48.497   470   470 D SystemServerTiming: StartNetworkPolicyManagerService took to complete: 10ms
05-31 04:32:48.497   470   470 I SystemServer: StartWifi
05-31 04:32:48.517   470   470 I SystemServiceManager: Starting com.android.server.wifi.WifiService
05-31 04:32:48.549   392   392 I Zygote  : Preloading resources...
05-31 04:32:48.567   392   392 W Resources: Preloaded drawable resource #0x1080264 (android:drawable/dialog_background_material) that varies with configuration!!
05-31 04:32:48.572   470   470 W WifiCountryCode: config_wifi_revert_country_code_on_cellular_loss is set, but there is no default country code.
05-31 04:32:48.572   470   470 D WifiApConfigStore: 2G band allowed channels are:1,6,11
05-31 04:32:48.587   392   392 I Zygote  : ...preloaded 64 resources in 38ms.
05-31 04:32:48.590   392   392 W Resources: Preloaded color resource #0x1060053 (android:color/btn_default_material_dark) that varies with configuration!!
05-31 04:32:48.591   392   392 I Zygote  : ...preloaded 41 resources in 4ms.
05-31 04:32:48.591   392   392 D ZygoteInitTiming_lazy: PreloadResources took to complete: 122ms
05-31 04:32:48.628   470   558 E HalDeviceManager: isSupported: called but mServiceManager is null!?
05-31 04:32:48.628   470   558 I WifiNative-wlan0: Vendor HAL not supported, Ignore stop...
05-31 04:32:48.628   470   558 D WificondControl: tearing down interfaces in wificond
05-31 04:32:48.628   470   559 E IpManager.wlan0: ERROR Failed to disable IPv6: java.lang.IllegalStateException: command '1 interface ipv6 wlan0 disable' failed with '400 1 Failed to change IPv6 state (No such file or directory)'
05-31 04:32:48.631   402   437 D CommandListener: Clearing all IP addresses on wlan0
05-31 04:32:48.634   470   470 D WifiController: isAirplaneModeOn = false, isWifiEnabled = true, isScanningAvailable = false
05-31 04:32:48.637   470   470 I WifiService: getVerboseLoggingLevel uid=1000
05-31 04:32:48.638   470   470 E SupplicantStaIfaceHal: Can't call setDebugParams, ISupplicant is null
05-31 04:32:48.638   470   470 W WifiDiags: no ring buffers found
05-31 04:32:48.638   470   470 W WifiDiags: Failed to start packet fate monitoring
05-31 04:32:48.638   470   470 I WifiService: Registering wifi
05-31 04:32:48.639   470   470 D SystemServerTiming: StartWifi took to complete: 142ms
05-31 04:32:48.640   470   470 I SystemServer: StartWifiScanning
05-31 04:32:48.643   470   470 I SystemServiceManager: Starting com.android.server.wifi.scanner.WifiScanningService
05-31 04:32:48.643   470   470 I WifiScanningService: Creating wifiscanner
05-31 04:32:48.646   470   470 I WifiScanningService: Publishing wifiscanner
05-31 04:32:48.649   470   470 D SystemServerTiming: StartWifiScanning took to complete: 10ms
05-31 04:32:48.649   470   470 I SystemServer: StartWifiRtt
05-31 04:32:48.650   470   470 I SystemServiceManager: Starting com.android.server.wifi.RttService
05-31 04:32:48.651   470   470 I RttService: Creating rttmanager
05-31 04:32:48.663   470   470 I RttService: Starting rttmanager
05-31 04:32:48.665   470   470 D SystemServerTiming: StartWifiRtt took to complete: 15ms
05-31 04:32:48.665   470   470 I SystemServer: No Wi-Fi Aware Service (Aware support Not Present)
05-31 04:32:48.665   470   470 I SystemServer: StartWifiP2P
05-31 04:32:48.665   470   470 I SystemServiceManager: Starting com.android.server.wifi.p2p.WifiP2pService
05-31 04:32:48.667   470   520 D SystemServerTimingAsync: AppDataPrepare took to complete: 913ms
05-31 04:32:48.668   470   520 I PackageManager: Deferred reconcileAppsData finished 75 packages
05-31 04:32:48.668   470   520 D SystemServerInitThreadPool: Finished executing prepareAppData
05-31 04:32:48.673   470   470 I WifiP2pService: Registering wifip2p
05-31 04:32:48.674   470   470 D SystemServerTiming: StartWifiP2P took to complete: 9ms
05-31 04:32:48.674   470   470 I SystemServer: StartEthernet
05-31 04:32:48.675   470   470 I SystemServiceManager: Starting com.android.server.ethernet.EthernetService
05-31 04:32:48.675   470   470 I EthernetServiceImpl: Creating EthernetConfigStore
05-31 04:32:48.676   470   470 E IpConfigStore: Error opening configuration file: java.io.FileNotFoundException: /data/misc/ethernet/ipconfig.txt (No such file or directory)
05-31 04:32:48.676   470   470 W EthernetConfigStore: No Ethernet configuration found. Using default.
05-31 04:32:48.676   470   470 I EthernetServiceImpl: Read stored IP configuration: IP assignment: DHCP
05-31 04:32:48.676   470   470 I EthernetServiceImpl: Proxy settings: NONE
05-31 04:32:48.677   470   470 E EthernetNetworkFactory: Failed to clear addresses or disable ipv6java.lang.NullPointerException: Attempt to invoke interface method 'void android.os.INetworkManagementService.clearInterfaceAddresses(java.lang.String)' on a null object reference
05-31 04:32:48.677   470   470 I EthernetService: Registering service ethernet
05-31 04:32:48.678   470   470 D SystemServerTiming: StartEthernet took to complete: 4ms
05-31 04:32:48.678   470   470 I SystemServer: StartConnectivityService
05-31 04:32:48.685   470   470 D ConnectivityService: ConnectivityService starting up
05-31 04:32:48.688   470   470 D ConnectivityService: wifiOnly=false
05-31 04:32:48.688   470   470 E ConnectivityService: Ignoring protectedNetwork 14
05-31 04:32:48.701   470   470 D SystemServerTiming: StartConnectivityService took to complete: 23ms
05-31 04:32:48.701   470   470 I SystemServer: StartNsdService
05-31 04:32:48.704   470   470 D NsdService: Network service discovery is enabled
05-31 04:32:48.707   470   470 D SystemServerTiming: StartNsdService took to complete: 6ms
05-31 04:32:48.707   470   470 I SystemServer: StartUpdateLockService
05-31 04:32:48.709   470   470 D SystemServerTiming: StartUpdateLockService took to complete: 2ms
05-31 04:32:48.709   470   470 I SystemServer: WaitForAsecScan
05-31 04:32:48.710   470   470 D SystemServerTiming: WaitForAsecScan took to complete: 0ms
05-31 04:32:48.710   470   470 I SystemServer: StartNotificationManager
05-31 04:32:48.713   470   470 I SystemServiceManager: Starting com.android.server.notification.NotificationManagerService
05-31 04:32:48.722   392   392 D libEGL  : loaded /vendor/lib/egl/libGLES_mali.so
05-31 04:32:48.740   470   470 D ConditionProviders.SCP: new ScheduleConditionProvider()
05-31 04:32:48.747   392   392 I Zygote  : Preloading shared libraries...
05-31 04:32:48.748   470   470 D ZenLog  : config: readXml,ZenModeConfig[user=0,allowCalls=true,allowRepeatCallers=false,allowMessages=false,allowCallsFrom=contacts,allowMessagesFrom=contacts,allowReminders=true,allowEvents=true,allowWhenScreenOff=true,allowWhenScreenOn=true,automaticRules={EVENTS_DEFAULT_RULE=ZenRule[enabled=false,snoozing=false,name=Event,zenMode=ZEN_MODE_ALARMS,conditionId=condition://android/event?userId=-10000&calendar=&reply=1,condition=Condition[id=condition://android/event?userId=-10000&calendar=&reply=1,summary=...,line1=...,line2=...,icon=0,state=STATE_FALSE,flags=2],component=ComponentInfo{android/com.android.server.notification.EventConditionProvider},id=EVENTS_DEFAULT_RULE,creationTime=1590899583525,enabler=null], SCHEDULED_DEFAULT_RULE_1=ZenRule[enabled=false,snoozing=false,name=Weeknight,zenMode=ZEN_MODE_ALARMS,conditionId=condition://android/schedule?days=1.2.3.4.5&start=22.0&end=7.0&exitAtAlarm=false,condition=Condition[id=condition://android/schedule?days=1.2.3.4.5&start=22.0&end=7.0&exitAtAlarm=false,summary=...,line1=...,line2=...,icon=0,state=STATE_FALSE,flags=2],component=ComponentInfo{android/com.android.server.notification.ScheduleConditionProvider},id=SCHEDULED_DEFAULT_RULE_1,creationTime=1590899583524,enabler=null], SCHEDULED_DEFAULT_RULE_2=ZenRule[enabled=false,snoozing=false,name=Weekend,zenMode=ZEN_MODE_ALARMS,conditionId=condition://android/schedule?days=6.7&start=23.30&end=10.0&exitAtAlarm=false,condition=Condition[id=condition://android/schedule?days=6.7&start=23.30&end=10.0&exitAtAlarm=false,summary=...,line1=...,line2=...,icon=0,state=STATE_TRUE,flags=2],component=ComponentInfo{android/com.android.server.notification.ScheduleConditionProvider},id=SCHEDULED_DEFAULT_RULE_2,creationTime=1590899583524,enabler=null]},manualRule=null],Diff[automaticRule[EVENTS_DEFAULT_RULE].condition:null->Condition[id=condition://android/event?userId=-10000&calendar=&reply=1,summary=...,line1=...,line2=...,icon=0,state=STATE_FALSE,flags=2],automaticRule[EVENTS_DEFAULT_RULE].creationTime:1590899568738->1590899583525,automaticRule[SCHEDULED_DEFAULT_RULE_1].condition:null->Condition[id=condition://android/schedule?days=1.2.3.4.5&start=22.0&end=7.0&exitAtAlarm=false,summary=...,line1=...,line2=...,icon=0,state=STATE_FALSE,flags=2],automaticRule[SCHEDULED_DEFAULT_RULE_1].creationTime:1590899568737->1590899583524,automaticRule[SCHEDULED_DEFAULT_RULE_2].condition:null->Condition[id=condition://android/schedule?days=6.7&start=23.30&end=10.0&exitAtAlarm=false,summary=...,line1=...,line2=...,icon=0,state=STATE_TRUE,flags=2],automaticRule[SCHEDULED_DEFAULT_RULE_2].creationTime:1590899568737->1590899583524]
05-31 04:32:48.750   470   470 I NotificationListeners: Read notification listener permissions from xml
05-31 04:32:48.750   470   470 I ConditionProviders: Read condition provider permissions from xml
05-31 04:32:48.750   470   470 I ConditionProviders: Read condition provider permissions from xml
05-31 04:32:48.751   470   470 D ZenLog  : set_zen_mode: off,init
05-31 04:32:48.759   470   470 D SystemServerTiming: StartNotificationManager took to complete: 50ms
05-31 04:32:48.759   470   470 I SystemServer: StartDeviceMonitor
05-31 04:32:48.760   470   470 I SystemServiceManager: Starting com.android.server.storage.DeviceStorageMonitorService
05-31 04:32:48.764   470   470 D SystemServerTiming: StartDeviceMonitor took to complete: 5ms
05-31 04:32:48.764   470   470 I SystemServer: StartLocationManagerService
05-31 04:32:48.766   392   392 I Zygote  : Uninstalled ICU cache reference pinning...
05-31 04:32:48.769   470   470 D SystemServerTiming: StartLocationManagerService took to complete: 5ms
05-31 04:32:48.769   470   470 I SystemServer: StartCountryDetectorService
05-31 04:32:48.771   392   392 I Zygote  : Installed AndroidKeyStoreProvider in 4ms.
05-31 04:32:48.771   470   470 D SystemServerTiming: StartCountryDetectorService took to complete: 2ms
05-31 04:32:48.771   470   470 I SystemServer: StartSearchManagerService
05-31 04:32:48.771   470   470 I SystemServiceManager: Starting com.android.server.search.SearchManagerService$Lifecycle
05-31 04:32:48.774   470   470 D SystemServerTiming: StartSearchManagerService took to complete: 3ms
05-31 04:32:48.774   470   470 I SystemServer: StartWallpaperManagerService
05-31 04:32:48.774   470   470 I SystemServiceManager: Starting com.android.server.wallpaper.WallpaperManagerService$Lifecycle
05-31 04:32:48.779   392   392 I Zygote  : Warmed up JCA providers in 9ms.
05-31 04:32:48.779   392   392 D Zygote  : end preload
05-31 04:32:48.779   470   483 D SystemServerTimingAsync: SecondaryZygotePreload took to complete: 921ms
05-31 04:32:48.780   470   483 D SystemServerInitThreadPool: Finished executing SecondaryZygotePreload
05-31 04:32:48.780   470   470 D SystemServerTiming: StartWallpaperManagerService took to complete: 6ms
05-31 04:32:48.781   470   470 I SystemServer: StartAudioService
05-31 04:32:48.781   470   470 I SystemServiceManager: Starting com.android.server.audio.AudioService$Lifecycle
05-31 04:32:48.793   470   470 W TelecomManager: Telecom Service not found.
05-31 04:32:48.795   393   393 D PermissionCache: checking android.permission.MODIFY_AUDIO_SETTINGS for uid=1000 => granted (2278 us)
05-31 04:32:48.796   393   447 D PermissionCache: checking android.permission.MODIFY_AUDIO_SETTINGS for uid=1000 => granted (1407 us)
05-31 04:32:48.798   393   457 W AudioFlinger: no wake lock to update, system not ready yet
05-31 04:32:48.799   266   440 W DeviceHAL: Device 0xec221000 set_mic_mute: Function not implemented
05-31 04:32:48.799   266   440 W DeviceHAL: Device 0xec249740 set_mic_mute: Function not implemented
05-31 04:32:48.808   470   470 V AudioService: monitoring device orientation
05-31 04:32:48.808   266   440 D AudioHardwareTiny: adev_set_parameters: kvpairs = orientation=undefined
05-31 04:32:48.811   470   470 D SystemServerTiming: StartAudioService took to complete: 31ms
05-31 04:32:48.811   470   470 I SystemServer: StartDockObserver
05-31 04:32:48.811   470   470 I SystemServiceManager: Starting com.android.server.DockObserver
05-31 04:32:48.812   470   470 W DockObserver: This kernel does not have dock station support
05-31 04:32:48.813   470   470 D SystemServerTiming: StartDockObserver took to complete: 2ms
05-31 04:32:48.814   470   470 I SystemServer: StartWiredAccessoryManager
05-31 04:32:48.814   470   470 W WiredAccessoryManager: This kernel does not have usb audio support
05-31 04:32:48.814   470   470 D SystemServerTiming: StartWiredAccessoryManager took to complete: 1ms
05-31 04:32:48.815   470   470 I SystemServer: StartUsbService
05-31 04:32:48.816   470   470 I SystemServiceManager: Starting com.android.server.usb.UsbService$Lifecycle
05-31 04:32:48.822   470   470 E UsbDeviceManager: failed to write to /sys/class/android_usb/android0/f_rndis/ethaddr
05-31 04:32:48.825   470   470 I system_server: Looking for service android.hidl.manager@1.0::IServiceManager/default
05-31 04:32:48.829   470   470 I system_server: Starting thread pool.
05-31 04:32:48.831   470   470 I system_server: Looking for service android.hardware.usb@1.0::IUsb/default
05-31 04:32:48.833   244   244 W /system/bin/hwservicemanager: getTransport: Cannot find entry android.hardware.usb@1.0::IUsb/default in either framework or device manifest.
05-31 04:32:48.833   470   470 E system_server: service android.hardware.usb@1.0::IUsb declares transport method EMPTY but framework expects hwbinder.
05-31 04:32:48.835   470   470 E UsbPortManager: connectToProxy: usb hal service not found. Did the service fail to start?
05-31 04:32:48.835   470   470 E UsbPortManager: java.util.NoSuchElementException
05-31 04:32:48.835   470   470 E UsbPortManager:        at android.os.HwBinder.getService(Native Method)
05-31 04:32:48.835   470   470 E UsbPortManager:        at android.hardware.usb.V1_0.IUsb.getService(IUsb.java:44)
05-31 04:32:48.835   470   470 E UsbPortManager:        at com.android.server.usb.UsbPortManager.connectToProxy(UsbPortManager.java:524)
05-31 04:32:48.835   470   470 E UsbPortManager:        at com.android.server.usb.UsbPortManager.<init>(UsbPortManager.java:130)
05-31 04:32:48.835   470   470 E UsbPortManager:        at com.android.server.usb.UsbService.<init>(UsbService.java:132)
05-31 04:32:48.835   470   470 E UsbPortManager:        at com.android.server.usb.UsbService$Lifecycle.onStart(UsbService.java:68)
05-31 04:32:48.835   470   470 E UsbPortManager:        at com.android.server.SystemServiceManager.startService(SystemServiceManager.java:124)
05-31 04:32:48.835   470   470 E UsbPortManager:        at com.android.server.SystemServiceManager.startService(SystemServiceManager.java:111)
05-31 04:32:48.835   470   470 E UsbPortManager:        at com.android.server.SystemServiceManager.startService(SystemServiceManager.java:70)
05-31 04:32:48.835   470   470 E UsbPortManager:        at com.android.server.SystemServer.startOtherServices(SystemServer.java:1266)
05-31 04:32:48.835   470   470 E UsbPortManager:        at com.android.server.SystemServer.run(SystemServer.java:394)
05-31 04:32:48.835   470   470 E UsbPortManager:        at com.android.server.SystemServer.main(SystemServer.java:270)
05-31 04:32:48.835   470   470 E UsbPortManager:        at java.lang.reflect.Method.invoke(Native Method)
05-31 04:32:48.835   470   470 E UsbPortManager:        at com.android.internal.os.RuntimeInit$MethodAndArgsCaller.run(RuntimeInit.java:438)
05-31 04:32:48.835   470   470 E UsbPortManager:        at com.android.internal.os.ZygoteInit.main(ZygoteInit.java:787)
05-31 04:32:48.838   470   470 D SystemServerTiming: StartUsbService took to complete: 24ms
05-31 04:32:48.838   470   470 I SystemServer: StartSerialService
05-31 04:32:48.839   470   470 D SystemServerTiming: StartSerialService took to complete: 1ms
05-31 04:32:48.839   470   470 I SystemServer: StartHardwarePropertiesManagerService
05-31 04:32:48.841   244   244 W /system/bin/hwservicemanager: getTransport: Cannot find entry android.hardware.thermal@1.0::IThermal/default in either framework or device manifest.
05-31 04:32:48.842   470   470 E HardwarePropertiesManagerService-JNI: Unable to get Thermal service.
05-31 04:32:48.843   470   470 D SystemServerTiming: StartHardwarePropertiesManagerService took to complete: 3ms
05-31 04:32:48.843   470   470 I SystemServer: StartTwilightService
05-31 04:32:48.843   470   470 I SystemServiceManager: Starting com.android.server.twilight.TwilightService
05-31 04:32:48.843   470   470 D SystemServerTiming: StartTwilightService took to complete: 0ms
05-31 04:32:48.843   470   470 I SystemServer: StartJobScheduler
05-31 04:32:48.844   470   470 I SystemServiceManager: Starting com.android.server.job.JobSchedulerService
05-31 04:32:48.848   470   470 D JobStore: Start tag: job-info
05-31 04:32:48.849   470   470 I JobStore: Read 1 jobs
05-31 04:32:48.853   470   470 D ConnectivityService: requestNetwork for uid/pid:1000/470 NetworkRequest [ TRACK_DEFAULT id=3, [ Capabilities: INTERNET&NOT_RESTRICTED&TRUSTED&NOT_VPN] ]
05-31 04:32:48.856   470   470 W JobSchedulerService: !!! RTC not yet good; tracking time updates for job scheduling
05-31 04:32:48.857   470   470 D SystemServerTiming: StartJobScheduler took to complete: 14ms
05-31 04:32:48.857   470   470 I SystemServer: StartSoundTrigger
05-31 04:32:48.858   470   470 I SystemServiceManager: Starting com.android.server.soundtrigger.SoundTriggerService
05-31 04:32:48.859   470   470 D SystemServerTiming: StartSoundTrigger took to complete: 2ms
05-31 04:32:48.859   470   470 I SystemServer: StartTrustManager
05-31 04:32:48.861   470   470 I SystemServiceManager: Starting com.android.server.trust.TrustManagerService
05-31 04:32:48.864   470   470 D SystemServerTiming: StartTrustManager took to complete: 5ms
05-31 04:32:48.864   470   470 I SystemServer: StartBackupManager
05-31 04:32:48.864   470   470 I SystemServiceManager: Starting com.android.server.backup.BackupManagerService$Lifecycle
05-31 04:32:48.867   470   470 D SystemServerTiming: StartBackupManager took to complete: 3ms
05-31 04:32:48.867   470   470 I SystemServer: StartAppWidgerService
05-31 04:32:48.867   470   470 I SystemServiceManager: Starting com.android.server.appwidget.AppWidgetService
05-31 04:32:48.878   470   470 D SystemServerTiming: StartAppWidgerService took to complete: 11ms
05-31 04:32:48.878   470   470 I SystemServer: StartVoiceRecognitionManager
05-31 04:32:48.878   470   470 I SystemServiceManager: Starting com.android.server.voiceinteraction.VoiceInteractionManagerService
05-31 04:32:48.880   470   470 D SystemServerTiming: StartVoiceRecognitionManager took to complete: 2ms
05-31 04:32:48.880   470   470 I SystemServer: StartGestureLauncher
05-31 04:32:48.880   470   470 I SystemServiceManager: Starting com.android.server.GestureLauncherService
05-31 04:32:48.880   470   470 D SystemServerTiming: StartGestureLauncher took to complete: 0ms
05-31 04:32:48.880   470   470 I SystemServer: StartSensorNotification
05-31 04:32:48.881   470   470 I SystemServiceManager: Starting com.android.server.SensorNotificationService
05-31 04:32:48.881   470   470 D SystemServerTiming: StartSensorNotification took to complete: 1ms
05-31 04:32:48.881   470   470 I SystemServer: StartContextHubSystemService
05-31 04:32:48.881   470   470 I SystemServiceManager: Starting com.android.server.ContextHubSystemService
05-31 04:32:48.881   470   470 D SystemServerTiming: StartContextHubSystemService took to complete: 0ms
05-31 04:32:48.881   470   470 I SystemServer: StartDiskStatsService
05-31 04:32:48.881   470   525 D SystemServerInitThreadPool: Started executing Init ContextHubSystemService
05-31 04:32:48.884   470   470 D SystemServerTiming: StartDiskStatsService took to complete: 3ms
05-31 04:32:48.884   470   470 I SystemServer: StartNetworkTimeUpdateService
05-31 04:32:48.884   244   244 W /system/bin/hwservicemanager: getTransport: Cannot find entry android.hardware.contexthub@1.0::IContexthub/default in either framework or device manifest.
05-31 04:32:48.885   470   525 E ContextHubService: Could not load context hub hal
05-31 04:32:48.885   470   525 W ContextHubService: No Context Hub Module present
05-31 04:32:48.885   470   525 D SystemServerInitThreadPool: Finished executing Init ContextHubSystemService
05-31 04:32:48.886   470   470 D SystemServerTiming: StartNetworkTimeUpdateService took to complete: 2ms
05-31 04:32:48.886   470   470 I SystemServer: StartCommonTimeManagementService
05-31 04:32:48.888   470   470 D SystemServerTiming: StartCommonTimeManagementService took to complete: 2ms
05-31 04:32:48.888   470   470 I SystemServer: CertBlacklister
05-31 04:32:48.888   470   470 D SystemServerTiming: CertBlacklister took to complete: 0ms
05-31 04:32:48.889   470   470 I SystemServer: StartEmergencyAffordanceService
05-31 04:32:48.889   470   470 I SystemServiceManager: Starting com.android.server.emergency.EmergencyAffordanceService
05-31 04:32:48.891   470   470 D SystemServerTiming: StartEmergencyAffordanceService took to complete: 2ms
05-31 04:32:48.891   470   470 I SystemServer: StartDreamManager
05-31 04:32:48.891   470   470 I SystemServiceManager: Starting com.android.server.dreams.DreamManagerService
05-31 04:32:48.893   470   470 D SystemServerTiming: StartDreamManager took to complete: 2ms
05-31 04:32:48.893   470   470 I SystemServer: AddGraphicsStatsService
05-31 04:32:48.897   470   470 D SystemServerTiming: AddGraphicsStatsService took to complete: 4ms
05-31 04:32:48.897   470   470 I SystemServer: StartPrintManager
05-31 04:32:48.898   470   470 I SystemServiceManager: Starting com.android.server.print.PrintManagerService
05-31 04:32:48.901   470   470 D SystemServerTiming: StartPrintManager took to complete: 4ms
05-31 04:32:48.901   470   470 I SystemServer: StartCompanionDeviceManager
05-31 04:32:48.902   470   470 I SystemServiceManager: Starting com.android.server.companion.CompanionDeviceManagerService
05-31 04:32:48.904   470   470 D SystemServerTiming: StartCompanionDeviceManager took to complete: 3ms
05-31 04:32:48.904   470   470 I SystemServer: StartRestrictionManager
05-31 04:32:48.904   470   470 I SystemServiceManager: Starting com.android.server.restrictions.RestrictionsManagerService
05-31 04:32:48.906   470   470 D SystemServerTiming: StartRestrictionManager took to complete: 2ms
05-31 04:32:48.906   470   470 I SystemServer: StartMediaSessionService
05-31 04:32:48.906   470   470 I SystemServiceManager: Starting com.android.server.media.MediaSessionService
05-31 04:32:48.911   470   470 D SystemServerTiming: StartMediaSessionService took to complete: 5ms
05-31 04:32:48.911   470   470 I SystemServer: StartMediaResourceMonitor
05-31 04:32:48.911   470   470 I SystemServiceManager: Starting com.android.server.media.MediaResourceMonitorService
05-31 04:32:48.912   470   470 D SystemServerTiming: StartMediaResourceMonitor took to complete: 1ms
05-31 04:32:48.913   470   470 E RkDisplayModes: Couldn't find /system/usr/share/resolution_white.xml.
05-31 04:32:48.914   470   470 D rkdisplay-resources: Frame buffers:
05-31 04:32:48.914   470   470 D rkdisplay-resources: id        size    pitch
05-31 04:32:48.915   470   470 D rkdisplay-resources:  FEATURE:
05-31 04:32:48.915   470   470 D rkdisplay-resources:           flags: immutable bitmask
05-31 04:32:48.915   470   470 D rkdisplay-resources:           values:afbdc=1
05-31 04:32:48.915   470   470 D rkdisplay-resources:           value:0
05-31 04:32:48.915   470   470 D rkdisplay-resources: 
05-31 04:32:48.915   470   470 D rkdisplay-resources: current_crtc id : 90  crtid : 86
05-31 04:32:48.915   470   470 D rkdisplay-resources: current_crtc id : 92  crtid : 0
05-31 04:32:48.915   470   470 D rkdisplay-resources: current_crtc id : 100  crtid : 0
05-31 04:32:48.915   470   470 D rkdisplay-resources: Encoders:
05-31 04:32:48.915   470   470 D rkdisplay-resources: id        crtc    type    possible crtcs  possible clones
05-31 04:32:48.915   470   470 D rkdisplay-resources: 5a        56      TMDS    2       0
05-31 04:32:48.915   470   470 D rkdisplay-resources: 
05-31 04:32:48.915   470   470 D rkdisplay-resources: 5c        0       TMDS    1       0
05-31 04:32:48.915   470   470 D rkdisplay-resources: 
05-31 04:32:48.915   470   470 D rkdisplay-resources: 64        0       TMDS    1       0
05-31 04:32:48.915   470   470 D rkdisplay-resources: 
05-31 04:32:48.917   470   470 D hwc-drm-connector: crtc_id_property_: name CRTC_ID 
05-31 04:32:48.917   470   470 W hwc-drm-connector: Could not get hdmi_output_colorimetry property
05-31 04:32:48.917   470   470 W hwc-drm-connector: Could not get hdmi_output_format property
05-31 04:32:48.918   470   470 W hwc-drm-connector: UpdateModes Could not get hdmi_output_colorimetry property
05-31 04:32:48.918   470   470 W hwc-drm-connector: UpdateModes Could not get hdmi_output_format property
05-31 04:32:48.918   470   470 D hwc-drm-connector: crtc_id_property_: name CRTC_ID 
05-31 04:32:48.919   470   470 D hwc-drm-connector: crtc_id_property_: name CRTC_ID 
05-31 04:32:48.919   470   470 W hwc-drm-connector: Could not get hdmi_output_colorimetry property
05-31 04:32:48.919   470   470 W hwc-drm-connector: Could not get hdmi_output_format property
05-31 04:32:48.919   470   470 W hwc-drm-connector: UpdateModes Could not get hdmi_output_colorimetry property
05-31 04:32:48.919   470   470 W hwc-drm-connector: UpdateModes Could not get hdmi_output_format property
05-31 04:32:48.919   470   470 D rkdisplay-resources:  hue:
05-31 04:32:48.919   470   470 D rkdisplay-resources:           flags: range
05-31 04:32:48.919   470   470 D rkdisplay-resources:           values:064
05-31 04:32:48.919   470   470 D rkdisplay-resources:           value:32
05-31 04:32:48.919   470   470 D rkdisplay-resources: 
05-31 04:32:48.919   470   470 D RkNativeDisplayManager: nativeInit: 
05-31 04:32:48.919   470   470 W hwc-drm-connector: UpdateModes Could not get hdmi_output_colorimetry property
05-31 04:32:48.919   470   470 W hwc-drm-connector: UpdateModes Could not get hdmi_output_format property
05-31 04:32:48.920   470   470 D RkNativeDisplayManager: old_state 1 cur_state 1 conn->get_type() 14
05-31 04:32:48.920   470   470 D RkNativeDisplayManager: old_state 2 cur_state 2 conn->get_type() 11
05-31 04:32:48.920   470   470 W hwc-drm-connector: UpdateModes Could not get hdmi_output_colorimetry property
05-31 04:32:48.920   470   470 W hwc-drm-connector: UpdateModes Could not get hdmi_output_format property
05-31 04:32:48.920   470   470 D RkNativeDisplayManager: old_state 2 cur_state 2 conn->get_type() 10
05-31 04:32:48.920   470   470 D RkNativeDisplayManager: primary: 0x7cabc4c800 extend: 0x0
05-31 04:32:48.923   470   470 I SystemServer: StartMediaRouterService
05-31 04:32:48.926   470   470 D SystemServerTiming: StartMediaRouterService took to complete: 2ms
05-31 04:32:48.926   470   470 I SystemServer: StartBackgroundDexOptService
05-31 04:32:48.926   470   470 W BackgroundDexOptService: SysProp pm.dexopt.downgrade_after_inactive_days not set
05-31 04:32:48.927   470   470 D SystemServerTiming: StartBackgroundDexOptService took to complete: 0ms
05-31 04:32:48.927   470   470 I SystemServer: StartPruneInstantAppsJobService
05-31 04:32:48.927   470   470 D SystemServerTiming: StartPruneInstantAppsJobService took to complete: 0ms
05-31 04:32:48.927   470   470 I SystemServer: StartShortcutServiceLifecycle
05-31 04:32:48.929   470   470 I SystemServiceManager: Starting com.android.server.pm.ShortcutService$Lifecycle
05-31 04:32:48.935   470   470 D SystemServerTiming: StartShortcutServiceLifecycle took to complete: 8ms
05-31 04:32:48.935   470   470 I SystemServer: StartLauncherAppsService
05-31 04:32:48.935   470   470 I SystemServiceManager: Starting com.android.server.pm.LauncherAppsService
