05-31 04:36:24.535   274   334 I [Gralloc]: leave: prime_fd=103,share_attr_fd=104
05-31 04:36:24.536   274   334 I [Gralloc]: Got handle 9 for fd 107
05-31 04:36:24.536   274   334 I [Gralloc]: leave, w : 1920, h : 34, format : 0x1,internal_format : 0x1, usage : 0xb00. size=261120,pixel_stride=1920,byte_stride=7680
05-31 04:36:24.536   274   334 I [Gralloc]: leave: prime_fd=107,share_attr_fd=109
05-31 04:36:24.536   274   334 I [Gralloc]: Got handle 10 for fd 116
05-31 04:36:24.536   274   334 I [Gralloc]: leave, w : 1920, h : 68, format : 0x1,internal_format : 0x1, usage : 0xb00. size=522240,pixel_stride=1920,byte_stride=7680
05-31 04:36:24.536   274   334 I [Gralloc]: leave: prime_fd=116,share_attr_fd=117
05-31 04:36:24.539   274   334 E HWC2On1Adapter: Validate was called more than once!
05-31 04:36:24.542   470   495 I ActivityManager: Override config changes=5df8 {0.0 ?mcc?mnc ?localeList ?layoutDir sw540dp w960dp h540dp 320dpi lrg long land ?uimode ?night -touch -keyb/v/h dpad/v appBounds=Rect(0, 0 - 1920, 1080)} for displayId=1
05-31 04:36:24.545   282   282 W GrallocMapperPassthrough: buffer descriptor with invalid usage bits 0x2000
05-31 04:36:24.555   470   547 I InputReader: Reconfiguring input devices.  changes=0x00000004
05-31 04:36:24.562   273   385 I [Gralloc]: Got fd 16 for handle 1
05-31 04:36:24.563   273   385 I [Gralloc]: leave, w : 1920, h : 1080, format : 0x1,internal_format : 0x1, usage : 0x3a00. size=8294400,pixel_stride=1920,byte_stride=7680
05-31 04:36:24.563   273   385 I [Gralloc]: leave: prime_fd=16,share_attr_fd=17
05-31 04:36:24.564   282   282 I [Gralloc]: Got handle 7 for fd 80
05-31 04:36:24.564   282   282 I [Gralloc]: leave, w : 1920, h : 1080, format : 0x1,internal_format : 0x1, usage : 0x3a00. size=8294400,pixel_stride=1920,byte_stride=7680
05-31 04:36:24.564   282   282 I [Gralloc]: leave: prime_fd=80,share_attr_fd=82
05-31 04:36:24.574   274   334 I [Gralloc]: Got handle 1 for fd 42
05-31 04:36:24.574   274   334 I [Gralloc]: leave, w : 1920, h : 1080, format : 0x1,internal_format : 0x1, usage : 0x3a00. size=8294400,pixel_stride=1920,byte_stride=7680
05-31 04:36:24.574   274   334 I [Gralloc]: leave: prime_fd=42,share_attr_fd=48
05-31 04:36:24.593   274   334 E HWC2On1Adapter: Validate was called more than once!
05-31 04:36:24.608   274   334 I chatty  : uid=1000(system) HwBinder:274_1 identical 1 line
05-31 04:36:24.651   274   334 E HWC2On1Adapter: Validate was called more than once!
05-31 04:36:26.945   722   722 I com.android.phone: Looking for service android.hardware.radio@1.0::IRadio/slot1
05-31 04:36:26.948   722   722 I com.android.phone: Looking for service android.hardware.radio.deprecated@1.0::IOemHook/slot1
05-31 04:36:30.953   722   722 I com.android.phone: Looking for service android.hardware.radio@1.0::IRadio/slot1
05-31 04:36:30.956   722   722 I com.android.phone: Looking for service android.hardware.radio.deprecated@1.0::IOemHook/slot1
05-31 04:36:34.960   722   722 I com.android.phone: Looking for service android.hardware.radio@1.0::IRadio/slot1
05-31 04:36:34.963   722   722 I com.android.phone: Looking for service android.hardware.radio.deprecated@1.0::IOemHook/slot1
05-31 04:36:38.968   722   722 I com.android.phone: Looking for service android.hardware.radio@1.0::IRadio/slot1
05-31 04:36:38.972   722   722 I com.android.phone: Looking for service android.hardware.radio.deprecated@1.0::IOemHook/slot1
05-31 04:36:42.977   722   722 I com.android.phone: Looking for service android.hardware.radio@1.0::IRadio/slot1
05-31 04:36:42.980   722   722 I com.android.phone: Looking for service android.hardware.radio.deprecated@1.0::IOemHook/slot1
05-31 04:36:46.985   722   722 I com.android.phone: Looking for service android.hardware.radio@1.0::IRadio/slot1
05-31 04:36:46.989   722   722 I com.android.phone: Looking for service android.hardware.radio.deprecated@1.0::IOemHook/slot1
05-31 04:36:50.993   722   722 I com.android.phone: Looking for service android.hardware.radio@1.0::IRadio/slot1
05-31 04:36:50.997   722   722 I com.android.phone: Looking for service android.hardware.radio.deprecated@1.0::IOemHook/slot1
05-31 04:36:54.539   258   260 W Vold    : subsystem found in netlink event
05-31 04:36:54.539   258   260 D Vold    : usb, 1
05-31 04:36:54.539   258   260 D Vold    : == current usb device: 093A/2510 ===
05-31 04:36:54.561   258   260 W Vold    : subsystem found in netlink event
05-31 04:36:54.561   258   260 D Vold    : usb, 1
05-31 04:36:54.572   470   547 D EventHub: No input device configuration file found for device 'PixArt USB Optical Mouse'.
05-31 04:36:54.572   470   547 I EventHub: wakeMechanism=EPOLLWAKEUP, usingClockIoctl=true
05-31 04:36:54.572   470   547 I EventHub: New device: id=3, fd=155, path='/dev/input/event2', name='PixArt USB Optical Mouse', classes=0x80000008, configuration='', keyLayout='', keyCharacterMap='', builtinKeyboard=false, 
05-31 04:36:54.574   470   624 D UsbHostManager: Added device UsbDevice[mName=/dev/bus/usb/005/003,mVendorId=2362,mProductId=9488,mClass=0,mSubclass=0,mProtocol=0,mManufacturerName=PixArt,mProductName=USB Optical Mouse,mVersion=2.0,mSerialNumber=null,mConfigurations=[
05-31 04:36:54.574   470   624 D UsbHostManager: UsbConfiguration[mId=1,mName=null,mAttributes=160,mMaxPower=50,mInterfaces=[
05-31 04:36:54.574   470   624 D UsbHostManager: UsbInterface[mId=0,mAlternateSetting=0,mName=null,mClass=3,mSubclass=1,mProtocol=2,mEndpoints=[
05-31 04:36:54.574   470   624 D UsbHostManager: UsbEndpoint[mAddress=129,mAttributes=3,mMaxPacketSize=4,mInterval=10]]]]
05-31 04:36:54.593   470   547 I InputReader: Device added: id=3, name='PixArt USB Optical Mouse', sources=0x00002002
05-31 04:36:54.596   470   624 I UsbDescriptorParser: ---- isInputHeadset() prob:0.0%
05-31 04:36:54.596   470   624 I UsbDescriptorParser: ---- isOutputHeadset() prob:0.0%
05-31 04:36:54.596   470   624 I UsbHostManager: ---- isHeadset[in: false , out: false]
05-31 04:36:54.612   470   485 I ActivityManager: Start proc 2269:com.android.mtp/u0a17 for broadcast com.android.mtp/.UsbIntentReceiver
05-31 04:36:54.653   274   334 E HWC2On1Adapter: Validate was called more than once!
05-31 04:36:54.653  2269  2269 I zygote64: The ClassLoaderContext is a special shared library.
05-31 04:36:54.701   470   481 I ActivityManager: Killing 1548:com.google.android.onetimeinitializer/u0a6 (adj 906): empty #17
05-31 04:36:54.701   470   487 W system_server: kill(-1548, 9) failed: No such process
05-31 04:36:54.746   470   487 W system_server: kill(-1548, 9) failed: No such process
05-31 04:36:54.746   470   487 I system_server: Successfully killed process cgroup uid 10006 pid 1548 in 45ms
05-31 04:36:54.786   274   334 E HWC2On1Adapter: Validate was called more than once!
05-31 04:36:55.001   722   722 I com.android.phone: Looking for service android.hardware.radio@1.0::IRadio/slot1
05-31 04:36:55.005   722   722 I com.android.phone: Looking for service android.hardware.radio.deprecated@1.0::IOemHook/slot1
05-31 04:36:55.146   273   385 I [Gralloc]: Got fd 16 for handle 1
05-31 04:36:55.147   273   385 I [Gralloc]: leave, w : 31, h : 40, format : 0x1,internal_format : 0x1, usage : 0x8933. size=5120,pixel_stride=32,byte_stride=128
05-31 04:36:55.147   273   385 I [Gralloc]: leave: prime_fd=16,share_attr_fd=17
05-31 04:36:55.147   282   548 I [Gralloc]: Got handle 8 for fd 79
05-31 04:36:55.147   282   548 I [Gralloc]: leave, w : 31, h : 40, format : 0x1,internal_format : 0x1, usage : 0x8933. size=5120,pixel_stride=32,byte_stride=128
05-31 04:36:55.147   282   548 I [Gralloc]: leave: prime_fd=79,share_attr_fd=84
05-31 04:36:55.155   470   495 I [Gralloc]: Got handle 1 for fd 179
05-31 04:36:55.155   470   495 I [Gralloc]: leave, w : 31, h : 40, format : 0x1,internal_format : 0x1, usage : 0x8933. size=5120,pixel_stride=32,byte_stride=128
05-31 04:36:55.155   470   495 I [Gralloc]: leave: prime_fd=179,share_attr_fd=185
05-31 04:36:55.164   274   334 I [Gralloc]: Got handle 12 for fd 43
05-31 04:36:55.164   274   334 I [Gralloc]: leave, w : 31, h : 40, format : 0x1,internal_format : 0x1, usage : 0x8933. size=5120,pixel_stride=32,byte_stride=128
05-31 04:36:55.164   274   334 I [Gralloc]: leave: prime_fd=43,share_attr_fd=87
05-31 04:36:55.164   274   334 I [Gralloc]: Got handle 12 for fd 47
05-31 04:36:55.164   274   334 I [Gralloc]: leave, w : 31, h : 40, format : 0x1,internal_format : 0x1, usage : 0x8933. size=5120,pixel_stride=32,byte_stride=128
05-31 04:36:55.164   274   334 I [Gralloc]: leave: prime_fd=47,share_attr_fd=119
05-31 04:36:55.167   274   334 E HWC2On1Adapter: Validate was called more than once!
05-31 04:36:56.732   274   334 I chatty  : uid=1000(system) HwBinder:274_1 identical 53 lines
05-31 04:36:56.749   274   334 E HWC2On1Adapter: Validate was called more than once!
05-31 04:36:57.047   274   334 I [Gralloc]: Got handle 18 for fd 83
05-31 04:36:57.047   274   334 I [Gralloc]: leave, w : 1920, h : 1080, format : 0x1,internal_format : 0x1, usage : 0xb00. size=8294400,pixel_stride=1920,byte_stride=7680
05-31 04:36:57.047   274   334 I [Gralloc]: leave: prime_fd=83,share_attr_fd=84
05-31 04:36:57.050   274   334 E HWC2On1Adapter: Validate was called more than once!
05-31 04:36:57.063   274   334 I [Gralloc]: Got handle 15 for fd 156
05-31 04:36:57.063   274   334 I [Gralloc]: leave, w : 1920, h : 1080, format : 0x1,internal_format : 0x1, usage : 0xb00. size=8294400,pixel_stride=1920,byte_stride=7680
05-31 04:36:57.063   274   334 I [Gralloc]: leave: prime_fd=156,share_attr_fd=157
05-31 04:36:57.066   274   334 E HWC2On1Adapter: Validate was called more than once!
05-31 04:36:57.080   274   334 I [Gralloc]: Got handle 16 for fd 168
05-31 04:36:57.080   274   334 I [Gralloc]: leave, w : 1920, h : 1080, format : 0x1,internal_format : 0x1, usage : 0xb00. size=8294400,pixel_stride=1920,byte_stride=7680
05-31 04:36:57.080   274   334 I [Gralloc]: leave: prime_fd=168,share_attr_fd=169
05-31 04:36:57.083   274   334 E HWC2On1Adapter: Validate was called more than once!
05-31 04:36:57.099   274   334 E HWC2On1Adapter: Validate was called more than once!
05-31 04:36:57.100   470   573 W AudioTrack: AUDIO_OUTPUT_FLAG_FAST denied, rates do not match 48000 Hz, require 44100 Hz
05-31 04:36:57.116   274   334 E HWC2On1Adapter: Validate was called more than once!
05-31 04:36:57.302   274   334 I chatty  : uid=1000(system) HwBinder:274_1 identical 9 lines
05-31 04:36:57.317   274   334 E HWC2On1Adapter: Validate was called more than once!
05-31 04:36:57.330   273   385 I [Gralloc]: Got fd 16 for handle 1
05-31 04:36:57.331   273   385 I [Gralloc]: leave, w : 1920, h : 68, format : 0x1,internal_format : 0x1, usage : 0xb00. size=522240,pixel_stride=1920,byte_stride=7680
05-31 04:36:57.331   273   385 I [Gralloc]: leave: prime_fd=16,share_attr_fd=17
05-31 04:36:57.331   282   548 I [Gralloc]: Got handle 9 for fd 124
05-31 04:36:57.331   282   548 I [Gralloc]: leave, w : 1920, h : 68, format : 0x1,internal_format : 0x1, usage : 0xb00. size=522240,pixel_stride=1920,byte_stride=7680
05-31 04:36:57.331   282   548 I [Gralloc]: leave: prime_fd=124,share_attr_fd=126
05-31 04:36:57.332   630   906 I [Gralloc]: Got handle 9 for fd 117
05-31 04:36:57.332   630   906 I [Gralloc]: leave, w : 1920, h : 68, format : 0x1,internal_format : 0x1, usage : 0xb00. size=522240,pixel_stride=1920,byte_stride=7680
05-31 04:36:57.332   630   906 I [Gralloc]: leave: prime_fd=117,share_attr_fd=118
05-31 04:36:57.335   274   334 E HWC2On1Adapter: Validate was called more than once!
05-31 04:36:57.336   266   454 D AudioHardwareTiny: out_set_parameters: kvpairs = routing=1024
05-31 04:36:57.342   266   884 D AudioHardwareTiny: start_output_stream device: 400
05-31 04:36:57.343   266   884 D AudioHardwareTiny: read_out_sound_card: buf =  0 [realtekrt5651co]: realtek_rt5651- - realtek,rt5651-codec
05-31 04:36:57.343   266   884 D AudioHardwareTiny: get_card_number: number =0,card_name =  0 [realtekrt5651co]: realtek_rt5651- - realtek,rt5651-codec
05-31 04:36:57.343   266   884 D AudioHardwareTiny: read_out_sound_card: buf =                       realtek,rt5651-codec
05-31 04:36:57.343   266   884 D AudioHardwareTiny: read_out_sound_card: buf =  1 [rkhdmidpsound  ]: rk-hdmi-dp-soun - rk-hdmi-dp-sound
05-31 04:36:57.343   266   884 D AudioHardwareTiny: get_card_number: number =1,card_name =  1 [rkhdmidpsound  ]: rk-hdmi-dp-soun - rk-hdmi-dp-sound
05-31 04:36:57.343   266   884 D AudioHardwareTiny: read_out_sound_card: buf =                       rk-hdmi-dp-sound
05-31 04:36:57.347   266   884 D alsa_route: route_info->sound_card 1, route_info->devices 0  
05-31 04:36:57.351   266   884 W StreamHAL: Error from HAL stream in function get_presentation_position: Operation not permitted
05-31 04:36:57.351   266   884 W StreamHAL: Error from HAL stream in function get_presentation_position: Operation not permitted
05-31 04:36:57.352   274   334 I [Gralloc]: Got handle 13 for fd 171
05-31 04:36:57.352   274   334 I [Gralloc]: leave, w : 1920, h : 68, format : 0x1,internal_format : 0x1, usage : 0xb00. size=522240,pixel_stride=1920,byte_stride=7680
05-31 04:36:57.352   274   334 I [Gralloc]: leave: prime_fd=171,share_attr_fd=172
05-31 04:36:57.352   274   334 I [Gralloc]: Got handle 11 for fd 174
05-31 04:36:57.352   274   334 I [Gralloc]: leave, w : 1920, h : 34, format : 0x1,internal_format : 0x1, usage : 0xb00. size=261120,pixel_stride=1920,byte_stride=7680
05-31 04:36:57.352   274   334 I [Gralloc]: leave: prime_fd=174,share_attr_fd=175
05-31 04:36:57.352   274   334 I [Gralloc]: Got handle 13 for fd 177
05-31 04:36:57.352   274   334 I [Gralloc]: leave, w : 1920, h : 68, format : 0x1,internal_format : 0x1, usage : 0xb00. size=522240,pixel_stride=1920,byte_stride=7680
05-31 04:36:57.352   274   334 I [Gralloc]: leave: prime_fd=177,share_attr_fd=179
05-31 04:36:57.355   274   334 E HWC2On1Adapter: Validate was called more than once!
05-31 04:36:57.370   274   334 I [Gralloc]: Got handle 14 for fd 198
05-31 04:36:57.370   274   334 I [Gralloc]: leave, w : 1920, h : 68, format : 0x1,internal_format : 0x1, usage : 0xb00. size=522240,pixel_stride=1920,byte_stride=7680
05-31 04:36:57.370   274   334 I [Gralloc]: leave: prime_fd=198,share_attr_fd=199
05-31 04:36:57.370   274   334 I [Gralloc]: Got handle 5 for fd 204
05-31 04:36:57.370   274   334 I [Gralloc]: leave, w : 1920, h : 34, format : 0x1,internal_format : 0x1, usage : 0xb00. size=261120,pixel_stride=1920,byte_stride=7680
05-31 04:36:57.370   274   334 I [Gralloc]: leave: prime_fd=204,share_attr_fd=205
05-31 04:36:57.370   274   334 I [Gralloc]: Got handle 14 for fd 207
05-31 04:36:57.370   274   334 I [Gralloc]: leave, w : 1920, h : 68, format : 0x1,internal_format : 0x1, usage : 0xb00. size=522240,pixel_stride=1920,byte_stride=7680
05-31 04:36:57.370   274   334 I [Gralloc]: leave: prime_fd=207,share_attr_fd=208
05-31 04:36:57.374   274   334 E HWC2On1Adapter: Validate was called more than once!
05-31 04:36:57.388   274   334 I [Gralloc]: Got handle 8 for fd 194
05-31 04:36:57.389   274   334 I [Gralloc]: leave, w : 1920, h : 34, format : 0x1,internal_format : 0x1, usage : 0xb00. size=261120,pixel_stride=1920,byte_stride=7680
05-31 04:36:57.389   274   334 I [Gralloc]: leave: prime_fd=194,share_attr_fd=195
05-31 04:36:57.389   274   334 I [Gralloc]: Got handle 7 for fd 210
05-31 04:36:57.389   274   334 I [Gralloc]: leave, w : 1920, h : 68, format : 0x1,internal_format : 0x1, usage : 0xb00. size=522240,pixel_stride=1920,byte_stride=7680
05-31 04:36:57.389   274   334 I [Gralloc]: leave: prime_fd=210,share_attr_fd=52
05-31 04:36:57.393   274   334 E HWC2On1Adapter: Validate was called more than once!
05-31 04:36:58.802   274   334 I chatty  : uid=1000(system) HwBinder:274_1 identical 23 lines
05-31 04:36:58.834   274   334 E HWC2On1Adapter: Validate was called more than once!
05-31 04:36:59.010   722   722 I com.android.phone: Looking for service android.hardware.radio@1.0::IRadio/slot1
05-31 04:36:59.012   722   722 I com.android.phone: Looking for service android.hardware.radio.deprecated@1.0::IOemHook/slot1
05-31 04:36:59.218   274   334 E HWC2On1Adapter: Validate was called more than once!
05-31 04:37:00.053   274   334 I chatty  : uid=1000(system) HwBinder:274_1 identical 3 lines
05-31 04:37:00.072   274   334 E HWC2On1Adapter: Validate was called more than once!
05-31 04:37:00.478   266   454 D alsa_route: route_set_controls() set route 24
05-31 04:37:00.478   266   454 D AudioHardwareTiny: close device
05-31 04:37:02.002   274   274 E HWC2On1Adapter: Validate was called more than once!
05-31 04:37:02.949   274   274 I chatty  : uid=1000(system) composer@2.1-se identical 51 lines
05-31 04:37:03.000   274   274 E HWC2On1Adapter: Validate was called more than once!
05-31 04:37:03.017   722   722 I com.android.phone: Looking for service android.hardware.radio@1.0::IRadio/slot1
05-31 04:37:03.018   274   274 E HWC2On1Adapter: Validate was called more than once!
05-31 04:37:03.018   722   722 I com.android.phone: Looking for service android.hardware.radio.deprecated@1.0::IOemHook/slot1
05-31 04:37:03.034   274   274 E HWC2On1Adapter: Validate was called more than once!
05-31 04:37:03.486   470  1771 I ActivityManager: START u0 {act=android.intent.action.MAIN cat=[android.intent.category.LAUNCHER] flg=0x10200000 cmp=com.android.settings/.Settings bnds=[960,425][1274,583]} from uid 10026
05-31 04:37:03.315   274   274 I chatty  : uid=1000(system) composer@2.1-se identical 13 lines
05-31 04:37:03.332   274   274 E HWC2On1Adapter: Validate was called more than once!
05-31 04:37:03.488   266   884 D AudioHardwareTiny: start_output_stream device: 400
05-31 04:37:03.488   266   884 D AudioHardwareTiny: read_out_sound_card: buf =  0 [realtekrt5651co]: realtek_rt5651- - realtek,rt5651-codec
05-31 04:37:03.489   266   884 D AudioHardwareTiny: get_card_number: number =0,card_name =  0 [realtekrt5651co]: realtek_rt5651- - realtek,rt5651-codec
05-31 04:37:03.489   266   884 D AudioHardwareTiny: read_out_sound_card: buf =                       realtek,rt5651-codec
05-31 04:37:03.489   266   884 D AudioHardwareTiny: read_out_sound_card: buf =  1 [rkhdmidpsound  ]: rk-hdmi-dp-soun - rk-hdmi-dp-sound
05-31 04:37:03.489   266   884 D AudioHardwareTiny: get_card_number: number =1,card_name =  1 [rkhdmidpsound  ]: rk-hdmi-dp-soun - rk-hdmi-dp-sound
05-31 04:37:03.489   266   884 D AudioHardwareTiny: read_out_sound_card: buf =                       rk-hdmi-dp-sound
05-31 04:37:03.493   266   884 D alsa_route: route_info->sound_card 1, route_info->devices 0  
05-31 04:37:03.498   266   884 W StreamHAL: Error from HAL stream in function get_presentation_position: Operation not permitted
05-31 04:37:03.498   266   884 W StreamHAL: Error from HAL stream in function get_presentation_position: Operation not permitted
05-31 04:37:03.506   470  1771 E ActivityManager: getPackageFerformanceMode--ComponentInfo{com.android.settings/com.android.settings.Settings}----com.android.settings
05-31 04:37:03.509   470   523 W System  : ClassLoader referenced unknown path: 
05-31 04:37:03.516   274   274 E HWC2On1Adapter: Validate was called more than once!
05-31 04:37:03.517   470  1771 E ActivityManager: getPackageFerformanceMode--ComponentInfo{com.android.settings/com.android.settings.Settings}----com.android.settings
05-31 04:37:03.539   470  1771 I ActivityManager: Start proc 2295:com.android.settings/1000 for activity com.android.settings/.Settings
05-31 04:37:03.566   274   274 E HWC2On1Adapter: Validate was called more than once!
05-31 04:37:03.582   274   274 I chatty  : uid=1000(system) composer@2.1-se identical 1 line
05-31 04:37:03.599   274   274 E HWC2On1Adapter: Validate was called more than once!
05-31 04:37:03.599  2295  2295 I zygote64: The ClassLoaderContext is a special shared library.
05-31 04:37:03.600   273   385 I [Gralloc]: Got fd 16 for handle 1
05-31 04:37:03.600   273   385 I [Gralloc]: leave, w : 1920, h : 1080, format : 0x1,internal_format : 0x1, usage : 0x933. size=8294400,pixel_stride=1920,byte_stride=7680
05-31 04:37:03.600   273   385 I [Gralloc]: leave: prime_fd=16,share_attr_fd=17
05-31 04:37:03.601   282   307 I [Gralloc]: Got handle 10 for fd 70
05-31 04:37:03.601   282   307 I [Gralloc]: leave, w : 1920, h : 1080, format : 0x1,internal_format : 0x1, usage : 0x933. size=8294400,pixel_stride=1920,byte_stride=7680
05-31 04:37:03.601   282   307 I [Gralloc]: leave: prime_fd=70,share_attr_fd=81
05-31 04:37:03.601   470   523 I [Gralloc]: Got handle 2 for fd 215
05-31 04:37:03.601   470   523 I [Gralloc]: leave, w : 1920, h : 1080, format : 0x1,internal_format : 0x1, usage : 0x933. size=8294400,pixel_stride=1920,byte_stride=7680
05-31 04:37:03.601   470   523 I [Gralloc]: leave: prime_fd=215,share_attr_fd=216
05-31 04:37:03.615   274   274 E HWC2On1Adapter: Validate was called more than once!
05-31 04:37:03.633   274   274 E HWC2On1Adapter: Validate was called more than once!
05-31 04:37:03.648   274   274 I [Gralloc]: Got handle 19 for fd 86
05-31 04:37:03.648   274   274 I [Gralloc]: leave, w : 1920, h : 1080, format : 0x1,internal_format : 0x1, usage : 0x933. size=8294400,pixel_stride=1920,byte_stride=7680
05-31 04:37:03.648   274   274 I [Gralloc]: leave: prime_fd=86,share_attr_fd=147
05-31 04:37:03.648   274   274 I [Gralloc]: Got handle 19 for fd 60
05-31 04:37:03.648   274   274 I [Gralloc]: leave, w : 1920, h : 1080, format : 0x1,internal_format : 0x1, usage : 0x933. size=8294400,pixel_stride=1920,byte_stride=7680
05-31 04:37:03.648   274   274 I [Gralloc]: leave: prime_fd=60,share_attr_fd=166
05-31 04:37:03.649   282   548 E BufferQueueProducer: [com.android.launcher3/com.android.launcher3.Launcher#0] disconnect: not connected (req=1)
05-31 04:37:03.650   274   274 E HWC2On1Adapter: Validate was called more than once!
05-31 04:37:03.650  1060  1154 W libEGL  : EGLNativeWindowType 0x7cbc49c010 disconnect failed
05-31 04:37:03.660   282   282 W GrallocMapperPassthrough: buffer descriptor with invalid usage bits 0x2000
05-31 04:37:03.668  2295  2295 D OpenGLRenderer: HWUI GL Pipeline
05-31 04:37:03.663  2313  2313 I sh      : type=1400 audit(0.0:27): avc: denied { execute_no_trans } for path="/vendor/bin/toybox_vendor" dev="dm-1" ino=53 scontext=u:r:pwm_fan_autorun:s0 tcontext=u:object_r:vendor_toolbox_exec:s0 tclass=file permissive=1
05-31 04:37:03.672   273   385 I [Gralloc]: Got fd 16 for handle 1
05-31 04:37:03.672   273   385 I [Gralloc]: leave, w : 1920, h : 1080, format : 0x1,internal_format : 0x1, usage : 0x3a00. size=8294400,pixel_stride=1920,byte_stride=7680
05-31 04:37:03.672   273   385 I [Gralloc]: leave: prime_fd=16,share_attr_fd=17
05-31 04:37:03.672   282   282 I [Gralloc]: Got handle 11 for fd 55
05-31 04:37:03.673   282   282 I [Gralloc]: leave, w : 1920, h : 1080, format : 0x1,internal_format : 0x1, usage : 0x3a00. size=8294400,pixel_stride=1920,byte_stride=7680
05-31 04:37:03.673   282   282 I [Gralloc]: leave: prime_fd=55,share_attr_fd=66
05-31 04:37:03.679   274   274 I [Gralloc]: Got handle 20 for fd 53
05-31 04:37:03.679   274   274 I [Gralloc]: leave, w : 1920, h : 1080, format : 0x1,internal_format : 0x1, usage : 0x3a00. size=8294400,pixel_stride=1920,byte_stride=7680
05-31 04:37:03.679   274   274 I [Gralloc]: leave: prime_fd=53,share_attr_fd=73
05-31 04:37:03.688   274   274 E HWC2On1Adapter: Validate was called more than once!
05-31 04:37:03.693   282   282 W GrallocMapperPassthrough: buffer descriptor with invalid usage bits 0x2000
05-31 04:37:03.704   273   385 I [Gralloc]: Got fd 16 for handle 1
05-31 04:37:03.705   273   385 I [Gralloc]: leave, w : 1920, h : 1080, format : 0x1,internal_format : 0x1, usage : 0x3a00. size=8294400,pixel_stride=1920,byte_stride=7680
05-31 04:37:03.705   273   385 I [Gralloc]: leave: prime_fd=16,share_attr_fd=17
05-31 04:37:03.705   282   282 I [Gralloc]: Got handle 21 for fd 78
05-31 04:37:03.705   282   282 I [Gralloc]: leave, w : 1920, h : 1080, format : 0x1,internal_format : 0x1, usage : 0x3a00. size=8294400,pixel_stride=1920,byte_stride=7680
05-31 04:37:03.705   282   282 I [Gralloc]: leave: prime_fd=78,share_attr_fd=88
05-31 04:37:03.710   274   274 I [Gralloc]: Got handle 21 for fd 41
05-31 04:37:03.711   274   274 I [Gralloc]: leave, w : 1920, h : 1080, format : 0x1,internal_format : 0x1, usage : 0x3a00. size=8294400,pixel_stride=1920,byte_stride=7680
05-31 04:37:03.711   274   274 I [Gralloc]: leave: prime_fd=41,share_attr_fd=44
05-31 04:37:03.718   274   274 E HWC2On1Adapter: Validate was called more than once!
05-31 04:37:03.727  2295  2295 W TileUtils: Found com.android.settings.backup.BackupSettingsActivity for intent Intent { act=com.android.settings.action.SETTINGS pkg=com.android.settings } missing metadata com.android.settings.category
05-31 04:37:03.732   274   274 E HWC2On1Adapter: Validate was called more than once!
05-31 04:37:03.748   274   274 E HWC2On1Adapter: Validate was called more than once!
05-31 04:37:03.754  2295  2295 W TileUtils: Ignoring icon tintable for ActivityInfo{4b05875 com.google.android.gms.security.settings.VerifyAppsSettingsActivity}
05-31 04:37:03.755  2295  2295 W TileUtils: Ignoring icon tintable for ActivityInfo{987800a com.google.android.gms.security.settings.AdmSettingsActivity}
05-31 04:37:03.757  2295  2295 W TileUtils: Ignoring icon tintable for ActivityInfo{970c07b com.google.android.gms.update.SystemUpdateActivity}
05-31 04:37:03.759  2295  2295 W TileUtils: Ignoring icon tintable for ActivityInfo{9c99e98 com.google.android.gms.accountsettings.ui.MyAccountSettingsSecurityAlias}
05-31 04:37:03.761  2295  2295 W TileUtils: Ignoring icon tintable for ActivityInfo{abb06f1 com.google.android.gms.accountsettings.ui.MyAccountSettingsPrivacyAlias}
05-31 04:37:03.762  2295  2295 W TileUtils: Ignoring icon tintable for ActivityInfo{d2592d6 com.google.android.gms.accountsettings.ui.MyAccountSettingsPreferencesAlias}
05-31 04:37:03.764  2295  2295 D ConditionManager: conditions loading asychronously
05-31 04:37:03.765   274   274 E HWC2On1Adapter: Validate was called more than once!
05-31 04:37:03.766  2295  2317 D ConditionManager: loading conditions from xml
05-31 04:37:03.786   274   274 E HWC2On1Adapter: Validate was called more than once!
05-31 04:37:03.794  2295  2316 V NFC     : this device does not have NFC support
05-31 04:37:03.803  2295  2320 D SuggestionParser: Day 0 for com.android.settings.suggested.category.FIRST_IMPRESSION
05-31 04:37:03.805   274   274 E HWC2On1Adapter: Validate was called more than once!
05-31 04:37:03.809  2295  2320 I SuggestionParser: Use fingerprint requires unavailable feature android.hardware.fingerprint
05-31 04:37:03.810  2295  2320 I SuggestionParser: Add another fingerprint requires unavailable feature android.hardware.fingerprint
05-31 04:37:03.825   274   274 E HWC2On1Adapter: Validate was called more than once!
05-31 04:37:03.837  2295  2295 D ConditionManager: conditions loaded from xml, refreshing conditions
05-31 04:37:03.837  2295  2295 D APM_Condition: APM condition refreshed
05-31 04:37:03.837  2295  2321 W TileUtils: Found com.android.settings.backup.BackupSettingsActivity for intent Intent { act=com.android.settings.action.SETTINGS pkg=com.android.settings } missing metadata com.android.settings.category
05-31 04:37:03.838  2295  2295 D APM_Condition: setActive was called with false
05-31 04:37:03.838   470   481 I WifiService: getWifiApEnabledState uid=1000
05-31 04:37:03.843   274   334 E HWC2On1Adapter: Validate was called more than once!
05-31 04:37:03.849  2295  2321 I zygote64: Deoptimizing void com.android.settingslib.drawer.TileUtils.getTilesForIntent(android.content.Context, android.os.UserHandle, android.content.Intent, java.util.Map, java.lang.String, java.util.List, boolean, boolean, boolean, boolean) due to JIT inline cache
05-31 04:37:03.861   274   334 E HWC2On1Adapter: Validate was called more than once!
05-31 04:37:03.880   274   334 E HWC2On1Adapter: Validate was called more than once!
05-31 04:37:03.887  2295  2316 D BatteryInfo: time to make batteryStatsHelper: 3ms
05-31 04:37:03.888   470   488 I WifiService: requestActivityInfo uid=1000
05-31 04:37:03.888   470   488 I WifiService: reportActivityInfo uid=1000
05-31 04:37:03.888   470   488 I WifiService: getSupportedFeatures uid=1000
05-31 04:37:03.891   470   488 E BatteryExternalStatsWorker: no controller energy info supplied for wifi
05-31 04:37:03.891   470   488 E BatteryExternalStatsWorker: no controller energy info supplied for bluetooth
05-31 04:37:03.892   722   722 I com.android.phone: Looking for service android.hardware.radio@1.0::IRadio/slot1
05-31 04:37:03.895   722   722 E PhoneInterfaceManager: [PhoneIntfMgr] queryModemActivityInfo: Empty response
05-31 04:37:03.898  2295  2323 D Settings: No enabled state changed, skipping updateCategory call
05-31 04:37:03.900   274   334 E HWC2On1Adapter: Validate was called more than once!
05-31 04:37:03.903   470   488 E BatteryExternalStatsWorker: modem info is invalid: ModemActivityInfo{ mTimestamp=0 mSleepTimeMs=0 mIdleTimeMs=0 mTxTimeMs[]=[0, 0, 0, 0, 0] mRxTimeMs=0 mEnergyUsed=0}
05-31 04:37:03.910  2295  2322 I mali_so : [File] : hardware/arm/maliT760/driver/product/base/src/mali_base_kbase.c; [Line] : 947; [Func] : base_context_deal_with_version_affairs_rk_ext;
05-31 04:37:03.910  2295  2322 I mali_so : arm_release_ver of this mali_so is 'r18p0-01rel0', rk_so_ver is '11@0'.
05-31 04:37:03.910  2295  2322 I mali_so : [File] : hardware/arm/maliT760/driver/product/base/src/mali_base_kbase.c; [Line] : 914; [Func] : determine_policy_against_patch_for_sf_memory_leak;
05-31 04:37:03.910  2295  2322 I mali_so : cmdline : com.android.settings, we should GO THROUGH patch_for_sf_memory_leak.
05-31 04:37:03.910  2295  2322 D mali_so : [File] : hardware/arm/maliT760/driver/product/base/src/mali_base_kbase.c; [Line] : 955; [Func] : base_context_deal_with_version_affairs_rk_ext;
05-31 04:37:03.910  2295  2322 D mali_so : current process is NOT sf, to bail out.
05-31 04:37:03.918   274   334 E HWC2On1Adapter: Validate was called more than once!
05-31 04:37:03.925   273   385 I [Gralloc]: Got fd 16 for handle 1
05-31 04:37:03.925  2295  2322 I com.android.settings: android::hardware::configstore::V1_0::ISurfaceFlingerConfigs::hasWideColorDisplay retrieved: 0
05-31 04:37:03.925  2295  2322 I OpenGLRenderer: Initialized EGL, version 1.4
05-31 04:37:03.925  2295  2322 D OpenGLRenderer: Swap behavior 2
05-31 04:37:03.926   273   385 I [Gralloc]: leave, w : 1920, h : 1080, format : 0x1,internal_format : 0x1, usage : 0x900. size=8294400,pixel_stride=1920,byte_stride=7680
05-31 04:37:03.926   273   385 I [Gralloc]: leave: prime_fd=16,share_attr_fd=17
05-31 04:37:03.927   282   307 I [Gralloc]: Got handle 22 for fd 39
05-31 04:37:03.927   282   307 I [Gralloc]: leave, w : 1920, h : 1080, format : 0x1,internal_format : 0x1, usage : 0x900. size=8294400,pixel_stride=1920,byte_stride=7680
05-31 04:37:03.927   282   307 I [Gralloc]: leave: prime_fd=39,share_attr_fd=141
05-31 04:37:03.931  2295  2316 D BatteryInfo: time for getStats: 43ms
05-31 04:37:03.934   274   334 E HWC2On1Adapter: Validate was called more than once!
05-31 04:37:03.939  2295  2317 D BatteryInfo: time for regular BatteryInfo: 7ms
05-31 04:37:03.941  2295  2317 D BatteryInfo: time for getBatteryInfo: 1ms
05-31 04:37:03.944   273   273 I [Gralloc]: Got fd 16 for handle 1
05-31 04:37:03.945   273   273 I [Gralloc]: leave, w : 1920, h : 1080, format : 0x1,internal_format : 0x1, usage : 0x900. size=8294400,pixel_stride=1920,byte_stride=7680
05-31 04:37:03.945   273   273 I [Gralloc]: leave: prime_fd=16,share_attr_fd=17
05-31 04:37:03.945   282   307 I [Gralloc]: Got handle 23 for fd 142
05-31 04:37:03.945   282   307 I [Gralloc]: leave, w : 1920, h : 1080, format : 0x1,internal_format : 0x1, usage : 0x900. size=8294400,pixel_stride=1920,byte_stride=7680
05-31 04:37:03.945   282   307 I [Gralloc]: leave: prime_fd=142,share_attr_fd=144
05-31 04:37:03.950   274   274 E HWC2On1Adapter: Validate was called more than once!
05-31 04:37:03.958   273   385 I [Gralloc]: Got fd 16 for handle 1
05-31 04:37:03.959   273   385 I [Gralloc]: leave, w : 1920, h : 1080, format : 0x1,internal_format : 0x1, usage : 0x900. size=8294400,pixel_stride=1920,byte_stride=7680
05-31 04:37:03.959   273   385 I [Gralloc]: leave: prime_fd=16,share_attr_fd=17
05-31 04:37:03.959   282   307 I [Gralloc]: Got handle 24 for fd 130
05-31 04:37:03.959   282   307 I [Gralloc]: leave, w : 1920, h : 1080, format : 0x1,internal_format : 0x1, usage : 0x900. size=8294400,pixel_stride=1920,byte_stride=7680
05-31 04:37:03.959   282   307 I [Gralloc]: leave: prime_fd=130,share_attr_fd=134
05-31 04:37:03.967   274   274 E HWC2On1Adapter: Validate was called more than once!
05-31 04:37:03.970   273   273 I [Gralloc]: Got fd 16 for handle 1
05-31 04:37:03.970   273   273 I [Gralloc]: leave, w : 1920, h : 1080, format : 0x1,internal_format : 0x1, usage : 0x900. size=8294400,pixel_stride=1920,byte_stride=7680
05-31 04:37:03.970   273   273 I [Gralloc]: leave: prime_fd=16,share_attr_fd=17
05-31 04:37:03.971   282   307 I [Gralloc]: Got handle 25 for fd 148
05-31 04:37:03.971   282   307 I [Gralloc]: leave, w : 1920, h : 1080, format : 0x1,internal_format : 0x1, usage : 0x900. size=8294400,pixel_stride=1920,byte_stride=7680
05-31 04:37:03.971   282   307 I [Gralloc]: leave: prime_fd=148,share_attr_fd=152
05-31 04:37:03.971  2295  2322 D mali_winsys: EGLint new_window_surface(egl_winsys_display *, void *, EGLSurface, EGLConfig, egl_winsys_surface **, egl_color_buffer_format *, EGLBoolean) returns 0x3000
05-31 04:37:03.983   274   274 E HWC2On1Adapter: Validate was called more than once!
05-31 04:37:04.032   274   274 I chatty  : uid=1000(system) composer@2.1-se identical 3 lines
05-31 04:37:04.049   274   274 E HWC2On1Adapter: Validate was called more than once!
05-31 04:37:04.053   273   273 I [Gralloc]: Got fd 16 for handle 1
05-31 04:37:04.054   273   273 I [Gralloc]: leave, w : 1920, h : 1080, format : 0x1,internal_format : 0x1, usage : 0xb00. size=8294400,pixel_stride=1920,byte_stride=7680
05-31 04:37:04.054   273   273 I [Gralloc]: leave: prime_fd=16,share_attr_fd=17
05-31 04:37:04.054   282   381 I [Gralloc]: Got handle 16 for fd 65
05-31 04:37:04.054   282   381 I [Gralloc]: leave, w : 1920, h : 1080, format : 0x1,internal_format : 0x1, usage : 0xb00. size=8294400,pixel_stride=1920,byte_stride=7680
05-31 04:37:04.054   282   381 I [Gralloc]: leave: prime_fd=65,share_attr_fd=91
05-31 04:37:04.071   274   274 E HWC2On1Adapter: Validate was called more than once!
05-31 04:37:04.075  2295  2322 I [Gralloc]: Got handle 1 for fd 67
05-31 04:37:04.076  2295  2322 I [Gralloc]: leave, w : 1920, h : 1080, format : 0x1,internal_format : 0x1, usage : 0xb00. size=8294400,pixel_stride=1920,byte_stride=7680
05-31 04:37:04.076  2295  2322 I [Gralloc]: leave: prime_fd=67,share_attr_fd=68
05-31 04:37:04.081   274   274 E HWC2On1Adapter: Validate was called more than once!
05-31 04:37:04.118   274   274 E HWC2On1Adapter: Validate was called more than once!
05-31 04:37:04.118  2295  2295 D DashboardSummary: Listening for condition changes
05-31 04:37:04.118  2295  2295 D DashboardSummary: onConditionsChanged
05-31 04:37:04.118  2295  2295 D DashboardSummary: conditions refreshed
05-31 04:37:04.118  2295  2295 D APM_Condition: APM condition refreshed
05-31 04:37:04.118  2295  2295 D APM_Condition: setActive was called with false
05-31 04:37:04.119   470   933 I WifiService: getWifiApEnabledState uid=1000
05-31 04:37:04.121   470   495 I ActivityManager: Displayed com.android.settings/.Settings: +598ms
05-31 04:37:04.127  2295  2295 D BatteryInfo: time for callback: 1ms
05-31 04:37:04.133   274   274 E HWC2On1Adapter: Validate was called more than once!
05-31 04:37:04.148   273   273 I [Gralloc]: Got fd 16 for handle 1
05-31 04:37:04.149   273   273 I [Gralloc]: leave, w : 1920, h : 1080, format : 0x1,internal_format : 0x1, usage : 0xb00. size=8294400,pixel_stride=1920,byte_stride=7680
05-31 04:37:04.149   273   273 I [Gralloc]: leave: prime_fd=16,share_attr_fd=17
05-31 04:37:04.149   282   381 I [Gralloc]: Got handle 17 for fd 94
05-31 04:37:04.149   282   381 I [Gralloc]: leave, w : 1920, h : 1080, format : 0x1,internal_format : 0x1, usage : 0xb00. size=8294400,pixel_stride=1920,byte_stride=7680
05-31 04:37:04.149   282   381 I [Gralloc]: leave: prime_fd=94,share_attr_fd=137
05-31 04:37:04.150  2295  2322 I [Gralloc]: Got handle 2 for fd 72
05-31 04:37:04.150  2295  2322 I [Gralloc]: leave, w : 1920, h : 1080, format : 0x1,internal_format : 0x1, usage : 0xb00. size=8294400,pixel_stride=1920,byte_stride=7680
05-31 04:37:04.150  2295  2322 I [Gralloc]: leave: prime_fd=72,share_attr_fd=73
05-31 04:37:04.150   274   274 E HWC2On1Adapter: Validate was called more than once!
05-31 04:37:04.166   274   274 I [Gralloc]: Got handle 3 for fd 85
05-31 04:37:04.166   274   274 I [Gralloc]: leave, w : 1920, h : 1080, format : 0x1,internal_format : 0x1, usage : 0xb00. size=8294400,pixel_stride=1920,byte_stride=7680
05-31 04:37:04.166   274   274 I [Gralloc]: leave: prime_fd=85,share_attr_fd=97
05-31 04:37:04.166   274   274 I [Gralloc]: Got handle 3 for fd 114
05-31 04:37:04.167   274   274 I [Gralloc]: leave, w : 1920, h : 1080, format : 0x1,internal_format : 0x1, usage : 0xb00. size=8294400,pixel_stride=1920,byte_stride=7680
05-31 04:37:04.167   274   274 I [Gralloc]: leave: prime_fd=114,share_attr_fd=115
05-31 04:37:04.170   274   274 E HWC2On1Adapter: Validate was called more than once!
05-31 04:37:04.185   274   274 I [Gralloc]: Got handle 15 for fd 131
05-31 04:37:04.185   274   274 I [Gralloc]: leave, w : 1920, h : 1080, format : 0x1,internal_format : 0x1, usage : 0xb00. size=8294400,pixel_stride=1920,byte_stride=7680
05-31 04:37:04.185   274   274 I [Gralloc]: leave: prime_fd=131,share_attr_fd=134
05-31 04:37:04.185   274   274 I [Gralloc]: Got handle 15 for fd 136
05-31 04:37:04.185   274   274 I [Gralloc]: leave, w : 1920, h : 1080, format : 0x1,internal_format : 0x1, usage : 0xb00. size=8294400,pixel_stride=1920,byte_stride=7680
05-31 04:37:04.185   274   274 I [Gralloc]: leave: prime_fd=136,share_attr_fd=139
05-31 04:37:04.186   273   273 I [Gralloc]: Got fd 16 for handle 1
05-31 04:37:04.186   273   273 I [Gralloc]: leave, w : 1920, h : 1080, format : 0x1,internal_format : 0x1, usage : 0xb00. size=8294400,pixel_stride=1920,byte_stride=7680
05-31 04:37:04.186   273   273 I [Gralloc]: leave: prime_fd=16,share_attr_fd=17
05-31 04:37:04.186   282   381 I [Gralloc]: Got handle 20 for fd 114
05-31 04:37:04.186   282   381 I [Gralloc]: leave, w : 1920, h : 1080, format : 0x1,internal_format : 0x1, usage : 0xb00. size=8294400,pixel_stride=1920,byte_stride=7680
05-31 04:37:04.186   282   381 I [Gralloc]: leave: prime_fd=114,share_attr_fd=117
05-31 04:37:04.187  2295  2322 I [Gralloc]: Got handle 3 for fd 75
05-31 04:37:04.187  2295  2322 I [Gralloc]: leave, w : 1920, h : 1080, format : 0x1,internal_format : 0x1, usage : 0xb00. size=8294400,pixel_stride=1920,byte_stride=7680
05-31 04:37:04.187  2295  2322 I [Gralloc]: leave: prime_fd=75,share_attr_fd=76
05-31 04:37:04.187   274   274 E HWC2On1Adapter: Validate was called more than once!
05-31 04:37:04.202   274   274 E HWC2On1Adapter: Validate was called more than once!
05-31 04:37:04.217   274   274 I [Gralloc]: Got handle 16 for fd 110
05-31 04:37:04.217   274   274 I [Gralloc]: leave, w : 1920, h : 1080, format : 0x1,internal_format : 0x1, usage : 0xb00. size=8294400,pixel_stride=1920,byte_stride=7680
05-31 04:37:04.217   274   274 I [Gralloc]: leave: prime_fd=110,share_attr_fd=126
05-31 04:37:04.217   274   274 I [Gralloc]: Got handle 16 for fd 169
05-31 04:37:04.217   274   274 I [Gralloc]: leave, w : 1920, h : 1080, format : 0x1,internal_format : 0x1, usage : 0xb00. size=8294400,pixel_stride=1920,byte_stride=7680
05-31 04:37:04.217   274   274 I [Gralloc]: leave: prime_fd=169,share_attr_fd=170
05-31 04:37:04.219   274   274 E HWC2On1Adapter: Validate was called more than once!
05-31 04:37:04.221  2295  2300 I zygote64: Do partial code cache collection, code=26KB, data=27KB
05-31 04:37:04.221  2295  2300 I zygote64: After code cache collection, code=22KB, data=24KB
05-31 04:37:04.221  2295  2300 I zygote64: Increasing code cache capacity to 128KB
05-31 04:37:04.232   273   273 I [Gralloc]: Got fd 16 for handle 1
05-31 04:37:04.234   274   274 E HWC2On1Adapter: Validate was called more than once!
05-31 04:37:04.234   273   273 I [Gralloc]: leave, w : 1920, h : 1080, format : 0x1,internal_format : 0x1, usage : 0xb00. size=8294400,pixel_stride=1920,byte_stride=7680
05-31 04:37:04.234   273   273 I [Gralloc]: leave: prime_fd=16,share_attr_fd=17
05-31 04:37:04.234   282   381 I [Gralloc]: Got handle 22 for fd 119
05-31 04:37:04.234   282   381 I [Gralloc]: leave, w : 1920, h : 1080, format : 0x1,internal_format : 0x1, usage : 0xb00. size=8294400,pixel_stride=1920,byte_stride=7680
05-31 04:37:04.234   282   381 I [Gralloc]: leave: prime_fd=119,share_attr_fd=121
05-31 04:37:04.235  2295  2322 I [Gralloc]: Got handle 4 for fd 78
05-31 04:37:04.235  2295  2322 I [Gralloc]: leave, w : 1920, h : 1080, format : 0x1,internal_format : 0x1, usage : 0xb00. size=8294400,pixel_stride=1920,byte_stride=7680
05-31 04:37:04.235  2295  2322 I [Gralloc]: leave: prime_fd=78,share_attr_fd=79
05-31 04:37:04.260   274   274 E HWC2On1Adapter: Validate was called more than once!
05-31 04:37:04.274   274   274 I [Gralloc]: Got handle 17 for fd 130
05-31 04:37:04.274   274   274 I [Gralloc]: leave, w : 1920, h : 1080, format : 0x1,internal_format : 0x1, usage : 0xb00. size=8294400,pixel_stride=1920,byte_stride=7680
05-31 04:37:04.274   274   274 I [Gralloc]: leave: prime_fd=130,share_attr_fd=150
05-31 04:37:04.275   274   274 I [Gralloc]: Got handle 17 for fd 162
05-31 04:37:04.275   274   274 I [Gralloc]: leave, w : 1920, h : 1080, format : 0x1,internal_format : 0x1, usage : 0xb00. size=8294400,pixel_stride=1920,byte_stride=7680
05-31 04:37:04.275   274   274 I [Gralloc]: leave: prime_fd=162,share_attr_fd=163
05-31 04:37:04.276   274   274 E HWC2On1Adapter: Validate was called more than once!
05-31 04:37:04.899   274   274 I chatty  : uid=1000(system) composer@2.1-se identical 38 lines
05-31 04:37:04.916   274   274 E HWC2On1Adapter: Validate was called more than once!
05-31 04:37:04.923  2295  2300 I zygote64: Do partial code cache collection, code=61KB, data=43KB
05-31 04:37:04.924  2295  2300 I zygote64: After code cache collection, code=54KB, data=39KB
05-31 04:37:04.924  2295  2300 I zygote64: Increasing code cache capacity to 256KB
05-31 04:37:04.932   274   274 E HWC2On1Adapter: Validate was called more than once!
05-31 04:37:05.209   470   933 I ActivityManager: START u0 {flg=0x8000 cmp=com.android.settings/.Settings$NetworkDashboardActivity (has extras)} from uid 1000
05-31 04:37:05.183   274   274 I chatty  : uid=1000(system) composer@2.1-se identical 15 lines
05-31 04:37:05.199   274   274 E HWC2On1Adapter: Validate was called more than once!
05-31 04:37:05.212   470   933 E ActivityManager: getPackageFerformanceMode--ComponentInfo{com.android.settings/com.android.settings.Settings$NetworkDashboardActivity}----com.android.settings
05-31 04:37:05.216   274   274 E HWC2On1Adapter: Validate was called more than once!
05-31 04:37:05.222   470   933 E ActivityManager: getPackageFerformanceMode--ComponentInfo{com.android.settings/com.android.settings.Settings$NetworkDashboardActivity}----com.android.settings
05-31 04:37:05.232   274   274 E HWC2On1Adapter: Validate was called more than once!
05-31 04:37:05.298   274   274 I chatty  : uid=1000(system) composer@2.1-se identical 4 lines
05-31 04:37:05.315   274   274 E HWC2On1Adapter: Validate was called more than once!
05-31 04:37:05.326  2295  2295 D MobilePlanPrefContr: onCreate: mMobilePlanDialogMessage=null
05-31 04:37:05.331   274   274 E HWC2On1Adapter: Validate was called more than once!
05-31 04:37:05.335  2295  2295 I zygote64: Deoptimizing int android.support.v4.util.SimpleArrayMap.indexOfKey(java.lang.Object) due to JIT inline cache
05-31 04:37:05.348   274   274 E HWC2On1Adapter: Validate was called more than once!
05-31 04:37:05.348   470   933 E UserRestrictionsUtils: Unknown restriction: no_ethernet_settings
05-31 04:37:05.364   274   274 E HWC2On1Adapter: Validate was called more than once!
05-31 04:37:05.366  2295  2339 W DataUsageController: Failed to get data usage, no subscriber id
05-31 04:37:05.381   274   274 E HWC2On1Adapter: Validate was called more than once!
05-31 04:37:05.398   274   274 E HWC2On1Adapter: Validate was called more than once!
05-31 04:37:05.399  2295  2295 I zygote64: Deoptimizing int android.support.v7.widget.RecyclerView$5.getChildCount() due to JIT inline cache
05-31 04:37:05.401  2295  2295 I zygote64: Deoptimizing int android.support.v7.widget.RecyclerView$LayoutManager.getChildCount() due to JIT inline cache
05-31 04:37:05.402   470   933 I WifiService: getWifiEnabledState uid=1000
05-31 04:37:05.402   470   933 I WifiService: getWifiApEnabledState uid=1000
05-31 04:37:05.404  2295  2320 I zygote64: Deoptimizing java.util.List com.android.settingslib.drawer.TileUtils.getCategories(android.content.Context, java.util.Map, boolean, java.lang.String, java.lang.String) due to JIT inline cache
05-31 04:37:05.415   274   274 E HWC2On1Adapter: Validate was called more than once!
05-31 04:37:05.415  2295  2320 W TileUtils: Found com.android.settings.backup.BackupSettingsActivity for intent Intent { act=com.android.settings.action.SETTINGS pkg=com.android.settings } missing metadata com.android.settings.category
05-31 04:37:05.422  2295  2295 D DashboardSummary: Stopped listening for condition changes
05-31 04:37:05.426  2295  2320 D Settings: No enabled state changed, skipping updateCategory call
05-31 04:37:05.431   274   274 E HWC2On1Adapter: Validate was called more than once!
05-31 04:37:05.448   274   274 E HWC2On1Adapter: Validate was called more than once!
05-31 04:37:05.450   273   273 I [Gralloc]: Got fd 16 for handle 1
05-31 04:37:05.451   273   273 I [Gralloc]: leave, w : 1920, h : 1080, format : 0x1,internal_format : 0x1, usage : 0x900. size=8294400,pixel_stride=1920,byte_stride=7680
05-31 04:37:05.451   273   273 I [Gralloc]: leave: prime_fd=16,share_attr_fd=17
05-31 04:37:05.451   282   381 I [Gralloc]: Got handle 10 for fd 131
05-31 04:37:05.451   282   381 I [Gralloc]: leave, w : 1920, h : 1080, format : 0x1,internal_format : 0x1, usage : 0x900. size=8294400,pixel_stride=1920,byte_stride=7680
05-31 04:37:05.451   282   381 I [Gralloc]: leave: prime_fd=131,share_attr_fd=140
05-31 04:37:05.460   273   385 I [Gralloc]: Got fd 16 for handle 1
05-31 04:37:05.461   273   385 I [Gralloc]: leave, w : 1920, h : 1080, format : 0x1,internal_format : 0x1, usage : 0x900. size=8294400,pixel_stride=1920,byte_stride=7680
05-31 04:37:05.461   273   385 I [Gralloc]: leave: prime_fd=16,share_attr_fd=17
05-31 04:37:05.461   282   381 I [Gralloc]: Got handle 19 for fd 143
05-31 04:37:05.461   282   381 I [Gralloc]: leave, w : 1920, h : 1080, format : 0x1,internal_format : 0x1, usage : 0x900. size=8294400,pixel_stride=1920,byte_stride=7680
05-31 04:37:05.461   282   381 I [Gralloc]: leave: prime_fd=143,share_attr_fd=147
05-31 04:37:05.465   274   274 E HWC2On1Adapter: Validate was called more than once!
05-31 04:37:05.473   273   273 I [Gralloc]: Got fd 16 for handle 1
05-31 04:37:05.474   273   273 I [Gralloc]: leave, w : 1920, h : 1080, format : 0x1,internal_format : 0x1, usage : 0x900. size=8294400,pixel_stride=1920,byte_stride=7680
05-31 04:37:05.474   273   273 I [Gralloc]: leave: prime_fd=16,share_attr_fd=17
05-31 04:37:05.474   282   381 I [Gralloc]: Got handle 23 for fd 134
05-31 04:37:05.474   282   381 I [Gralloc]: leave, w : 1920, h : 1080, format : 0x1,internal_format : 0x1, usage : 0x900. size=8294400,pixel_stride=1920,byte_stride=7680
05-31 04:37:05.474   282   381 I [Gralloc]: leave: prime_fd=134,share_attr_fd=142
05-31 04:37:05.482   274   274 E HWC2On1Adapter: Validate was called more than once!
05-31 04:37:05.485   273   385 I [Gralloc]: Got fd 16 for handle 1
05-31 04:37:05.485   273   385 I [Gralloc]: leave, w : 1920, h : 1080, format : 0x1,internal_format : 0x1, usage : 0x900. size=8294400,pixel_stride=1920,byte_stride=7680
05-31 04:37:05.485   273   385 I [Gralloc]: leave: prime_fd=16,share_attr_fd=17
05-31 04:37:05.486   282   381 I [Gralloc]: Got handle 24 for fd 128
05-31 04:37:05.486   282   381 I [Gralloc]: leave, w : 1920, h : 1080, format : 0x1,internal_format : 0x1, usage : 0x900. size=8294400,pixel_stride=1920,byte_stride=7680
05-31 04:37:05.486   282   381 I [Gralloc]: leave: prime_fd=128,share_attr_fd=130
05-31 04:37:05.486  2295  2322 D mali_winsys: EGLint new_window_surface(egl_winsys_display *, void *, EGLSurface, EGLConfig, egl_winsys_surface **, egl_color_buffer_format *, EGLBoolean) returns 0x3000
05-31 04:37:05.487  2295  2295 I zygote64: Deoptimizing int android.support.v7.widget.ChildHelper.getChildCount() due to JIT inline cache
05-31 04:37:05.488  2295  2295 I zygote64: Deoptimizing int android.support.v7.widget.RecyclerView$LayoutManager.getPaddingTop() due to JIT inline cache
05-31 04:37:05.488  2295  2295 I zygote64: Deoptimizing int android.support.v7.widget.RecyclerView$LayoutManager.getPaddingBottom() due to JIT inline cache
05-31 04:37:05.498   274   274 E HWC2On1Adapter: Validate was called more than once!
05-31 04:37:05.505  2295  2295 I zygote64: Deoptimizing void android.support.v7.widget.RecyclerView$LayoutManager.addViewInt(android.view.View, int, boolean) due to JIT inline cache
05-31 04:37:05.506  2295  2295 I zygote64: Deoptimizing void android.support.v7.widget.RecyclerView$LayoutManager.measureChildWithMargins(android.view.View, int, int) due to JIT inline cache
05-31 04:37:05.515   274   274 E HWC2On1Adapter: Validate was called more than once!
05-31 04:37:05.532   274   274 E HWC2On1Adapter: Validate was called more than once!
