05-31 04:37:20.593  2295  2295 I zygote64: Deoptimizing int android.support.v7.widget.ScrollbarHelper.computeScrollRange(android.support.v7.widget.RecyclerView$State, android.support.v7.widget.OrientationHelper, android.view.View, android.view.View, android.support.v7.widget.RecyclerView$LayoutManager, boolean) due to JIT inline cache
05-31 04:37:20.594  2295  2295 I zygote64: Deoptimizing int android.support.v7.widget.ScrollbarHelper.computeScrollOffset(android.support.v7.widget.RecyclerView$State, android.support.v7.widget.OrientationHelper, android.view.View, android.view.View, android.support.v7.widget.RecyclerView$LayoutManager, boolean, boolean) due to JIT inline cache
05-31 04:37:20.594  2295  2295 I zygote64: Deoptimizing int android.support.v7.widget.ScrollbarHelper.computeScrollExtent(android.support.v7.widget.RecyclerView$State, android.support.v7.widget.OrientationHelper, android.view.View, android.view.View, android.support.v7.widget.RecyclerView$LayoutManager, boolean) due to JIT inline cache
05-31 04:37:20.597   274  2237 E HWC2On1Adapter: Validate was called more than once!
05-31 04:37:20.609   273   273 I [Gralloc]: Got fd 16 for handle 1
05-31 04:37:20.610   273   273 I [Gralloc]: leave, w : 1920, h : 1080, format : 0x1,internal_format : 0x1, usage : 0xb00. size=8294400,pixel_stride=1920,byte_stride=7680
05-31 04:37:20.610   273   273 I [Gralloc]: leave: prime_fd=16,share_attr_fd=17
05-31 04:37:20.610   282   306 I [Gralloc]: Got handle 22 for fd 142
05-31 04:37:20.610   282   306 I [Gralloc]: leave, w : 1920, h : 1080, format : 0x1,internal_format : 0x1, usage : 0xb00. size=8294400,pixel_stride=1920,byte_stride=7680
05-31 04:37:20.610   282   306 I [Gralloc]: leave: prime_fd=142,share_attr_fd=146
05-31 04:37:20.610  2295  2322 I [Gralloc]: Got handle 3 for fd 85
05-31 04:37:20.610  2295  2322 I [Gralloc]: leave, w : 1920, h : 1080, format : 0x1,internal_format : 0x1, usage : 0xb00. size=8294400,pixel_stride=1920,byte_stride=7680
05-31 04:37:20.610  2295  2322 I [Gralloc]: leave: prime_fd=85,share_attr_fd=92
05-31 04:37:20.614   274  2237 E HWC2On1Adapter: Validate was called more than once!
05-31 04:37:20.632   274  2237 E HWC2On1Adapter: Validate was called more than once!
05-31 04:37:20.632   470  1771 I WifiService: getWifiEnabledState uid=1000
05-31 04:37:20.635   470   495 I ActivityManager: Displayed com.android.settings/.SubSettings: +240ms
05-31 04:37:20.648   274  2237 I [Gralloc]: Got handle 3 for fd 86
05-31 04:37:20.648   274  2237 I [Gralloc]: leave, w : 1920, h : 1080, format : 0x1,internal_format : 0x1, usage : 0xb00. size=8294400,pixel_stride=1920,byte_stride=7680
05-31 04:37:20.648   274  2237 I [Gralloc]: leave: prime_fd=86,share_attr_fd=88
05-31 04:37:20.648   274  2237 I [Gralloc]: Got handle 3 for fd 97
05-31 04:37:20.648   274  2237 I [Gralloc]: leave, w : 1920, h : 1080, format : 0x1,internal_format : 0x1, usage : 0xb00. size=8294400,pixel_stride=1920,byte_stride=7680
05-31 04:37:20.648   274  2237 I [Gralloc]: leave: prime_fd=97,share_attr_fd=98
05-31 04:37:20.649   274  2237 E hwc_rk  : hwc_get_handle_layername:cann't get value from gralloc
05-31 04:37:20.649   274  2237 E hwc_rk  : hwc_get_handle_layername:cann't get value from gralloc
05-31 04:37:20.650   274  2237 E HWC2On1Adapter: Validate was called more than once!
05-31 04:37:20.654   273   273 I [Gralloc]: Got fd 16 for handle 1
05-31 04:37:20.654   273   273 I [Gralloc]: leave, w : 1920, h : 1080, format : 0x1,internal_format : 0x1, usage : 0xb00. size=8294400,pixel_stride=1920,byte_stride=7680
05-31 04:37:20.654   273   273 I [Gralloc]: leave: prime_fd=16,share_attr_fd=17
05-31 04:37:20.655   282   381 I [Gralloc]: Got handle 20 for fd 39
05-31 04:37:20.655   282   381 I [Gralloc]: leave, w : 1920, h : 1080, format : 0x1,internal_format : 0x1, usage : 0xb00. size=8294400,pixel_stride=1920,byte_stride=7680
05-31 04:37:20.655   282   381 I [Gralloc]: leave: prime_fd=39,share_attr_fd=65
05-31 04:37:20.655  2295  2322 I [Gralloc]: Got handle 4 for fd 94
05-31 04:37:20.655  2295  2322 I [Gralloc]: leave, w : 1920, h : 1080, format : 0x1,internal_format : 0x1, usage : 0xb00. size=8294400,pixel_stride=1920,byte_stride=7680
05-31 04:37:20.655  2295  2322 I [Gralloc]: leave: prime_fd=94,share_attr_fd=95
05-31 04:37:20.666   274  2237 E hwc_rk  : hwc_get_handle_layername:cann't get value from gralloc
05-31 04:37:20.667   274  2237 E hwc_rk  : hwc_get_handle_layername:cann't get value from gralloc
05-31 04:37:20.667   274  2237 E HWC2On1Adapter: Validate was called more than once!
05-31 04:37:20.682   274  2237 E hwc_rk  : hwc_get_handle_layername:cann't get value from gralloc
05-31 04:37:20.683   274  2237 E hwc_rk  : hwc_get_handle_layername:cann't get value from gralloc
05-31 04:37:20.687   274  2237 E HWC2On1Adapter: Validate was called more than once!
05-31 04:37:20.695   282   306 E BufferQueueProducer: [com.android.settings/com.android.settings.Settings$NetworkDashboardActivity#0] disconnect: not connected (req=1)
05-31 04:37:20.695  2295  2322 W libEGL  : EGLNativeWindowType 0x7cbc49d010 disconnect failed
05-31 04:37:20.695  2295  2322 D OpenGLRenderer: endAllActiveAnimators on 0x7c97d29400 (RippleDrawable) with handle 0x7c97d25240
05-31 04:37:20.702   274  2237 I [Gralloc]: Got handle 15 for fd 143
05-31 04:37:20.702   274  2237 I [Gralloc]: leave, w : 1920, h : 1080, format : 0x1,internal_format : 0x1, usage : 0xb00. size=8294400,pixel_stride=1920,byte_stride=7680
05-31 04:37:20.702   274  2237 I [Gralloc]: leave: prime_fd=143,share_attr_fd=144
05-31 04:37:20.702   274  2237 I [Gralloc]: Got handle 15 for fd 146
05-31 04:37:20.702   274  2237 I [Gralloc]: leave, w : 1920, h : 1080, format : 0x1,internal_format : 0x1, usage : 0xb00. size=8294400,pixel_stride=1920,byte_stride=7680
05-31 04:37:20.702   274  2237 I [Gralloc]: leave: prime_fd=146,share_attr_fd=147
05-31 04:37:20.702   274  2237 E hwc_rk  : hwc_get_handle_layername:cann't get value from gralloc
05-31 04:37:20.703   274  2237 E hwc_rk  : hwc_get_handle_layername:cann't get value from gralloc
05-31 04:37:20.704   274  2237 E HWC2On1Adapter: Validate was called more than once!
05-31 04:37:20.719   273   273 I [Gralloc]: Got fd 16 for handle 1
05-31 04:37:20.720   273   273 I [Gralloc]: leave, w : 1920, h : 1080, format : 0x1,internal_format : 0x1, usage : 0xb00. size=8294400,pixel_stride=1920,byte_stride=7680
05-31 04:37:20.720   273   273 I [Gralloc]: leave: prime_fd=16,share_attr_fd=17
05-31 04:37:20.721   282   306 I [Gralloc]: Got handle 17 for fd 152
05-31 04:37:20.721   282   306 I [Gralloc]: leave, w : 1920, h : 1080, format : 0x1,internal_format : 0x1, usage : 0xb00. size=8294400,pixel_stride=1920,byte_stride=7680
05-31 04:37:20.721   282   306 I [Gralloc]: leave: prime_fd=152,share_attr_fd=155
05-31 04:37:20.721  2295  2322 I [Gralloc]: Got handle 1 for fd 77
05-31 04:37:20.722  2295  2322 I [Gralloc]: leave, w : 1920, h : 1080, format : 0x1,internal_format : 0x1, usage : 0xb00. size=8294400,pixel_stride=1920,byte_stride=7680
05-31 04:37:20.722  2295  2322 I [Gralloc]: leave: prime_fd=77,share_attr_fd=78
05-31 04:37:20.725   274  2237 E hwc_rk  : hwc_get_handle_layername:cann't get value from gralloc
05-31 04:37:20.726   274  2237 E hwc_rk  : hwc_get_handle_layername:cann't get value from gralloc
05-31 04:37:20.726   274  2237 E HWC2On1Adapter: Validate was called more than once!
05-31 04:37:20.746   274  2237 I [Gralloc]: Got handle 16 for fd 106
05-31 04:37:20.746   274  2237 I [Gralloc]: leave, w : 1920, h : 1080, format : 0x1,internal_format : 0x1, usage : 0xb00. size=8294400,pixel_stride=1920,byte_stride=7680
05-31 04:37:20.746   274  2237 I [Gralloc]: leave: prime_fd=106,share_attr_fd=111
05-31 04:37:20.746   274  2237 I [Gralloc]: Got handle 16 for fd 126
05-31 04:37:20.746   274  2237 I [Gralloc]: leave, w : 1920, h : 1080, format : 0x1,internal_format : 0x1, usage : 0xb00. size=8294400,pixel_stride=1920,byte_stride=7680
05-31 04:37:20.746   274  2237 I [Gralloc]: leave: prime_fd=126,share_attr_fd=127
05-31 04:37:20.746   274  2237 E hwc_rk  : hwc_get_handle_layername:cann't get value from gralloc
05-31 04:37:20.747   274  2237 E hwc_rk  : hwc_get_handle_layername:cann't get value from gralloc
05-31 04:37:20.748   274  2237 E HWC2On1Adapter: Validate was called more than once!
05-31 04:37:20.754   273   273 I [Gralloc]: Got fd 16 for handle 1
05-31 04:37:20.754   273   273 I [Gralloc]: leave, w : 1920, h : 1080, format : 0x1,internal_format : 0x1, usage : 0xb00. size=8294400,pixel_stride=1920,byte_stride=7680
05-31 04:37:20.754   273   273 I [Gralloc]: leave: prime_fd=16,share_attr_fd=17
05-31 04:37:20.755   282   381 I [Gralloc]: Got handle 16 for fd 71
05-31 04:37:20.755   282   381 I [Gralloc]: leave, w : 1920, h : 1080, format : 0x1,internal_format : 0x1, usage : 0xb00. size=8294400,pixel_stride=1920,byte_stride=7680
05-31 04:37:20.755   282   381 I [Gralloc]: leave: prime_fd=71,share_attr_fd=73
05-31 04:37:20.755  2295  2322 I [Gralloc]: Got handle 2 for fd 81
05-31 04:37:20.755  2295  2322 I [Gralloc]: leave, w : 1920, h : 1080, format : 0x1,internal_format : 0x1, usage : 0xb00. size=8294400,pixel_stride=1920,byte_stride=7680
05-31 04:37:20.755  2295  2322 I [Gralloc]: leave: prime_fd=81,share_attr_fd=82
05-31 04:37:20.764   274  2237 E hwc_rk  : hwc_get_handle_layername:cann't get value from gralloc
05-31 04:37:20.765   274  2237 E hwc_rk  : hwc_get_handle_layername:cann't get value from gralloc
05-31 04:37:20.766   274  2237 E HWC2On1Adapter: Validate was called more than once!
05-31 04:37:20.782   274  2237 I [Gralloc]: Got handle 17 for fd 167
05-31 04:37:20.782   274  2237 I [Gralloc]: leave, w : 1920, h : 1080, format : 0x1,internal_format : 0x1, usage : 0xb00. size=8294400,pixel_stride=1920,byte_stride=7680
05-31 04:37:20.782   274  2237 I [Gralloc]: leave: prime_fd=167,share_attr_fd=168
05-31 04:37:20.783   274  2237 I [Gralloc]: Got handle 17 for fd 170
05-31 04:37:20.783   274  2237 I [Gralloc]: leave, w : 1920, h : 1080, format : 0x1,internal_format : 0x1, usage : 0xb00. size=8294400,pixel_stride=1920,byte_stride=7680
05-31 04:37:20.783   274  2237 I [Gralloc]: leave: prime_fd=170,share_attr_fd=178
05-31 04:37:20.783   274  2237 E hwc_rk  : hwc_get_handle_layername:cann't get value from gralloc
05-31 04:37:20.784   274  2237 E hwc_rk  : hwc_get_handle_layername:cann't get value from gralloc
05-31 04:37:20.784   274  2237 E HWC2On1Adapter: Validate was called more than once!
05-31 04:37:20.801   274  2237 E hwc_rk  : hwc_get_handle_layername:cann't get value from gralloc
05-31 04:37:20.802   274  2237 E hwc_rk  : hwc_get_handle_layername:cann't get value from gralloc
05-31 04:37:20.803   274  2237 E HWC2On1Adapter: Validate was called more than once!
05-31 04:37:20.817   274  2237 E hwc_rk  : hwc_get_handle_layername:cann't get value from gralloc
05-31 04:37:20.817   274  2237 E hwc_rk  : hwc_get_handle_layername:cann't get value from gralloc
05-31 04:37:20.818   274  2237 E HWC2On1Adapter: Validate was called more than once!
05-31 04:37:20.833   274  2237 E hwc_rk  : hwc_get_handle_layername:cann't get value from gralloc
05-31 04:37:20.834   274  2237 E hwc_rk  : hwc_get_handle_layername:cann't get value from gralloc
05-31 04:37:20.835   274  2237 E HWC2On1Adapter: Validate was called more than once!
05-31 04:37:20.849   274  2237 E hwc_rk  : hwc_get_handle_layername:cann't get value from gralloc
05-31 04:37:20.850   274  2237 E hwc_rk  : hwc_get_handle_layername:cann't get value from gralloc
05-31 04:37:20.851   274  2237 E HWC2On1Adapter: Validate was called more than once!
05-31 04:37:20.864   274  2237 E hwc_rk  : hwc_get_handle_layername:cann't get value from gralloc
05-31 04:37:20.864   274  2237 E hwc_rk  : hwc_get_handle_layername:cann't get value from gralloc
05-31 04:37:20.865   274  2237 E HWC2On1Adapter: Validate was called more than once!
05-31 04:37:22.050   274  2237 I chatty  : uid=1000(system) HwBinder:274_3 identical 51 lines
05-31 04:37:22.084   274  2237 E HWC2On1Adapter: Validate was called more than once!
05-31 04:37:22.096   273   273 I [Gralloc]: Got fd 16 for handle 1
05-31 04:37:22.097   273   273 I [Gralloc]: leave, w : 36, h : 36, format : 0x1,internal_format : 0x1, usage : 0x8933. size=6912,pixel_stride=48,byte_stride=192
05-31 04:37:22.097   273   273 I [Gralloc]: leave: prime_fd=16,share_attr_fd=17
05-31 04:37:22.097   282   307 I [Gralloc]: Got handle 10 for fd 130
05-31 04:37:22.097   282   307 I [Gralloc]: leave, w : 36, h : 36, format : 0x1,internal_format : 0x1, usage : 0x8933. size=6912,pixel_stride=48,byte_stride=192
05-31 04:37:22.097   282   307 I [Gralloc]: leave: prime_fd=130,share_attr_fd=134
05-31 04:37:22.098   470   495 I [Gralloc]: Got handle 2 for fd 217
05-31 04:37:22.098   470   495 I [Gralloc]: leave, w : 36, h : 36, format : 0x1,internal_format : 0x1, usage : 0x8933. size=6912,pixel_stride=48,byte_stride=192
05-31 04:37:22.098   470   495 I [Gralloc]: leave: prime_fd=217,share_attr_fd=227
05-31 04:37:22.100   274  2237 E HWC2On1Adapter: Validate was called more than once!
05-31 04:37:22.115   274  2237 I [Gralloc]: Got handle 12 for fd 56
05-31 04:37:22.115   274  2237 I [Gralloc]: leave, w : 36, h : 36, format : 0x1,internal_format : 0x1, usage : 0x8933. size=6912,pixel_stride=48,byte_stride=192
05-31 04:37:22.115   274  2237 I [Gralloc]: leave: prime_fd=56,share_attr_fd=105
05-31 04:37:22.116   274  2237 I [Gralloc]: Got handle 12 for fd 46
05-31 04:37:22.116   274  2237 I [Gralloc]: leave, w : 36, h : 36, format : 0x1,internal_format : 0x1, usage : 0x8933. size=6912,pixel_stride=48,byte_stride=192
05-31 04:37:22.116   274  2237 I [Gralloc]: leave: prime_fd=46,share_attr_fd=114
05-31 04:37:22.118   274  2237 E HWC2On1Adapter: Validate was called more than once!
05-31 04:37:22.832   274  2237 I chatty  : uid=1000(system) HwBinder:274_3 identical 35 lines
05-31 04:37:22.849   274  2237 E HWC2On1Adapter: Validate was called more than once!
05-31 04:37:22.864   274  2237 I [Gralloc]: Got handle 12 for fd 54
05-31 04:37:22.864   274  2237 I [Gralloc]: leave, w : 31, h : 40, format : 0x1,internal_format : 0x1, usage : 0x8933. size=5120,pixel_stride=32,byte_stride=128
05-31 04:37:22.864   274  2237 I [Gralloc]: leave: prime_fd=54,share_attr_fd=103
05-31 04:37:22.864   274  2237 I [Gralloc]: Got handle 12 for fd 60
05-31 04:37:22.864   274  2237 I [Gralloc]: leave, w : 31, h : 40, format : 0x1,internal_format : 0x1, usage : 0x8933. size=5120,pixel_stride=32,byte_stride=128
05-31 04:37:22.864   274  2237 I [Gralloc]: leave: prime_fd=60,share_attr_fd=119
05-31 04:37:22.867   274  2237 E HWC2On1Adapter: Validate was called more than once!
05-31 04:37:23.065   274  2237 I chatty  : uid=1000(system) HwBinder:274_3 identical 12 lines
05-31 04:37:23.082   274  2237 E HWC2On1Adapter: Validate was called more than once!
05-31 04:37:23.093   470  1771 I WifiService: getWifiApEnabledState uid=1000
05-31 04:37:23.094   470  1771 D WifiService: setWifiEnabled: true pid=2295, uid=1000, package=com.android.settings
05-31 04:37:23.094   470  1771 I WifiService: setWifiEnabled package=com.android.settings uid=1000 enable=true
05-31 04:37:23.098   279   279 I android.hardware.wifi@1.0-service: Wifi HAL started
05-31 04:37:23.099   274  2237 E HWC2On1Adapter: Validate was called more than once!
05-31 04:37:23.107   279   279 E android.hardware.wifi@1.0-service: Kernel version is 4.4.: No such file or directory
05-31 04:37:23.108   279   279 E android.hardware.wifi@1.0-service: Wifi driver is not ready.: No such file or directory
05-31 04:37:23.109   279   279 E android.hardware.wifi@1.0-service: matched ko file path /vendor/lib/modules/wifi/bcmdhd.ko: No such file or directory
05-31 04:37:23.110   279   279 E android.hardware.wifi@1.0-service: insmod: open(/vendor/lib/modules/wifi/bcmdhd.ko) failed: No such file or directory: No such file or directory
05-31 04:37:23.110   279   279 E android.hardware.wifi@1.0-service: Failed to load WiFi driver
05-31 04:37:23.110   470   558 E HalDeviceManager: executeChipReconfiguration: configureChip error: 9 ()
05-31 04:37:23.113   279   279 I android.hardware.wifi@1.0-service: Wifi HAL stopped
05-31 04:37:23.114   470   558 E WifiNative-wlan0: Failed to start HAL for client mode
05-31 04:37:23.115   470   470 E WifiController: WifiControllerWifi turn on failed
05-31 04:37:23.116   274  2237 E HWC2On1Adapter: Validate was called more than once!
05-31 04:37:23.117   470   933 I WifiService: getWifiEnabledState uid=1000
05-31 04:37:23.117   470   933 I WifiService: getWifiEnabledState uid=1000
05-31 04:37:23.118   470   558 I WifiVendorHal: Vendor Hal stopped
05-31 04:37:23.118   470   558 D WificondControl: tearing down interfaces in wificond
05-31 04:37:23.119   470   933 I WifiService: getWifiEnabledState uid=1000
05-31 04:37:23.121   279   279 I android.hardware.wifi@1.0-service: Wifi HAL started
05-31 04:37:23.121   470   933 I WifiService: getWifiApEnabledState uid=1000
05-31 04:37:23.124   279   279 E android.hardware.wifi@1.0-service: Kernel version is 4.4.: No such file or directory
05-31 04:37:23.124   279   279 E android.hardware.wifi@1.0-service: Wifi driver is not ready.: No such file or directory
05-31 04:37:23.125   279   279 E android.hardware.wifi@1.0-service: matched ko file path /vendor/lib/modules/wifi/bcmdhd.ko: No such file or directory
05-31 04:37:23.125   279   279 E android.hardware.wifi@1.0-service: insmod: open(/vendor/lib/modules/wifi/bcmdhd.ko) failed: No such file or directory: No such file or directory
05-31 04:37:23.125   279   279 E android.hardware.wifi@1.0-service: Failed to load WiFi driver
05-31 04:37:23.125   470   558 E HalDeviceManager: executeChipReconfiguration: configureChip error: 9 ()
05-31 04:37:23.126   279   279 I android.hardware.wifi@1.0-service: Wifi HAL stopped
05-31 04:37:23.126   470   558 E WifiNative-wlan0: Failed to start HAL for client mode
05-31 04:37:23.129   470   558 I WifiVendorHal: Vendor Hal stopped
05-31 04:37:23.129   470   558 D WificondControl: tearing down interfaces in wificond
05-31 04:37:23.132   470   470 E WifiController: WifiControllerWifi turn on failed
05-31 04:37:23.132   274  2237 E HWC2On1Adapter: Validate was called more than once!
05-31 04:37:23.133   279   279 I android.hardware.wifi@1.0-service: Wifi HAL started
05-31 04:37:23.136   470   933 I WifiService: getWifiEnabledState uid=1000
05-31 04:37:23.137   279   279 E android.hardware.wifi@1.0-service: Kernel version is 4.4.: No such file or directory
05-31 04:37:23.137   279   279 E android.hardware.wifi@1.0-service: Wifi driver is not ready.: No such file or directory
05-31 04:37:23.137   470   933 I WifiService: getWifiEnabledState uid=1000
05-31 04:37:23.137   470  1771 I WifiService: getWifiApEnabledState uid=1000
05-31 04:37:23.138   470   933 I WifiService: getWifiEnabledState uid=1000
05-31 04:37:23.138   279   279 E android.hardware.wifi@1.0-service: matched ko file path /vendor/lib/modules/wifi/bcmdhd.ko: No such file or directory
05-31 04:37:23.138   279   279 E android.hardware.wifi@1.0-service: insmod: open(/vendor/lib/modules/wifi/bcmdhd.ko) failed: No such file or directory: No such file or directory
05-31 04:37:23.138   279   279 E android.hardware.wifi@1.0-service: Failed to load WiFi driver
05-31 04:37:23.139   470   558 E HalDeviceManager: executeChipReconfiguration: configureChip error: 9 ()
05-31 04:37:23.141   279   279 I android.hardware.wifi@1.0-service: Wifi HAL stopped
05-31 04:37:23.142   470   558 E WifiNative-wlan0: Failed to start HAL for client mode
05-31 04:37:23.143   470   470 E WifiController: WifiControllerWifi turn on failed
05-31 04:37:23.144   470   558 I WifiVendorHal: Vendor Hal stopped
05-31 04:37:23.144   470   558 D WificondControl: tearing down interfaces in wificond
05-31 04:37:23.148   470   933 I WifiService: getWifiEnabledState uid=1000
05-31 04:37:23.148   470   933 I WifiService: getWifiEnabledState uid=1000
05-31 04:37:23.149   470   933 I WifiService: getWifiApEnabledState uid=1000
05-31 04:37:23.149   470   933 I WifiService: getWifiEnabledState uid=1000
05-31 04:37:23.150   274  2237 E HWC2On1Adapter: Validate was called more than once!
05-31 04:37:23.598   274  2237 I chatty  : uid=1000(system) HwBinder:274_3 identical 27 lines
05-31 04:37:23.615   274  2237 E HWC2On1Adapter: Validate was called more than once!
05-31 04:37:23.922   722   722 I com.android.phone: Looking for service android.hardware.radio@1.0::IRadio/slot1
05-31 04:37:23.925   722   722 I com.android.phone: Looking for service android.hardware.radio.deprecated@1.0::IOemHook/slot1
05-31 04:37:26.199   266   454 D alsa_route: route_set_controls() set route 24
05-31 04:37:26.199   266   454 D AudioHardwareTiny: close device
05-31 04:37:27.929   722   722 I com.android.phone: Looking for service android.hardware.radio@1.0::IRadio/slot1
05-31 04:37:27.933   722   722 I com.android.phone: Looking for service android.hardware.radio.deprecated@1.0::IOemHook/slot1
05-31 04:37:31.937   722   722 I com.android.phone: Looking for service android.hardware.radio@1.0::IRadio/slot1
05-31 04:37:31.941   722   722 I com.android.phone: Looking for service android.hardware.radio.deprecated@1.0::IOemHook/slot1
05-31 04:37:35.945   722   722 I com.android.phone: Looking for service android.hardware.radio@1.0::IRadio/slot1
05-31 04:37:35.949   722   722 I com.android.phone: Looking for service android.hardware.radio.deprecated@1.0::IOemHook/slot1
^C
130|nanopc-t4:/ $ logcat
--------- beginning of system
01-18 08:50:07.670   258   258 I vold    : Vold 3.0 (the awakening) firing up
01-18 08:50:07.671   258   258 V vold    : Detected support for: ext4 f2fs vfat
01-18 08:50:07.682   258   258 D Vold    : Vendor path: /sys/bus/usb/devices/1-1/idVendor
01-18 08:50:07.682   258   258 D Vold    : === config_file is: bc627208_0074
01-18 08:50:07.692   258   262 D vold    : e4crypt_init_user0
01-18 08:50:07.694   258   262 D vold    : e4crypt_prepare_user_storage for volume null, user 0, serial 0, flags 1
01-18 08:50:07.694   258   262 D vold    : Preparing: /data/system/users/0
01-18 08:50:07.695   258   262 D vold    : Preparing: /data/misc/profiles/cur/0
01-18 08:50:07.695   258   262 D vold    : Preparing: /data/system_de/0
01-18 08:50:07.695   258   262 D vold    : Preparing: /data/misc_de/0
01-18 08:50:07.695   258   262 D vold    : Preparing: /data/user_de/0
01-18 08:50:07.696   258   262 D vold    : e4crypt_unlock_user_key 0 serial=0 token_present=0
01-18 08:50:07.696   258   262 E vold    : Failed to chmod /data/system_ce/0: No such file or directory
01-18 08:50:07.696   258   262 E vold    : Failed to chmod /data/misc_ce/0: No such file or directory
01-18 08:50:07.696   258   262 E vold    : Failed to chmod /data/media/0: No such file or directory
01-18 08:50:08.020   258   262 D VoldCryptCmdListener: cryptfs mountdefaultencrypted
01-18 08:50:08.029   258   291 I Cryptfs : cryptfs_check_passwd
01-18 08:50:08.029   258   291 D Cryptfs : crypt_ftr->fs_size = 8911872
01-18 08:50:08.029   258   291 I Cryptfs : Using scrypt for cryptfs KDF
01-18 08:50:08.074   279   279 I android.hardware.wifi@1.0-service: Wifi Hal is booting up...
01-18 08:50:08.767   258   291 I Cryptfs : Enabling support for allow_discards in dmcrypt.
01-18 08:50:08.774   258   260 D vold    : Disk at 252:2 changed
01-18 08:50:09.448   258   291 I Cryptfs : Password matches
01-18 08:50:09.449   258   291 D Cryptfs : test_mount_encrypted_fs(): Master key saved
01-18 08:50:09.453   258   291 D Cryptfs : Password is default - restarting filesystem
01-18 08:50:09.469   258   291 D Cryptfs : unmounting /data succeeded
01-18 08:50:09.470   258   291 I vold    : [libfs_mgr]Running /system/bin/fsck.f2fs -a /dev/block/dm-2
01-18 08:50:09.571   258   291 I vold    : [libfs_mgr]__mount(source=/dev/block/dm-2,target=/data,type=f2fs)=0: Success
01-18 08:50:09.574   258   291 D Cryptfs : Just triggered post_fs_data
01-18 08:50:09.628   258   262 D vold    : e4crypt_init_user0
01-18 08:50:09.628   258   262 D vold    : e4crypt_prepare_user_storage for volume null, user 0, serial 0, flags 1
01-18 08:50:09.628   258   262 D vold    : Preparing: /data/system/users/0
01-18 08:50:09.629   258   262 D vold    : Preparing: /data/misc/profiles/cur/0
01-18 08:50:09.629   258   262 D vold    : Preparing: /data/system_de/0
01-18 08:50:09.630   258   262 D vold    : Preparing: /data/misc_de/0
01-18 08:50:09.630   258   262 D vold    : Preparing: /data/user_de/0
01-18 08:50:09.630   258   262 D vold    : e4crypt_unlock_user_key 0 serial=0 token_present=0
01-18 08:50:09.652   258   291 D Cryptfs : post_fs_data done
01-18 08:50:09.653   258   291 D Cryptfs : Just triggered restart_framework
01-18 08:50:09.793   396   396 I installd: installd firing up
01-18 08:50:09.854   406   406 E DrmService: ----------------running drmservice---------------
01-18 08:50:09.854   406   406 E DrmService: rknand_sys_storage open fail
01-18 08:50:09.854   406   406 E DrmService: Get HID data:
01-18 08:50:09.877   406   406 E DrmService: ----------serianno =1VI03UD5M2
01-18 08:50:09.877   406   406 E DrmService: vendor read:
01-18 08:50:09.878   406   406 E DrmService: 0 0 0 0
01-18 08:50:09.878   406   406 I chatty  : uid=0(root) /vendor/bin/drmservice identical 1 line
01-18 08:50:09.878   406   406 E DrmService: 0 0 0 0
01-18 08:50:09.878   406   406 E DrmService: 1 ff8ebc28 0 1f
01-18 08:50:09.878   406   406 E DrmService: f0019e9f 0 0 0
01-18 08:50:09.878   406   406 E DrmService: effb4a28 0 efc743bb 0
01-18 08:50:09.878   406   406 E DrmService: 0 0 0 0
01-18 08:50:09.878   406   406 E DrmService: 0 efc77df0 0 5ed07518
01-18 08:50:09.878   406   406 E DrmService: 1 5ed28ffe 1 0
01-18 08:50:09.878   406   406 E DrmService: 0 0 0 0
01-18 08:50:09.878   406   406 E DrmService: 0 0 0 77cb4716
01-18 08:50:09.878   406   406 E DrmService: ff8ebcbc ff8ebc28 1 acd0b030
01-18 08:50:09.878   406   406 E DrmService: 0 0 0 ff8ebecc
01-18 08:50:09.878   406   406 E DrmService: efff67d3 642f0001 732f7665 656b636f
01-18 08:50:09.878   406   406 E DrmService: 72702f74 7265706f 735f7974 69767265
01-18 08:50:09.878   406   406 E DrmService: 6563 0 0 0
01-18 08:50:09.878   406   406 E DrmService: 0 0 0 0
01-18 08:50:09.878   406   406 I chatty  : uid=0(root) /vendor/bin/drmservice identical 1 line
01-18 08:50:09.878   406   406 E DrmService: 0 0 0 0
01-18 08:50:09.878   406   406 E DrmService: 0 ff8ebcbc ff8ebd44 0
01-18 08:50:09.878   406   406 E DrmService: acd0b030 0 0 acd07378
01-18 08:50:09.878   406   406 E DrmService: acd08d7c 0 efff6671 0
01-18 08:50:09.878   406   406 E DrmService: 0 0 5 0
01-18 08:50:09.878   406   406 E DrmService: ff8ebcbc ff8ebd0c 4 ff8ebd10
01-18 08:50:09.878   406   406 E DrmService: 4 acd07378 f a
01-18 08:50:09.878   406   406 E DrmService: acd065f7 8 0 30495631
01-18 08:50:09.878   406   406 E DrmService: 35445533 324d 0 10
01-18 08:50:09.878   406   406 E DrmService: 0 0 20001 77cb4716
01-18 08:50:09.878   406   406 E DrmService: acd08c74 ff8ebdc8 acd0b051 acd0b030
01-18 08:50:09.878   406   406 E DrmService: acd06931 acd0b051 0 0
01-18 08:50:09.878   406   406 E DrmService: 0 0 0 77cb4716
01-18 08:50:09.878   406   406 E DrmService: acd08c74 ff8ebdc8 acd0b051 acd0b030
01-18 08:50:09.878   406   406 E DrmService: 77cb4716 acd08c74 ff8ebdc8 acd0b051
01-18 08:50:09.878   406   406 E DrmService: vendor read error
01-18 08:50:09.878   406   406 E DrmService: ----vendor read sn error,try drmboot----
01-18 08:50:09.878   406   406 E DrmService: rknand_sys_storage open fail
01-18 08:50:09.891   406   406 E DrmService: Unable to open path (/sys/class/android_usb/android0/iSerial),error is(No such file or directory)
01-18 08:50:09.891   406   406 E DrmService: try /config/usb_gadget/g1/strings/0x409/serialnumber
01-18 08:50:09.891   406   406 E DrmService: get serialno from idb,serialno = 1VI03UD5M2
01-18 08:50:09.891   406   406 E DrmService: ------detect not SecureBoot---
01-18 08:50:10.177   404   404 I wificond: wificond is starting up...
01-18 08:50:11.200   392   392 D Zygote32Timing: PostZygoteInitGC took to complete: 37ms
01-18 08:50:11.200   392   392 D Zygote32Timing: ZygoteInit took to complete: 39ms
01-18 08:50:11.270   391   391 D Zygote64Timing: BeginIcuCachePinning took to complete: 85ms
01-18 08:50:12.119   391   391 D Zygote64Timing: PreloadClasses took to complete: 848ms
01-18 08:50:12.396   391   391 D Zygote64Timing: PreloadResources took to complete: 278ms
01-18 08:50:12.471   391   391 D Zygote64Timing: ZygotePreload took to complete: 1285ms
01-18 08:50:12.507   391   391 D Zygote64Timing: PostZygoteInitGC took to complete: 37ms
01-18 08:50:12.507   391   391 D Zygote64Timing: ZygoteInit took to complete: 1324ms
01-18 08:50:12.694   470   470 I SystemServer: InitBeforeStartServices
01-18 08:50:12.697   470   470 I SystemServer: Entered the Android system server!
01-18 08:50:12.900   470   470 D SystemServerTiming: InitBeforeStartServices took to complete: 206ms
01-18 08:50:12.901   470   470 I SystemServer: StartServices
01-18 08:50:12.901   470   470 I SystemServer: Reading configuration...
01-18 08:50:12.901   470   470 I SystemServer: ReadingSystemConfig
01-18 08:50:12.901   470   470 D SystemServerTiming: ReadingSystemConfig took to complete: 1ms
01-18 08:50:12.901   470   470 I SystemServer: StartInstaller
01-18 08:50:12.901   470   470 I SystemServiceManager: Starting com.android.server.pm.Installer
01-18 08:50:12.902   470   483 D SystemServerInitThreadPool: Started executing ReadingSystemConfig
01-18 08:50:12.908   470   470 D SystemServerTiming: StartInstaller took to complete: 7ms
01-18 08:50:12.909   470   470 I SystemServer: DeviceIdentifiersPolicyService
01-18 08:50:12.909   470   470 I SystemServiceManager: Starting com.android.server.os.DeviceIdentifiersPolicyService
01-18 08:50:12.911   470   470 D SystemServerTiming: DeviceIdentifiersPolicyService took to complete: 3ms
01-18 08:50:12.911   470   470 I SystemServer: StartActivityManager
01-18 08:50:12.911   470   470 I SystemServiceManager: Starting com.android.server.am.ActivityManagerService$Lifecycle
01-18 08:50:12.949   470   470 I ActivityManager: Memory class: 192
01-18 08:50:12.952   470   485 I ServiceThread: Enabled StrictMode logging for ActivityManager looper.
01-18 08:50:12.953   470   486 I ServiceThread: Enabled StrictMode logging for android.ui looper.
01-18 08:50:12.983   470   470 D BatteryStatsImpl: Reading daily items from /data/system/batterystats-daily.xml
01-18 08:50:13.004   470   488 E BatteryExternalStatsWorker: no controller energy info supplied for telephony
01-18 08:50:13.034   470   483 D SystemServerInitThreadPool: Finished executing ReadingSystemConfig
01-18 08:50:13.053   470   470 I AppOps  : No existing app ops /data/system/appops.xml; starting empty
01-18 08:50:13.067   470   470 I IntentFirewall: Read new rules (A:0 B:0 S:0)
01-18 08:50:13.071   470   495 I ServiceThread: Enabled StrictMode logging for android.display looper.
--------- beginning of main
01-18 08:50:13.074   470   470 W system_server: Failed to remove /dev/memcg/apps/uid_1000/pid_243: Device or resource busy
01-18 08:50:13.074   470   470 W system_server: Failed to remove /dev/memcg/apps/uid_1000/pid_244: Device or resource busy
01-18 08:50:13.074   470   470 W system_server: Failed to remove /dev/memcg/apps/uid_1000/pid_245: Device or resource busy
01-18 08:50:13.074   470   470 W system_server: Failed to remove /dev/memcg/apps/uid_1000/pid_257: Device or resource busy
01-18 08:50:13.074   470   470 W system_server: Failed to remove /dev/memcg/apps/uid_1000/pid_265: Device or resource busy
01-18 08:50:13.074   470   470 W system_server: Failed to remove /dev/memcg/apps/uid_1000/pid_270: Device or resource busy
01-18 08:50:13.074   470   470 W system_server: Failed to remove /dev/memcg/apps/uid_1000/pid_273: Device or resource busy
01-18 08:50:13.074   470   470 W system_server: Failed to remove /dev/memcg/apps/uid_1000/pid_274: Device or resource busy
01-18 08:50:13.074   470   470 W system_server: Failed to remove /dev/memcg/apps/uid_1000/pid_275: Device or resource busy
01-18 08:50:13.074   470   470 W system_server: Failed to remove /dev/memcg/apps/uid_1000/pid_276: Device or resource busy
01-18 08:50:13.074   470   470 W system_server: Failed to remove /dev/memcg/apps/uid_1000/pid_277: Device or resource busy
01-18 08:50:13.074   470   470 W system_server: Failed to remove /dev/memcg/apps/uid_1000/pid_278: Device or resource busy
01-18 08:50:13.074   470   470 W system_server: Failed to remove /dev/memcg/apps/uid_1000/pid_282: Device or resource busy
01-18 08:50:13.074   470   470 W system_server: Failed to remove /dev/memcg/apps/uid_1000/pid_407: Device or resource busy
01-18 08:50:13.074   470   470 W system_server: Failed to remove /dev/memcg/apps/uid_1000: Device or resource busy
01-18 08:50:13.075   470   470 W system_server: Failed to remove /dev/memcg/apps/uid_1002/pid_267: Device or resource busy
01-18 08:50:13.075   470   470 W system_server: Failed to remove /dev/memcg/apps/uid_1002: Device or resource busy
01-18 08:50:13.075   470   470 W system_server: Failed to remove /dev/memcg/apps/uid_1003/pid_340: Device or resource busy
01-18 08:50:13.075   470   470 W system_server: Failed to remove /dev/memcg/apps/uid_1003: Device or resource busy
01-18 08:50:13.075   470   470 W system_server: Failed to remove /dev/memcg/apps/uid_1010/pid_404: Device or resource busy
01-18 08:50:13.075   470   470 W system_server: Failed to remove /dev/memcg/apps/uid_1010: Device or resource busy
01-18 08:50:13.075   470   470 W system_server: Failed to remove /dev/memcg/apps/uid_1013/pid_269: Device or resource busy
01-18 08:50:13.075   470   470 W system_server: Failed to remove /dev/memcg/apps/uid_1013/pid_271: Device or resource busy
01-18 08:50:13.075   470   470 W system_server: Failed to remove /dev/memcg/apps/uid_1013/pid_272: Device or resource busy
01-18 08:50:13.075   470   470 W system_server: Failed to remove /dev/memcg/apps/uid_1013/pid_398: Device or resource busy
01-18 08:50:13.075   470   470 W system_server: Failed to remove /dev/memcg/apps/uid_1013/pid_400: Device or resource busy
01-18 08:50:13.075   470   470 W system_server: Failed to remove /dev/memcg/apps/uid_1013/pid_401: Device or resource busy
01-18 08:50:13.075   470   470 W system_server: Failed to remove /dev/memcg/apps/uid_1013: Device or resource busy
01-18 08:50:13.075   470   470 W system_server: Failed to remove /dev/memcg/apps/uid_1017/pid_397: Device or resource busy
01-18 08:50:13.075   470   470 W system_server: Failed to remove /dev/memcg/apps/uid_1017: Device or resource busy
01-18 08:50:13.076   470   470 W system_server: Failed to remove /dev/memcg/apps/uid_1019/pid_395: Device or resource busy
01-18 08:50:13.076   470   470 W system_server: Failed to remove /dev/memcg/apps/uid_1019: Device or resource busy
01-18 08:50:13.076   470   470 W system_server: Failed to remove /dev/memcg/apps/uid_1036/pid_242: Device or resource busy
01-18 08:50:13.076   470   470 W system_server: Failed to remove /dev/memcg/apps/uid_1036: Device or resource busy
01-18 08:50:13.076   470   470 W system_server: Failed to remove /dev/memcg/apps/uid_1040/pid_399: Device or resource busy
01-18 08:50:13.076   470   470 W system_server: Failed to remove /dev/memcg/apps/uid_1040: Device or resource busy
01-18 08:50:13.076   470   470 W system_server: Failed to remove /dev/memcg/apps/uid_1041/pid_266: Device or resource busy
01-18 08:50:13.076   470   470 W system_server: Failed to remove /dev/memcg/apps/uid_1041/pid_393: Device or resource busy
01-18 08:50:13.076   470   470 W system_server: Failed to remove /dev/memcg/apps/uid_1041: Device or resource busy
01-18 08:50:13.076   470   470 W system_server: Failed to remove /dev/memcg/apps/uid_1046/pid_405: Device or resource busy
01-18 08:50:13.076   470   470 W system_server: Failed to remove /dev/memcg/apps/uid_1046: Device or resource busy
01-18 08:50:13.077   470   470 W system_server: Failed to remove /dev/memcg/apps/uid_1047/pid_268: Device or resource busy
01-18 08:50:13.077   470   470 W system_server: Failed to remove /dev/memcg/apps/uid_1047/pid_394: Device or resource busy
01-18 08:50:13.077   470   470 W system_server: Failed to remove /dev/memcg/apps/uid_1047: Device or resource busy
01-18 08:50:13.077   470   470 W system_server: Failed to remove /dev/memcg/apps/uid_1058/pid_408: Device or resource busy
01-18 08:50:13.077   470   470 W system_server: Failed to remove /dev/memcg/apps/uid_1058: Device or resource busy
01-18 08:50:13.077   470   470 W system_server: Failed to remove /dev/memcg/apps/uid_2000/pid_286: Device or resource busy
01-18 08:50:13.077   470   470 W system_server: Failed to remove /dev/memcg/apps/uid_2000: Device or resource busy
01-18 08:50:13.079   470   470 D AppOps  : AppOpsService published
01-18 08:50:13.079   470   470 D SystemServerTiming: StartActivityManager took to complete: 168ms
01-18 08:50:13.079   470   470 I SystemServer: StartPowerManager
01-18 08:50:13.080   470   470 I SystemServiceManager: Starting com.android.server.power.PowerManagerService
01-18 08:50:13.089   470   497 I ServiceThread: Enabled StrictMode logging for PowerManagerService looper.
01-18 08:50:13.090   470   470 I libsuspend: Selected wakeup count
01-18 08:50:13.097   470   470 D SystemServerTiming: StartPowerManager took to complete: 18ms
01-18 08:50:13.097   470   470 I SystemServer: InitPowerManagement
01-18 08:50:13.103   470   470 D SystemServerTiming: InitPowerManagement took to complete: 5ms
01-18 08:50:13.103   470   470 I SystemServer: StartRecoverySystemService
01-18 08:50:13.103   470   470 I SystemServiceManager: Starting com.android.server.RecoverySystemService
01-18 08:50:13.105   470   470 D SystemServerTiming: StartRecoverySystemService took to complete: 3ms
01-18 08:50:13.113   470   470 W RescueParty: Noticed 1 events for UID 0 in last 9 sec
01-18 08:50:13.113   470   470 I SystemServer: StartLightsService
01-18 08:50:13.113   470   470 I SystemServiceManager: Starting com.android.server.lights.LightsService
01-18 08:50:13.113   470   470 D SystemServerTiming: StartLightsService took to complete: 0ms
01-18 08:50:13.113   470   470 I SystemServer: StartDisplayManager
01-18 08:50:13.113   470   470 I SystemServiceManager: Starting com.android.server.display.DisplayManagerService
01-18 08:50:13.120   470   470 D SystemServerTiming: StartDisplayManager took to complete: 7ms
01-18 08:50:13.120   470   470 I SystemServer: WaitForDisplay
01-18 08:50:13.120   470   470 I SystemServiceManager: Starting phase 100
01-18 08:50:13.127   470   495 I DisplayManagerService: Display device added: DisplayDeviceInfo{"Built-in Screen": uniqueId="local:0", 1920 x 1080, modeId 1, defaultModeId 1, supportedModes [{id=1, width=1920, height=1080, fps=60.000004}], colorMode 0, supportedColorModes [0], HdrCapabilities android.view.Display$HdrCapabilities@1d6308, density 228, 96.0 x 95.916 dpi, appVsyncOff 1000000, presDeadline 16666666, touch INTERNAL, rotation 0, type BUILT_IN, state UNKNOWN, FLAG_DEFAULT_DISPLAY, FLAG_ROTATES_WITH_CONTENT, FLAG_SECURE, FLAG_SUPPORTS_PROTECTED_BUFFERS}
01-18 08:50:13.128   282   282 D SurfaceFlinger: Set power mode=2, type=0 flinger=0x783265e000
01-18 08:50:13.131   275   275 E Lights Hal: write_int failed to open /sys/class/backlight/rk28_bl/brightness
01-18 08:50:13.132   470   495 I DisplayManagerService: Display device changed state: "Built-in Screen", ON
01-18 08:50:13.132   470   470 D SystemServerTiming: WaitForDisplay took to complete: 12ms
01-18 08:50:13.132   470   470 I SystemServer: StartPackageManagerService
01-18 08:50:13.148   470   470 D PackageSettings: Settings' Object Creat!
01-18 08:50:13.149   470   470 D PackageSettings: mSettingsFilename not exist!/oem/etc/package_performance.xml
01-18 08:50:13.162   470   470 D SELinuxMMAC: Using policy file /system/etc/selinux/plat_mac_permissions.xml
01-18 08:50:13.164   470   470 D SELinuxMMAC: Using policy file /vendor/etc/selinux/nonplat_mac_permissions.xml
01-18 08:50:13.308   470   470 W PackageManager: Failed to parse /system/framework/arm: Missing base APK in /system/framework/arm
01-18 08:50:13.308   470   470 W PackageManager: Failed to parse /system/framework/oat: Missing base APK in /system/framework/oat
01-18 08:50:13.309   470   470 W PackageManager: Failed to parse /system/framework/arm64: Missing base APK in /system/framework/arm64
01-18 08:50:13.592   470   508 W PackageParser: No actions in intent filter at /system/priv-app/Contacts/Contacts.apk Binary XML file line #443
01-18 08:50:13.597   470   510 W PackageParser: Ignoring duplicate uses-permissions/uses-permissions-sdk-m: android.permission.CONFIGURE_WIFI_DISPLAY in package: com.android.systemui at: Binary XML file line #131
01-18 08:50:13.610   470   508 W PackageParser: Ignoring duplicate uses-permissions/uses-permissions-sdk-m: android.permission.INSTALL_GRANT_RUNTIME_PERMISSIONS in package: com.android.shell at: Binary XML file line #106
01-18 08:50:13.660   470   507 W PackageParser: Ignoring duplicate uses-permissions/uses-permissions-sdk-m: android.permission.ACCESS_FINE_LOCATION in package: com.DeviceTest at: Binary XML file line #19
01-18 08:50:13.660   470   507 W PackageParser: Ignoring duplicate uses-permissions/uses-permissions-sdk-m: android.permission.WRITE_SETTINGS in package: com.DeviceTest at: Binary XML file line #28
01-18 08:50:13.660   470   507 W PackageParser: Ignoring duplicate uses-permissions/uses-permissions-sdk-m: android.permission.INTERNET in package: com.DeviceTest at: Binary XML file line #36
01-18 08:50:13.660   470   507 W PackageParser: Ignoring duplicate uses-permissions/uses-permissions-sdk-m: android.permission.DEVICE_POWER in package: com.DeviceTest at: Binary XML file line #40
01-18 08:50:13.722   470   509 I PackageParser: Parse times for '/system/priv-app/PrebuiltGmsCore': parse=240ms, update_cache=99 ms
01-18 08:50:13.743   470   470 W PackageManager: Package com.google.android.ext.services library android.ext.services already exists; skipping
01-18 08:50:13.883   470   510 I PackageParser: Parse times for '/system/priv-app/Settings': parse=177ms, update_cache=15 ms
01-18 08:50:13.927   470   512 W PackageParser: Ignoring duplicate uses-permissions/uses-permissions-sdk-m: android.permission.READ_CONTACTS in package: com.android.bluetooth at: Binary XML file line #61
01-18 08:50:13.930   470   512 W PackageParser: No actions in intent filter at /system/app/Bluetooth/Bluetooth.apk Binary XML file line #226
01-18 08:50:13.967   470   514 W PackageParser: Ignoring duplicate uses-permissions/uses-permissions-sdk-m: android.permission.WRITE_CONTACTS in package: com.android.email at: Binary XML file line #40
01-18 08:50:14.001   489   490 I adbd    : functionfs successfully initialized
01-18 08:50:14.002   489   490 I adbd    : registering usb transport
01-18 08:50:14.011   403   414 E /system/bin/storaged: getService package_native failed
01-18 08:50:14.013   403   414 I /system/bin/storaged: storaged: Start
01-18 08:50:14.058   470   513 W PackageParser: Unknown element under <manifest>: meta-data at /system/app/Lightning/Lightning.apk Binary XML file line #32
01-18 08:50:14.113   470   514 W PackageParser: Ignoring duplicate uses-permissions/uses-permissions-sdk-m: android.permission.CHANGE_WIFI_STATE in package: com.android.nfc at: Binary XML file line #47
01-18 08:50:14.113   470   514 W PackageParser: Ignoring duplicate uses-permissions/uses-permissions-sdk-m: android.permission.ACCESS_WIFI_STATE in package: com.android.nfc at: Binary XML file line #48
01-18 08:50:14.133   285   285 I sh      : type=1400 audit(0.0:13): avc: denied { read } for name="/" dev="rootfs" ino=2 scontext=u:r:pwm_fan_autorun:s0 tcontext=u:object_r:rootfs:s0 tclass=dir permissive=1
01-18 08:50:14.133   285   285 I sh      : type=1400 audit(0.0:14): avc: denied { open } for path="/" dev="rootfs" ino=2 scontext=u:r:pwm_fan_autorun:s0 tcontext=u:object_r:rootfs:s0 tclass=dir permissive=1
01-18 08:50:14.137   470   470 W PackageManager: Package com.google.android.ext.shared library android.ext.shared already exists; skipping
01-18 08:50:14.140   518   518 I sh      : type=1400 audit(0.0:15): avc: denied { execute_no_trans } for path="/vendor/bin/toybox_vendor" dev="dm-1" ino=53 scontext=u:r:pwm_fan_autorun:s0 tcontext=u:object_r:vendor_toolbox_exec:s0 tclass=file permissive=1
01-18 08:50:14.153   470   513 W PackageParser: Unknown element under <application>: permission at /system/app/Gallery2/Gallery2.apk Binary XML file line #251
01-18 08:50:14.153   470   513 W PackageParser: Unknown element under <application>: permission at /system/app/Gallery2/Gallery2.apk Binary XML file line #254
01-18 08:50:14.173   470   519 W PackageParser: Ignoring duplicate uses-permissions/uses-permissions-sdk-m: android.permission.DEVICE_POWER in package: android.rk.RockVideoPlayer at: Binary XML file line #25
01-18 08:50:14.176   470   470 D PackageManager: No files in app dir /oem/app
01-18 08:50:14.176   470   470 D PackageManager: No files in app dir /oem/bundled_uninstall_gone-app
01-18 08:50:14.176   470   470 D PackageManager: No files in app dir /oem/bundled_uninstall_back-app
01-18 08:50:14.176   470   470 D PackageManager: No files in app dir /oem/bundled_persist-app
01-18 08:50:14.179   470   470 I PackageManager: Finished scanning system apps. Time: 893 ms, packageCount: 99 , timePerPackage: 9 , cached: 0
01-18 08:50:14.179   470   470 D PackageManager: No files in app dir /data/app
01-18 08:50:14.179   470   470 D PackageManager: No files in app dir /data/app-private
01-18 08:50:14.179   470   470 I PackageManager: Finished scanning non-system apps. Time: 1 ms, packageCount: 0 , timePerPackage: 0 , cached: 0
01-18 08:50:14.183   470   470 I PackageManager: Time to scan packages: 0.898 seconds
01-18 08:50:14.184   470   470 I PackageManager: Un-granting permission android.permission.INSTALL_GRANT_RUNTIME_PERMISSIONS from package com.android.vending (protectionLevel=770 flags=0x384abe45)
01-18 08:50:14.184   470   470 I PackageManager: Un-granting permission android.permission.GRANT_RUNTIME_PERMISSIONS from package com.android.vending (protectionLevel=770 flags=0x384abe45)
01-18 08:50:14.184   470   470 I PackageManager: Un-granting permission android.permission.REVOKE_RUNTIME_PERMISSIONS from package com.android.vending (protectionLevel=770 flags=0x384abe45)
01-18 08:50:14.184   470   470 I PackageManager: Un-granting permission android.permission.SET_PREFERRED_APPLICATIONS from package com.android.vending (protectionLevel=514 flags=0x384abe45)
01-18 08:50:14.184   470   470 I PackageManager: Un-granting permission android.permission.ACCESS_INSTANT_APPS from package com.android.vending (protectionLevel=770 flags=0x384abe45)
01-18 08:50:14.186   470   470 V PackageManager: reconcileAppsData for null u0 0x3 migrateAppData=true
01-18 08:50:14.211   396   409 I SELinux : SELinux: Loaded file_contexts
01-18 08:50:14.298   470   470 V PackageManager: reconcileAppsData finished 24 packages
01-18 08:50:14.299   470   520 D SystemServerInitThreadPool: Started executing prepareAppData
01-18 08:50:14.313   396   409 W installd: Ignoring /data/data/com.android.vending/lib with unexpected GID 0 instead of 10014
01-18 08:50:14.336   396   409 W installd: Ignoring /data/data/com.android.webview/lib with unexpected GID 0 instead of 10053
01-18 08:50:14.347   396   409 W installd: Ignoring /data/data/com.svox.pico/lib with unexpected GID 0 instead of 10037
01-18 08:50:14.354   396   409 W installd: Ignoring /data/data/acr.browser.barebones/lib with unexpected GID 0 instead of 10054
01-18 08:50:14.355   470   470 V PackageManager: Ephemeral resolver found; pkg: com.google.android.gms, info:ResolveInfo{3fe58bb com.google.android.gms/.chimera.PersistentBoundBrokerService m=0x108000}
01-18 08:50:14.355   470   470 D PackageManager: Set ephemeral resolver: Pair{ComponentInfo{com.google.android.gms/com.google.android.gms.chimera.PersistentBoundBrokerService} android.intent.action.RESOLVE_INSTANT_APP_PACKAGE}
01-18 08:50:14.361   470   470 D PackageManager: Set ephemeral installer activity: ComponentInfo{com.android.vending/com.google.android.finsky.instantapps.EphemeralInstallerActivity}
01-18 08:50:14.410   470   520 D SystemServerTimingAsync: AppDataFixup took to complete: 110ms
01-18 08:50:14.423   470   470 I zygote64: Explicit concurrent copying GC freed 37020(1891KB) AllocSpace objects, 6(248KB) LOS objects, 42% free, 3MB/6MB, paused 58us total 53.717ms
01-18 08:50:14.425   470   470 D FallbackCategoryProvider: Found 1 fallback categories
01-18 08:50:14.430   470   470 D SystemServerTiming: StartPackageManagerService took to complete: 1297ms
01-18 08:50:14.430   470   470 I SystemServer: StartOtaDexOptService
01-18 08:50:14.432   470   470 D OTADexopt: No upgrade, skipping A/B artifacts check.
01-18 08:50:14.432   470   470 D SystemServerTiming: StartOtaDexOptService took to complete: 2ms
01-18 08:50:14.432   470   470 I SystemServer: StartUserManagerService
01-18 08:50:14.433   470   470 I SystemServiceManager: Starting com.android.server.pm.UserManagerService$LifeCycle
01-18 08:50:14.434   470   470 D SystemServerTiming: StartUserManagerService took to complete: 1ms
01-18 08:50:14.434   470   470 I SystemServer: InitAttributerCache
01-18 08:50:14.434   470   470 D SystemServerTiming: InitAttributerCache took to complete: 0ms
01-18 08:50:14.434   470   470 I SystemServer: SetSystemProcess
01-18 08:50:14.450   281   281 I lowmemorykiller: ActivityManager connected
01-18 08:50:14.451   470   470 D SystemServerTiming: SetSystemProcess took to complete: 18ms
01-18 08:50:14.452   470   523 I ServiceThread: Enabled StrictMode logging for android.anim looper.
01-18 08:50:14.453   470   470 I SystemServer: StartOverlayManagerService
01-18 08:50:14.458   470   470 D SystemServerTiming: StartOverlayManagerService took to complete: 5ms
