05-31 04:32:50.330   470   484 I SyncManager: Got SyncJobService instance.
05-31 04:32:50.339   591   774 I bt_core_module: module_clean_up Cleanup of module "btif_config_module" completed
05-31 04:32:50.339   591   774 I bt_core_module: module_clean_up Cleaning up module "bt_utils_module"
05-31 04:32:50.339   591   774 I bt_core_module: module_clean_up Cleanup of module "bt_utils_module" completed
05-31 04:32:50.339   591   774 I bt_core_module: module_clean_up Cleaning up module "osi_module"
05-31 04:32:50.340   591   780 D bt_osi_alarm: callback_dispatch Callback thread exited
05-31 04:32:50.340   591   780 W bt_osi_thread: run_thread: thread id 780, thread name alarm_dispatcher exited
05-31 04:32:50.340   591   779 W bt_osi_thread: run_thread: thread id 779, thread name alarm_default_ca exited
05-31 04:32:50.341   591   774 I bt_core_module: module_clean_up Cleanup of module "osi_module" completed
05-31 04:32:50.341   591   774 I bt_stack_manager: event_clean_up_stack finished
05-31 04:32:50.341   591   591 I BluetoothServiceJni: cleanupNative: return from cleanup
05-31 04:32:50.342   591   591 D BluetoothAdapterService: onDestroy()
05-31 04:32:50.343   591   591 I BluetoothAdapterService: Force exit to cleanup internal state in Bluetooth stack
05-31 04:32:50.345   591   591 I com.android.bluetooth: System.exit called, status: 0
05-31 04:32:50.345   470   470 D AutofillManagerService: Autofill restriction did not change for user 0: null
05-31 04:32:50.345   591   591 I AndroidRuntime: VM exiting with result code 0, cleanup skipped.
05-31 04:32:50.350   470   470 I FusedLocation: engine started (com.android.location.fused)
05-31 04:32:50.379   630   630 D Tonal   : Tonal Palette - index: 10. Main color: ffeb9aa9
05-31 04:32:50.379   630   630 D Tonal   : Colors: ff140409, ff290813, ff3e0c1f, ff58112c, ff771841, ff971e46, ffb72455, ffc8537a, ffe06283, ffe57c95, ffeb9aa9, fff3c5cc, fff9e2e7
05-31 04:32:50.379   630   630 D Tonal   : Gradients: 
05-31 04:32:50.379   630   630 D Tonal   :      Normal GradientColors(ffeb9aa9, ffe06283)
05-31 04:32:50.379   630   630 D Tonal   :      Dark GradientColors(ff58112c, ff290813)
05-31 04:32:50.379   630   630 D Tonal   :      Extra dark: GradientColors(ff3e0c1f, ff140409)
05-31 04:32:50.379   630   630 D Tonal   : Tonal Palette - index: 10. Main color: ffeb9aa9
05-31 04:32:50.379   630   630 D Tonal   : Colors: ff140409, ff290813, ff3e0c1f, ff58112c, ff771841, ff971e46, ffb72455, ffc8537a, ffe06283, ffe57c95, ffeb9aa9, fff3c5cc, fff9e2e7
05-31 04:32:50.379   630   630 D Tonal   : Gradients: 
05-31 04:32:50.379   630   630 D Tonal   :      Normal GradientColors(ffeb9aa9, ffe06283)
05-31 04:32:50.379   630   630 D Tonal   :      Dark GradientColors(ff58112c, ff290813)
05-31 04:32:50.379   630   630 D Tonal   :      Extra dark: GradientColors(ff3e0c1f, ff140409)
05-31 04:32:50.400   630   630 D StatusBar: disable<e i a s b h r c s q >
05-31 04:32:50.401   470   482 I ActivityManager: Process com.android.bluetooth (pid 591) has died: fore SVC 
05-31 04:32:50.401   470   487 W system_server: kill(-591, 9) failed: No such process
05-31 04:32:50.401   470   487 I system_server: Successfully killed process cgroup uid 1002 pid 591 in 0ms
05-31 04:32:50.401   470   732 I StatusBarManagerService: registerStatusBar bar=com.android.internal.statusbar.IStatusBar$Stub$Proxy@d8ef263
05-31 04:32:50.464   722   722 D PhoneSwitcherNetworkRequstListener: got request NetworkRequest [ REQUEST id=1, [ Capabilities: INTERNET&NOT_RESTRICTED&TRUSTED&NOT_VPN] ] with score 0
05-31 04:32:50.464   722   722 D PhoneSwitcherNetworkRequstListener: got request NetworkRequest [ TRACK_DEFAULT id=5, [ Capabilities: INTERNET&NOT_RESTRICTED&TRUSTED&NOT_VPN] ] with score 0
05-31 04:32:50.464   722   722 D PhoneSwitcherNetworkRequstListener: got request NetworkRequest [ BACKGROUND_REQUEST id=2, [ Transports: CELLULAR Capabilities: INTERNET&NOT_RESTRICTED&TRUSTED&NOT_VPN] ] with score 0
05-31 04:32:50.464   722   722 D PhoneSwitcherNetworkRequstListener: got request NetworkRequest [ TRACK_DEFAULT id=3, [ Capabilities: INTERNET&NOT_RESTRICTED&TRUSTED&NOT_VPN] ] with score 0
05-31 04:32:50.465   722   722 D TelephonyDebugService: TelephonyDebugService()
05-31 04:32:50.466   722   722 D CarrierConfigLoader: mHandler: 12 phoneId: 0
05-31 04:32:50.467   722   722 I com.android.phone: Looking for service android.hardware.radio@1.0::IRadio/slot1
05-31 04:32:50.471   630   934 I SecurityController: could not bind to KeyChainService
05-31 04:32:50.473   722   722 I com.android.phone: Looking for service android.hardware.radio@1.0::IRadio/slot1
05-31 04:32:50.488   722   722 D OpenGLRenderer: HWUI GL Pipeline
05-31 04:32:50.494   470   482 W Telecom : : registerPhoneAccount not allowed on non-voice capable device.: TSI.rPA@AAM
05-31 04:32:50.495   722   722 I TelecomFramework: AccountEntry: Registered phoneAccount: [[ ] PhoneAccount: ComponentInfo{com.android.phone/com.android.services.telephony.TelephonyConnectionService}, [e0184adedf913b076626646d3f52c3b49c39ad6d], UserHandle{0} Capabilities: CallProvider MultiUser PlaceEmerg SimSub  Audio Routes: BESW Schemes: tel voicemail  Extras: Bundle[{android.telecom.extra.SUPPORTS_VIDEO_CALLING_FALLBACK=false}] GroupId: [da39a3ee5e6b4b0d3255bfef95601890afd80709]] with handle: ComponentInfo{com.android.phone/com.android.services.telephony.TelephonyConnectionService}, [e0184adedf913b076626646d3f52c3b49c39ad6d], UserHandle{0}
05-31 04:32:50.496   722   722 I TelecomFramework: PstnIncomingCallNotifier: Registering: Handler (com.android.internal.telephony.GsmCdmaPhone) {8f22c6c}
05-31 04:32:50.503   630   630 I CameraManagerGlobal: Connecting to camera service
05-31 04:32:50.510   630   630 I StatusBar: isKeyguardShowing() called before startKeyguard(), returning true
05-31 04:32:50.513   630   630 W StatusBar: isKeyguardSecure() called before startKeyguard(), returning false
05-31 04:32:50.513   630   630 W StatusBar: java.lang.Throwable
05-31 04:32:50.513   630   630 W StatusBar:     at com.android.systemui.statusbar.phone.StatusBar.isKeyguardSecure(StatusBar.java:7551)
05-31 04:32:50.513   630   630 W StatusBar:     at com.android.systemui.statusbar.phone.StatusBar.isCameraAllowedByAdmin(StatusBar.java:5436)
05-31 04:32:50.513   630   630 W StatusBar:     at com.android.systemui.statusbar.phone.KeyguardBottomAreaView$DefaultRightButton.getIcon(KeyguardBottomAreaView.java:856)
05-31 04:32:50.513   630   630 W StatusBar:     at com.android.systemui.statusbar.phone.KeyguardBottomAreaView.updateCameraVisibility(KeyguardBottomAreaView.java:382)
05-31 04:32:50.513   630   630 W StatusBar:     at com.android.systemui.statusbar.phone.KeyguardBottomAreaView.setStatusBar(KeyguardBottomAreaView.java:351)
05-31 04:32:50.513   630   630 W StatusBar:     at com.android.systemui.statusbar.phone.NotificationPanelView.setStatusBar(NotificationPanelView.java:253)
05-31 04:32:50.513   630   630 W StatusBar:     at com.android.systemui.statusbar.phone.StatusBar.makeStatusBarView(StatusBar.java:1019)
05-31 04:32:50.513   630   630 W StatusBar:     at com.android.systemui.statusbar.phone.StatusBar.addStatusBarWindow(StatusBar.java:3664)
05-31 04:32:50.513   630   630 W StatusBar:     at com.android.systemui.statusbar.phone.StatusBar.createAndAddWindows(StatusBar.java:3660)
05-31 04:32:50.513   630   630 W StatusBar:     at com.android.systemui.statusbar.phone.StatusBar.start(StatusBar.java:889)
05-31 04:32:50.513   630   630 W StatusBar:     at com.android.systemui.SystemBars.createStatusBarFromConfig(SystemBars.java:71)
05-31 04:32:50.513   630   630 W StatusBar:     at com.android.systemui.SystemBars.start(SystemBars.java:42)
05-31 04:32:50.513   630   630 W StatusBar:     at com.android.systemui.SystemUIApplication.startServicesIfNeeded(SystemUIApplication.java:215)
05-31 04:32:50.513   630   630 W StatusBar:     at com.android.systemui.SystemUIApplication.startServicesIfNeeded(SystemUIApplication.java:164)
05-31 04:32:50.513   630   630 W StatusBar:     at com.android.systemui.SystemUIService.onCreate(SystemUIService.java:33)
05-31 04:32:50.513   630   630 W StatusBar:     at android.app.ActivityThread.handleCreateService(ActivityThread.java:3339)
05-31 04:32:50.513   630   630 W StatusBar:     at android.app.ActivityThread.-wrap4(Unknown Source:0)
05-31 04:32:50.513   630   630 W StatusBar:     at android.app.ActivityThread$H.handleMessage(ActivityThread.java:1677)
05-31 04:32:50.513   630   630 W StatusBar:     at android.os.Handler.dispatchMessage(Handler.java:106)
05-31 04:32:50.513   630   630 W StatusBar:     at android.os.Looper.loop(Looper.java:164)
05-31 04:32:50.513   630   630 W StatusBar:     at android.app.ActivityThread.main(ActivityThread.java:6494)
05-31 04:32:50.513   630   630 W StatusBar:     at java.lang.reflect.Method.invoke(Native Method)
05-31 04:32:50.513   630   630 W StatusBar:     at com.android.internal.os.RuntimeInit$MethodAndArgsCaller.run(RuntimeInit.java:438)
05-31 04:32:50.513   630   630 W StatusBar:     at com.android.internal.os.ZygoteInit.main(ZygoteInit.java:807)
05-31 04:32:50.516   722   722 I com.android.phone: Looking for service android.hardware.radio@1.0::IRadio/slot1
05-31 04:32:50.520   722   722 I TelecomFramework: PstnPhoneCapabilitiesNotifier: handleVideoCapabilitesChanged. Video capability - false
05-31 04:32:50.533   470   732 W Telecom : : registerPhoneAccount not allowed on non-voice capable device.: TSI.rPA@AAY
05-31 04:32:50.548   630   630 I StatusBar: isKeyguardShowing() called before startKeyguard(), returning true
05-31 04:32:50.548   630   630 W StatusBar: isKeyguardSecure() called before startKeyguard(), returning false
05-31 04:32:50.548   630   630 W StatusBar: java.lang.Throwable
05-31 04:32:50.548   630   630 W StatusBar:     at com.android.systemui.statusbar.phone.StatusBar.isKeyguardSecure(StatusBar.java:7551)
05-31 04:32:50.548   630   630 W StatusBar:     at com.android.systemui.statusbar.phone.StatusBar.isCameraAllowedByAdmin(StatusBar.java:5436)
05-31 04:32:50.548   630   630 W StatusBar:     at com.android.systemui.statusbar.phone.KeyguardBottomAreaView$DefaultRightButton.getIcon(KeyguardBottomAreaView.java:856)
05-31 04:32:50.548   630   630 W StatusBar:     at com.android.systemui.statusbar.phone.KeyguardBottomAreaView.updateCameraVisibility(KeyguardBottomAreaView.java:382)
05-31 04:32:50.548   630   630 W StatusBar:     at com.android.systemui.statusbar.phone.KeyguardBottomAreaView.setUserSetupComplete(KeyguardBottomAreaView.java:360)
05-31 04:32:50.548   630   630 W StatusBar:     at com.android.systemui.statusbar.phone.NotificationPanelView.setUserSetupComplete(NotificationPanelView.java:2656)
05-31 04:32:50.548   630   630 W StatusBar:     at com.android.systemui.statusbar.phone.StatusBar.makeStatusBarView(StatusBar.java:1162)
05-31 04:32:50.548   630   630 W StatusBar:     at com.android.systemui.statusbar.phone.StatusBar.addStatusBarWindow(StatusBar.java:3664)
05-31 04:32:50.548   630   630 W StatusBar:     at com.android.systemui.statusbar.phone.StatusBar.createAndAddWindows(StatusBar.java:3660)
05-31 04:32:50.548   630   630 W StatusBar:     at com.android.systemui.statusbar.phone.StatusBar.start(StatusBar.java:889)
05-31 04:32:50.548   630   630 W StatusBar:     at com.android.systemui.SystemBars.createStatusBarFromConfig(SystemBars.java:71)
05-31 04:32:50.548   630   630 W StatusBar:     at com.android.systemui.SystemBars.start(SystemBars.java:42)
05-31 04:32:50.548   630   630 W StatusBar:     at com.android.systemui.SystemUIApplication.startServicesIfNeeded(SystemUIApplication.java:215)
05-31 04:32:50.548   630   630 W StatusBar:     at com.android.systemui.SystemUIApplication.startServicesIfNeeded(SystemUIApplication.java:164)
05-31 04:32:50.548   630   630 W StatusBar:     at com.android.systemui.SystemUIService.onCreate(SystemUIService.java:33)
05-31 04:32:50.548   630   630 W StatusBar:     at android.app.ActivityThread.handleCreateService(ActivityThread.java:3339)
05-31 04:32:50.548   630   630 W StatusBar:     at android.app.ActivityThread.-wrap4(Unknown Source:0)
05-31 04:32:50.548   630   630 W StatusBar:     at android.app.ActivityThread$H.handleMessage(ActivityThread.java:1677)
05-31 04:32:50.548   630   630 W StatusBar:     at android.os.Handler.dispatchMessage(Handler.java:106)
05-31 04:32:50.548   630   630 W StatusBar:     at android.os.Looper.loop(Looper.java:164)
05-31 04:32:50.548   630   630 W StatusBar:     at android.app.ActivityThread.main(ActivityThread.java:6494)
05-31 04:32:50.548   630   630 W StatusBar:     at java.lang.reflect.Method.invoke(Native Method)
05-31 04:32:50.548   630   630 W StatusBar:     at com.android.internal.os.RuntimeInit$MethodAndArgsCaller.run(RuntimeInit.java:438)
05-31 04:32:50.548   630   630 W StatusBar:     at com.android.internal.os.ZygoteInit.main(ZygoteInit.java:807)
05-31 04:32:50.571   630   630 D LocalBluetoothProfileManager: Adding local MAP profile
05-31 04:32:50.572   630   630 D BluetoothMap: Create BluetoothMap proxy object
05-31 04:32:50.572   630   630 E BluetoothMap: Could not bind to Bluetooth MAP Service with Intent { act=android.bluetooth.IBluetoothMap }
05-31 04:32:50.573   630   630 E BluetoothPbap: Could not bind to Bluetooth Pbap Service with Intent { act=android.bluetooth.IBluetoothPbap }
05-31 04:32:50.574   630   630 D LocalBluetoothProfileManager: LocalBluetoothProfileManager construction complete
05-31 04:32:50.610   630   630 I StatusBar: isKeyguardShowing() called before startKeyguard(), returning true
05-31 04:32:50.612   630   630 W StatusBar: isKeyguardSecure() called before startKeyguard(), returning false
05-31 04:32:50.612   630   630 W StatusBar: java.lang.Throwable
05-31 04:32:50.612   630   630 W StatusBar:     at com.android.systemui.statusbar.phone.StatusBar.isKeyguardSecure(StatusBar.java:7551)
05-31 04:32:50.612   630   630 W StatusBar:     at com.android.systemui.statusbar.phone.StatusBar.isCameraAllowedByAdmin(StatusBar.java:5436)
05-31 04:32:50.612   630   630 W StatusBar:     at com.android.systemui.statusbar.phone.KeyguardBottomAreaView$DefaultRightButton.getIcon(KeyguardBottomAreaView.java:856)
05-31 04:32:50.612   630   630 W StatusBar:     at com.android.systemui.statusbar.phone.KeyguardBottomAreaView.updateCameraVisibility(KeyguardBottomAreaView.java:382)
05-31 04:32:50.612   630   630 W StatusBar:     at com.android.systemui.statusbar.phone.KeyguardBottomAreaView.setUserSetupComplete(KeyguardBottomAreaView.java:360)
05-31 04:32:50.612   630   630 W StatusBar:     at com.android.systemui.statusbar.phone.NotificationPanelView.setUserSetupComplete(NotificationPanelView.java:2656)
05-31 04:32:50.612   630   630 W StatusBar:     at com.android.systemui.statusbar.phone.StatusBar$1.onUserSetupChanged(StatusBar.java:524)
05-31 04:32:50.612   630   630 W StatusBar:     at com.android.systemui.statusbar.policy.DeviceProvisionedControllerImpl.addCallback(DeviceProvisionedControllerImpl.java:69)
05-31 04:32:50.612   630   630 W StatusBar:     at com.android.systemui.statusbar.policy.DeviceProvisionedControllerImpl.addCallback(DeviceProvisionedControllerImpl.java:63)
05-31 04:32:50.612   630   630 W StatusBar:     at com.android.systemui.statusbar.phone.StatusBar.makeStatusBarView(StatusBar.java:1252)
05-31 04:32:50.612   630   630 W StatusBar:     at com.android.systemui.statusbar.phone.StatusBar.addStatusBarWindow(StatusBar.java:3664)
05-31 04:32:50.612   630   630 W StatusBar:     at com.android.systemui.statusbar.phone.StatusBar.createAndAddWindows(StatusBar.java:3660)
05-31 04:32:50.612   630   630 W StatusBar:     at com.android.systemui.statusbar.phone.StatusBar.start(StatusBar.java:889)
05-31 04:32:50.612   630   630 W StatusBar:     at com.android.systemui.SystemBars.createStatusBarFromConfig(SystemBars.java:71)
05-31 04:32:50.612   630   630 W StatusBar:     at com.android.systemui.SystemBars.start(SystemBars.java:42)
05-31 04:32:50.612   630   630 W StatusBar:     at com.android.systemui.SystemUIApplication.startServicesIfNeeded(SystemUIApplication.java:215)
05-31 04:32:50.612   630   630 W StatusBar:     at com.android.systemui.SystemUIApplication.startServicesIfNeeded(SystemUIApplication.java:164)
05-31 04:32:50.612   630   630 W StatusBar:     at com.android.systemui.SystemUIService.onCreate(SystemUIService.java:33)
05-31 04:32:50.612   630   630 W StatusBar:     at android.app.ActivityThread.handleCreateService(ActivityThread.java:3339)
05-31 04:32:50.612   630   630 W StatusBar:     at android.app.ActivityThread.-wrap4(Unknown Source:0)
05-31 04:32:50.612   630   630 W StatusBar:     at android.app.ActivityThread$H.handleMessage(ActivityThread.java:1677)
05-31 04:32:50.612   630   630 W StatusBar:     at android.os.Handler.dispatchMessage(Handler.java:106)
05-31 04:32:50.612   630   630 W StatusBar:     at android.os.Looper.loop(Looper.java:164)
05-31 04:32:50.612   630   630 W StatusBar:     at android.app.ActivityThread.main(ActivityThread.java:6494)
05-31 04:32:50.612   630   630 W StatusBar:     at java.lang.reflect.Method.invoke(Native Method)
05-31 04:32:50.612   630   630 W StatusBar:     at com.android.internal.os.RuntimeInit$MethodAndArgsCaller.run(RuntimeInit.java:438)
05-31 04:32:50.612   630   630 W StatusBar:     at com.android.internal.os.ZygoteInit.main(ZygoteInit.java:807)
05-31 04:32:50.613   630   906 D OpenGLRenderer: profile bars disabled
05-31 04:32:50.614   630   906 D OpenGLRenderer: ambientRatio = 1.50
05-31 04:32:50.620   630   630 D StatusBar: disable<e i a s b h r c s q >
05-31 04:32:50.644   630   630 D StatusBar: heads up is enabled
05-31 04:32:50.654   630   915 E ActivityThread: Failed to find provider info for com.android.contacts
05-31 04:32:50.659   630   630 D SystemUIBootTiming: StartServicesSystemBars took to complete: 387ms
05-31 04:32:50.664   630   630 D StorageNotification: Notifying about private volume: VolumeInfo{private}:
05-31 04:32:50.664   630   630 D StorageNotification:     type=PRIVATE diskId=null partGuid=null mountFlags=0 mountUserId=-1 
05-31 04:32:50.664   630   630 D StorageNotification:     state=MOUNTED 
05-31 04:32:50.664   630   630 D StorageNotification:     fsType=null fsUuid=null fsLabel=null 
05-31 04:32:50.664   630   630 D StorageNotification:     path=/data internalPath=null 
05-31 04:32:50.667   630   630 D SystemUIBootTiming: StartServicesStorageNotification took to complete: 8ms
05-31 04:32:50.675   470   482 E PowerManagerService: Failed to read last_reboot_reason file
05-31 04:32:50.675   470   482 E PowerManagerService: java.io.FileNotFoundException: /data/misc/reboot/last_reboot_reason (No such file or directory)
05-31 04:32:50.675   470   482 E PowerManagerService:   at java.io.FileInputStream.open0(Native Method)
05-31 04:32:50.675   470   482 E PowerManagerService:   at java.io.FileInputStream.open(FileInputStream.java:200)
05-31 04:32:50.675   470   482 E PowerManagerService:   at java.io.FileInputStream.<init>(FileInputStream.java:150)
05-31 04:32:50.675   470   482 E PowerManagerService:   at java.io.FileReader.<init>(FileReader.java:72)
05-31 04:32:50.675   470   482 E PowerManagerService:   at com.android.server.power.PowerManagerService.getLastShutdownReasonInternal(PowerManagerService.java:4651)
05-31 04:32:50.675   470   482 E PowerManagerService:   at com.android.server.power.PowerManagerService$BinderService.getLastShutdownReason(PowerManagerService.java:4408)
05-31 04:32:50.675   470   482 E PowerManagerService:   at android.os.IPowerManager$Stub.onTransact(IPowerManager.java:302)
05-31 04:32:50.675   470   482 E PowerManagerService:   at android.os.Binder.execTransact(Binder.java:697)
05-31 04:32:50.676   630   630 D SystemUIBootTiming: StartServicesPowerUI took to complete: 8ms
05-31 04:32:50.678   630   630 D SystemUIBootTiming: StartServicesRingtonePlayer took to complete: 2ms
05-31 04:32:50.679   630   630 D SystemUIBootTiming: StartServicesKeyboardUI took to complete: 1ms
05-31 04:32:50.696   630   630 D SystemUIBootTiming: StartServicesPipUI took to complete: 17ms
05-31 04:32:50.698   630   630 D SystemUIBootTiming: StartServicesShortcutKeyDispatcher took to complete: 2ms
05-31 04:32:50.698   630   630 D SystemUIBootTiming: StartServicesVendorServices took to complete: 0ms
05-31 04:32:50.699   630   630 D SystemUIBootTiming: StartServicesService took to complete: 0ms
05-31 04:32:50.700   630   630 D SystemUIBootTiming: StartServicesLatencyTester took to complete: 1ms
05-31 04:32:50.702   630   630 D SystemUIBootTiming: StartServicesGlobalActionsComponent took to complete: 2ms
05-31 04:32:50.705   630   630 D SystemUIBootTiming: StartServicesRoundedCorners took to complete: 3ms
05-31 04:32:50.705   630   630 D SystemUIBootTiming: StartServices took to complete: 1048ms
05-31 04:32:50.747   470   547 I InputReader: Reconfiguring input devices.  changes=0x00000004
05-31 04:32:50.764   470   547 I InputReader: Reconfiguring input devices.  changes=0x00000004
05-31 04:32:50.766   273   273 I [Gralloc]: Got fd 16 for handle 1
05-31 04:32:50.767   630   906 I mali_so : [File] : hardware/arm/maliT760/driver/product/base/src/mali_base_kbase.c; [Line] : 947; [Func] : base_context_deal_with_version_affairs_rk_ext;
05-31 04:32:50.767   630   906 I mali_so : arm_release_ver of this mali_so is 'r18p0-01rel0', rk_so_ver is '11@0'.
05-31 04:32:50.767   273   273 I [Gralloc]: leave, w : 1920, h : 68, format : 0x1,internal_format : 0x1, usage : 0x900. size=522240,pixel_stride=1920,byte_stride=7680
05-31 04:32:50.767   273   273 I [Gralloc]: leave: prime_fd=16,share_attr_fd=17
05-31 04:32:50.767   630   906 I mali_so : [File] : hardware/arm/maliT760/driver/product/base/src/mali_base_kbase.c; [Line] : 914; [Func] : determine_policy_against_patch_for_sf_memory_leak;
05-31 04:32:50.767   630   906 I mali_so : cmdline : com.android.systemui, we should GO THROUGH patch_for_sf_memory_leak.
05-31 04:32:50.767   630   906 D mali_so : [File] : hardware/arm/maliT760/driver/product/base/src/mali_base_kbase.c; [Line] : 955; [Func] : base_context_deal_with_version_affairs_rk_ext;
05-31 04:32:50.767   630   906 D mali_so : current process is NOT sf, to bail out.
05-31 04:32:50.767   282   854 I [Gralloc]: Got handle 11 for fd 89
05-31 04:32:50.767   282   854 I [Gralloc]: leave, w : 1920, h : 68, format : 0x1,internal_format : 0x1, usage : 0x900. size=522240,pixel_stride=1920,byte_stride=7680
05-31 04:32:50.767   282   854 I [Gralloc]: leave: prime_fd=89,share_attr_fd=90
05-31 04:32:50.769   273   273 I [Gralloc]: Got fd 16 for handle 1
05-31 04:32:50.769   273   273 I [Gralloc]: leave, w : 1920, h : 68, format : 0x1,internal_format : 0x1, usage : 0x900. size=522240,pixel_stride=1920,byte_stride=7680
05-31 04:32:50.769   273   273 I [Gralloc]: leave: prime_fd=16,share_attr_fd=17
05-31 04:32:50.770   282   854 I [Gralloc]: Got handle 12 for fd 92
05-31 04:32:50.770   282   854 I [Gralloc]: leave, w : 1920, h : 68, format : 0x1,internal_format : 0x1, usage : 0x900. size=522240,pixel_stride=1920,byte_stride=7680
05-31 04:32:50.770   282   854 I [Gralloc]: leave: prime_fd=92,share_attr_fd=93
05-31 04:32:50.771   273   273 I [Gralloc]: Got fd 16 for handle 1
05-31 04:32:50.771   273   273 I [Gralloc]: leave, w : 1920, h : 68, format : 0x1,internal_format : 0x1, usage : 0x900. size=522240,pixel_stride=1920,byte_stride=7680
05-31 04:32:50.771   273   273 I [Gralloc]: leave: prime_fd=16,share_attr_fd=17
05-31 04:32:50.772   282   854 I [Gralloc]: Got handle 13 for fd 95
05-31 04:32:50.772   282   854 I [Gralloc]: leave, w : 1920, h : 68, format : 0x1,internal_format : 0x1, usage : 0x900. size=522240,pixel_stride=1920,byte_stride=7680
05-31 04:32:50.772   282   854 I [Gralloc]: leave: prime_fd=95,share_attr_fd=96
05-31 04:32:50.773   273   273 I [Gralloc]: Got fd 16 for handle 1
05-31 04:32:50.773   273   273 I [Gralloc]: leave, w : 1920, h : 68, format : 0x1,internal_format : 0x1, usage : 0x900. size=522240,pixel_stride=1920,byte_stride=7680
05-31 04:32:50.773   273   273 I [Gralloc]: leave: prime_fd=16,share_attr_fd=17
05-31 04:32:50.773   282   854 I [Gralloc]: Got handle 14 for fd 98
05-31 04:32:50.774   282   854 I [Gralloc]: leave, w : 1920, h : 68, format : 0x1,internal_format : 0x1, usage : 0x900. size=522240,pixel_stride=1920,byte_stride=7680
05-31 04:32:50.774   282   854 I [Gralloc]: leave: prime_fd=98,share_attr_fd=99
05-31 04:32:50.776   630   630 D ViewRootImpl[StatusBar]: changeCanvasOpacity: opaque=true
05-31 04:32:50.776   630   906 I com.android.systemui: android::hardware::configstore::V1_0::ISurfaceFlingerConfigs::hasWideColorDisplay retrieved: 0
05-31 04:32:50.777   630   906 I OpenGLRenderer: Initialized EGL, version 1.4
05-31 04:32:50.777   630   906 D OpenGLRenderer: Swap behavior 2
05-31 04:32:50.786   630   906 D mali_winsys: EGLint new_window_surface(egl_winsys_display *, void *, EGLSurface, EGLConfig, egl_winsys_surface **, egl_color_buffer_format *, EGLBoolean) returns 0x3000
05-31 04:32:50.831   630   934 E ActivityThread: Failed to find provider info for com.android.contacts
05-31 04:32:50.846   630   936 E ActivityThread: Failed to find provider info for com.android.contacts
05-31 04:32:50.877   273   273 I [Gralloc]: Got fd 16 for handle 1
05-31 04:32:50.877   273   273 I [Gralloc]: leave, w : 1920, h : 34, format : 0x1,internal_format : 0x1, usage : 0x900. size=261120,pixel_stride=1920,byte_stride=7680
05-31 04:32:50.877   273   273 I [Gralloc]: leave: prime_fd=16,share_attr_fd=17
05-31 04:32:50.877   282   854 I [Gralloc]: Got handle 15 for fd 59
05-31 04:32:50.877   282   854 I [Gralloc]: leave, w : 1920, h : 34, format : 0x1,internal_format : 0x1, usage : 0x900. size=261120,pixel_stride=1920,byte_stride=7680
05-31 04:32:50.877   282   854 I [Gralloc]: leave: prime_fd=59,share_attr_fd=87
05-31 04:32:50.878   273   273 I [Gralloc]: Got fd 16 for handle 1
05-31 04:32:50.879   273   273 I [Gralloc]: leave, w : 1920, h : 34, format : 0x1,internal_format : 0x1, usage : 0x900. size=261120,pixel_stride=1920,byte_stride=7680
05-31 04:32:50.879   273   273 I [Gralloc]: leave: prime_fd=16,share_attr_fd=17
05-31 04:32:50.879   282   854 I [Gralloc]: Got handle 16 for fd 102
05-31 04:32:50.879   282   854 I [Gralloc]: leave, w : 1920, h : 34, format : 0x1,internal_format : 0x1, usage : 0x900. size=261120,pixel_stride=1920,byte_stride=7680
05-31 04:32:50.879   282   854 I [Gralloc]: leave: prime_fd=102,share_attr_fd=103
05-31 04:32:50.880   273   273 I [Gralloc]: Got fd 16 for handle 1
05-31 04:32:50.880   273   273 I [Gralloc]: leave, w : 1920, h : 34, format : 0x1,internal_format : 0x1, usage : 0x900. size=261120,pixel_stride=1920,byte_stride=7680
05-31 04:32:50.880   273   273 I [Gralloc]: leave: prime_fd=16,share_attr_fd=17
05-31 04:32:50.880   282   854 I [Gralloc]: Got handle 17 for fd 105
05-31 04:32:50.880   282   854 I [Gralloc]: leave, w : 1920, h : 34, format : 0x1,internal_format : 0x1, usage : 0x900. size=261120,pixel_stride=1920,byte_stride=7680
05-31 04:32:50.880   282   854 I [Gralloc]: leave: prime_fd=105,share_attr_fd=106
05-31 04:32:50.881   273   273 I [Gralloc]: Got fd 16 for handle 1
05-31 04:32:50.881   273   273 I [Gralloc]: leave, w : 1920, h : 34, format : 0x1,internal_format : 0x1, usage : 0x900. size=261120,pixel_stride=1920,byte_stride=7680
05-31 04:32:50.881   273   273 I [Gralloc]: leave: prime_fd=16,share_attr_fd=17
05-31 04:32:50.881   282   854 I [Gralloc]: Got handle 18 for fd 108
05-31 04:32:50.881   282   854 I [Gralloc]: leave, w : 1920, h : 34, format : 0x1,internal_format : 0x1, usage : 0x900. size=261120,pixel_stride=1920,byte_stride=7680
05-31 04:32:50.881   282   854 I [Gralloc]: leave: prime_fd=108,share_attr_fd=109
05-31 04:32:50.882   630   906 D mali_winsys: EGLint new_window_surface(egl_winsys_display *, void *, EGLSurface, EGLConfig, egl_winsys_surface **, egl_color_buffer_format *, EGLBoolean) returns 0x3000
05-31 04:32:50.886   470   547 I InputReader: Reconfiguring input devices.  changes=0x00000004
05-31 04:32:50.891   470   547 I InputReader: Reconfiguring input devices.  changes=0x00000004
05-31 04:32:50.899   470   557 D WifiService: New client listening to asynchronous messages
05-31 04:32:50.962   630   635 I zygote64: Do partial code cache collection, code=27KB, data=25KB
05-31 04:32:50.962   630   635 I zygote64: After code cache collection, code=27KB, data=25KB
05-31 04:32:50.962   630   635 I zygote64: Increasing code cache capacity to 128KB
05-31 04:32:51.023   470   588 D DhcpClient: Broadcasting DHCPDISCOVER
05-31 04:32:51.064   470   493 D EthernetNetworkFactory: interfaceLinkStateChanged: eth0
05-31 04:32:51.064   470   580 D EthernetNetworkFactory: updateInterface: eth0 link down
05-31 04:32:51.064   470   580 D EthernetNetworkFactory: sendEthernetStateChangedBroadcast: curState = DISCONNECTING
05-31 04:32:51.065   402   437 D CommandListener: Clearing all IP addresses on eth0
05-31 04:32:51.067   470   580 D EthernetNetworkFactory: sendEthernetStateChangedBroadcast: curState = DISCONNECTED
05-31 04:32:51.068   470   585 D DhcpClient: doQuit
05-31 04:32:51.070   470   590 D DhcpClient: Receive thread stopped
05-31 04:32:51.083   470   588 D DhcpClient: onQuitting
05-31 04:32:51.144   630   630 V StatusBar/NavBarView: PW=1920, PH=1080
05-31 04:32:51.167   630   630 W StatusBar/NavBarView: NBV updateRotatedViews mVertical= true, change rot0 rot90
05-31 04:32:51.203   401   843 I NuPlayerDecoder: [audio] saw output EOS
05-31 04:32:51.204   401   842 D AudioTrack: stop() called with 55902 frames delivered
05-31 04:32:51.217   630   635 I zygote64: Do partial code cache collection, code=59KB, data=42KB
05-31 04:32:51.217   630   635 I zygote64: After code cache collection, code=59KB, data=42KB
05-31 04:32:51.217   630   635 I zygote64: Increasing code cache capacity to 256KB
05-31 04:32:51.259   470   732 I ActivityManager: user 0 is still locked. Cannot load recents
05-31 04:32:51.261   630   630 I Choreographer: Skipped 31 frames!  The application may be doing too much work on its main thread.
05-31 04:32:51.292   273   273 I [Gralloc]: Got fd 16 for handle 1
05-31 04:32:51.293   273   273 I [Gralloc]: leave, w : 1920, h : 68, format : 0x1,internal_format : 0x1, usage : 0xb00. size=522240,pixel_stride=1920,byte_stride=7680
05-31 04:32:51.293   273   273 I [Gralloc]: leave: prime_fd=16,share_attr_fd=17
05-31 04:32:51.293   282   854 I [Gralloc]: Got handle 14 for fd 100
05-31 04:32:51.293   282   854 I [Gralloc]: leave, w : 1920, h : 68, format : 0x1,internal_format : 0x1, usage : 0xb00. size=522240,pixel_stride=1920,byte_stride=7680
05-31 04:32:51.293   282   854 I [Gralloc]: leave: prime_fd=100,share_attr_fd=111
05-31 04:32:51.301   630   906 I [Gralloc]: Got handle 1 for fd 90
05-31 04:32:51.301   630   906 I [Gralloc]: leave, w : 1920, h : 68, format : 0x1,internal_format : 0x1, usage : 0xb00. size=522240,pixel_stride=1920,byte_stride=7680
05-31 04:32:51.301   630   906 I [Gralloc]: leave: prime_fd=90,share_attr_fd=91
05-31 04:32:51.319   630   918 D skia    : JPEG Decode 82
05-31 04:32:51.353   273   273 I [Gralloc]: Got fd 16 for handle 1
05-31 04:32:51.353   273   273 I [Gralloc]: leave, w : 1920, h : 34, format : 0x1,internal_format : 0x1, usage : 0xb00. size=261120,pixel_stride=1920,byte_stride=7680
05-31 04:32:51.353   273   273 I [Gralloc]: leave: prime_fd=16,share_attr_fd=17
05-31 04:32:51.353   282   854 I [Gralloc]: Got handle 18 for fd 109
05-31 04:32:51.353   282   854 I [Gralloc]: leave, w : 1920, h : 34, format : 0x1,internal_format : 0x1, usage : 0xb00. size=261120,pixel_stride=1920,byte_stride=7680
05-31 04:32:51.353   282   854 I [Gralloc]: leave: prime_fd=109,share_attr_fd=110
05-31 04:32:51.354   630   906 I [Gralloc]: Got handle 2 for fd 88
05-31 04:32:51.354   630   906 I [Gralloc]: leave, w : 1920, h : 34, format : 0x1,internal_format : 0x1, usage : 0xb00. size=261120,pixel_stride=1920,byte_stride=7680
05-31 04:32:51.354   630   906 I [Gralloc]: leave: prime_fd=88,share_attr_fd=89
05-31 04:32:51.401   273   273 I [Gralloc]: Got fd 16 for handle 1
05-31 04:32:51.401   273   273 I [Gralloc]: leave, w : 1920, h : 68, format : 0x1,internal_format : 0x1, usage : 0xb00. size=522240,pixel_stride=1920,byte_stride=7680
05-31 04:32:51.401   273   273 I [Gralloc]: leave: prime_fd=16,share_attr_fd=17
05-31 04:32:51.401   282   854 I [Gralloc]: Got handle 13 for fd 96
05-31 04:32:51.401   282   854 I [Gralloc]: leave, w : 1920, h : 68, format : 0x1,internal_format : 0x1, usage : 0xb00. size=522240,pixel_stride=1920,byte_stride=7680
05-31 04:32:51.401   282   854 I [Gralloc]: leave: prime_fd=96,share_attr_fd=97
05-31 04:32:51.402   282   381 E BufferQueueProducer: [BootAnimation#0] disconnect: not connected (req=1)
05-31 04:32:51.402   630   906 I [Gralloc]: Got handle 3 for fd 95
05-31 04:32:51.402   630   906 I [Gralloc]: leave, w : 1920, h : 68, format : 0x1,internal_format : 0x1, usage : 0xb00. size=522240,pixel_stride=1920,byte_stride=7680
05-31 04:32:51.402   630   906 I [Gralloc]: leave: prime_fd=95,share_attr_fd=96
05-31 04:32:51.402   340   361 W libEGL  : EGLNativeWindowType 0x7755c3b010 disconnect failed
05-31 04:32:51.431   273   273 I [Gralloc]: Got fd 16 for handle 1
05-31 04:32:51.431   273   273 I [Gralloc]: leave, w : 1920, h : 34, format : 0x1,internal_format : 0x1, usage : 0xb00. size=261120,pixel_stride=1920,byte_stride=7680
05-31 04:32:51.431   273   273 I [Gralloc]: leave: prime_fd=16,share_attr_fd=17
05-31 04:32:51.431   282   854 I [Gralloc]: Got handle 1 for fd 33
05-31 04:32:51.431   282   854 I [Gralloc]: leave, w : 1920, h : 34, format : 0x1,internal_format : 0x1, usage : 0xb00. size=261120,pixel_stride=1920,byte_stride=7680
05-31 04:32:51.431   282   854 I [Gralloc]: leave: prime_fd=33,share_attr_fd=43
05-31 04:32:51.432   630   906 I [Gralloc]: Got handle 4 for fd 98
05-31 04:32:51.432   630   906 I [Gralloc]: leave, w : 1920, h : 34, format : 0x1,internal_format : 0x1, usage : 0xb00. size=261120,pixel_stride=1920,byte_stride=7680
05-31 04:32:51.432   630   906 I [Gralloc]: leave: prime_fd=98,share_attr_fd=99
05-31 04:32:51.434   274   274 I [Gralloc]: Got handle 1 for fd 47
05-31 04:32:51.434   274   274 I [Gralloc]: leave, w : 1920, h : 1080, format : 0x1,internal_format : 0x1, usage : 0xb00. size=8294400,pixel_stride=1920,byte_stride=7680
05-31 04:32:51.434   274   274 I [Gralloc]: leave: prime_fd=47,share_attr_fd=48
05-31 04:32:51.434   274   274 I [Gralloc]: Got handle 5 for fd 62
05-31 04:32:51.434   274   274 I [Gralloc]: leave, w : 1920, h : 34, format : 0x1,internal_format : 0x1, usage : 0xb00. size=261120,pixel_stride=1920,byte_stride=7680
05-31 04:32:51.434   274   274 I [Gralloc]: leave: prime_fd=62,share_attr_fd=63
05-31 04:32:51.434   274   274 I [Gralloc]: Got handle 7 for fd 66
05-31 04:32:51.434   274   274 I [Gralloc]: leave, w : 1920, h : 68, format : 0x1,internal_format : 0x1, usage : 0xb00. size=522240,pixel_stride=1920,byte_stride=7680
05-31 04:32:51.434   274   274 I [Gralloc]: leave: prime_fd=66,share_attr_fd=67
05-31 04:32:51.447   274   274 I [Gralloc]: Got handle 8 for fd 74
05-31 04:32:51.447   274   274 I [Gralloc]: leave, w : 1920, h : 34, format : 0x1,internal_format : 0x1, usage : 0xb00. size=261120,pixel_stride=1920,byte_stride=7680
05-31 04:32:51.447   274   274 I [Gralloc]: leave: prime_fd=74,share_attr_fd=75
05-31 04:32:51.458   273   273 I [Gralloc]: Got fd 16 for handle 1
05-31 04:32:51.459   273   273 I [Gralloc]: leave, w : 1920, h : 1920, format : 0x2,internal_format : 0x2, usage : 0x933. size=14745600,pixel_stride=1920,byte_stride=7680
05-31 04:32:51.459   273   273 I [Gralloc]: leave: prime_fd=16,share_attr_fd=17
05-31 04:32:51.459   282   854 I [Gralloc]: Got handle 2 for fd 99
05-31 04:32:51.459   282   854 I [Gralloc]: leave, w : 1920, h : 1920, format : 0x2,internal_format : 0x2, usage : 0x933. size=14745600,pixel_stride=1920,byte_stride=7680
05-31 04:32:51.459   282   854 I [Gralloc]: leave: prime_fd=99,share_attr_fd=105
05-31 04:32:51.460   630   630 I [Gralloc]: Got handle 5 for fd 101
05-31 04:32:51.460   630   630 I [Gralloc]: leave, w : 1920, h : 1920, format : 0x2,internal_format : 0x2, usage : 0x933. size=14745600,pixel_stride=1920,byte_stride=7680
05-31 04:32:51.460   630   630 I [Gralloc]: leave: prime_fd=101,share_attr_fd=102
05-31 04:32:51.467   278   278 I SensorsHal: set batch: handle = 0, period_ns = 66667000ns, timeout = 100000000ns
05-31 04:32:51.467   278   278 D SensorsHal: Couldn't open /dev/mma8452_daemon (No such file or directory)
05-31 04:32:51.467   278   278 I SensorsHal: MmaSensor update delay: 66ms
05-31 04:32:51.467   278   278 E SensorsHal: fail to perform GSENSOR_IOCTL_APP_SET_RATE, result = -1, error is 'Bad file descriptor'
05-31 04:32:51.468   470   486 E SensorService: sensor batch failed 0x7cbf01d960 0x00000000 66667000 100000000 err=Operation not permitted
05-31 04:32:51.468   278   278 I SensorsHal: set batch: handle = 0, period_ns = 66667000ns, timeout = 0ns
05-31 04:32:51.468   278   278 D SensorsHal: Couldn't open /dev/mma8452_daemon (No such file or directory)
05-31 04:32:51.468   278   278 I SensorsHal: MmaSensor update delay: 66ms
05-31 04:32:51.468   278   278 E SensorsHal: fail to perform GSENSOR_IOCTL_APP_SET_RATE, result = -1, error is 'Bad file descriptor'
05-31 04:32:51.468   470   486 E SensorService: sensor batch failed 0x7cbf01d960 0x00000000 66667000 0 err=Operation not permitted
05-31 04:32:51.496   273   273 I [Gralloc]: Got fd 16 for handle 1
05-31 04:32:51.496   273   273 I [Gralloc]: leave, w : 1920, h : 68, format : 0x1,internal_format : 0x1, usage : 0xb00. size=522240,pixel_stride=1920,byte_stride=7680
05-31 04:32:51.497   273   273 I [Gralloc]: leave: prime_fd=16,share_attr_fd=17
05-31 04:32:51.497   282   854 I [Gralloc]: Got handle 5 for fd 37
05-31 04:32:51.497   282   854 I [Gralloc]: leave, w : 1920, h : 68, format : 0x1,internal_format : 0x1, usage : 0xb00. size=522240,pixel_stride=1920,byte_stride=7680
05-31 04:32:51.497   282   854 I [Gralloc]: leave: prime_fd=37,share_attr_fd=38
05-31 04:32:51.498   630   906 I [Gralloc]: Got handle 6 for fd 104
05-31 04:32:51.498   274   274 I [Gralloc]: Got handle 3 for fd 33
05-31 04:32:51.498   274   274 I [Gralloc]: leave, w : 1920, h : 1920, format : 0x2,internal_format : 0x2, usage : 0x933. size=14745600,pixel_stride=1920,byte_stride=7680
05-31 04:32:51.498   274   274 I [Gralloc]: leave: prime_fd=33,share_attr_fd=34
05-31 04:32:51.499   630   906 I [Gralloc]: leave, w : 1920, h : 68, format : 0x1,internal_format : 0x1, usage : 0xb00. size=522240,pixel_stride=1920,byte_stride=7680
05-31 04:32:51.499   630   906 I [Gralloc]: leave: prime_fd=104,share_attr_fd=105
05-31 04:32:51.503   273   273 I [Gralloc]: Got fd 16 for handle 1
05-31 04:32:51.503   273   273 I [Gralloc]: leave, w : 1920, h : 34, format : 0x1,internal_format : 0x1, usage : 0xb00. size=261120,pixel_stride=1920,byte_stride=7680
05-31 04:32:51.503   273   273 I [Gralloc]: leave: prime_fd=16,share_attr_fd=17
05-31 04:32:51.503   282   381 I [Gralloc]: Got handle 12 for fd 29
05-31 04:32:51.503   282   381 I [Gralloc]: leave, w : 1920, h : 34, format : 0x1,internal_format : 0x1, usage : 0xb00. size=261120,pixel_stride=1920,byte_stride=7680
05-31 04:32:51.503   282   381 I [Gralloc]: leave: prime_fd=29,share_attr_fd=32
05-31 04:32:51.504   630   906 I [Gralloc]: Got handle 7 for fd 107
05-31 04:32:51.504   630   906 I [Gralloc]: leave, w : 1920, h : 34, format : 0x1,internal_format : 0x1, usage : 0xb00. size=261120,pixel_stride=1920,byte_stride=7680
05-31 04:32:51.504   630   906 I [Gralloc]: leave: prime_fd=107,share_attr_fd=108
05-31 04:32:51.509   273   273 I [Gralloc]: Got fd 16 for handle 1
05-31 04:32:51.509   273   273 I [Gralloc]: leave, w : 1920, h : 34, format : 0x1,internal_format : 0x1, usage : 0xb00. size=261120,pixel_stride=1920,byte_stride=7680
05-31 04:32:51.509   273   273 I [Gralloc]: leave: prime_fd=16,share_attr_fd=17
05-31 04:32:51.509   282   381 I [Gralloc]: Got handle 15 for fd 102
05-31 04:32:51.509   282   381 I [Gralloc]: leave, w : 1920, h : 34, format : 0x1,internal_format : 0x1, usage : 0xb00. size=261120,pixel_stride=1920,byte_stride=7680
05-31 04:32:51.509   282   381 I [Gralloc]: leave: prime_fd=102,share_attr_fd=103
05-31 04:32:51.510   630   906 I [Gralloc]: Got handle 8 for fd 110
05-31 04:32:51.510   630   906 I [Gralloc]: leave, w : 1920, h : 34, format : 0x1,internal_format : 0x1, usage : 0xb00. size=261120,pixel_stride=1920,byte_stride=7680
05-31 04:32:51.510   630   906 I [Gralloc]: leave: prime_fd=110,share_attr_fd=111
05-31 04:32:51.516   274   274 I [Gralloc]: Got handle 9 for fd 90
05-31 04:32:51.516   274   274 I [Gralloc]: leave, w : 1920, h : 34, format : 0x1,internal_format : 0x1, usage : 0xb00. size=261120,pixel_stride=1920,byte_stride=7680
05-31 04:32:51.516   274   274 I [Gralloc]: leave: prime_fd=90,share_attr_fd=91
05-31 04:32:51.516   274   274 I [Gralloc]: Got handle 10 for fd 93
05-31 04:32:51.516   274   274 I [Gralloc]: leave, w : 1920, h : 68, format : 0x1,internal_format : 0x1, usage : 0xb00. size=522240,pixel_stride=1920,byte_stride=7680
05-31 04:32:51.516   274   274 I [Gralloc]: leave: prime_fd=93,share_attr_fd=94
05-31 04:32:51.531   274   274 I [Gralloc]: Got handle 11 for fd 80
05-31 04:32:51.531   274   274 I [Gralloc]: leave, w : 1920, h : 34, format : 0x1,internal_format : 0x1, usage : 0xb00. size=261120,pixel_stride=1920,byte_stride=7680
05-31 04:32:51.531   274   274 I [Gralloc]: leave: prime_fd=80,share_attr_fd=81
05-31 04:32:51.550   958   958 I sh      : type=1400 audit(0.0:20): avc: denied { execute_no_trans } for path="/vendor/bin/toybox_vendor" dev="dm-1" ino=53 scontext=u:r:pwm_fan_autorun:s0 tcontext=u:object_r:vendor_toolbox_exec:s0 tclass=file permissive=1
05-31 04:32:51.599   470   495 I WindowManager: ******* TELLING SURFACE FLINGER WE ARE BOOTED!
05-31 04:32:51.599   282   381 I SurfaceFlinger: Boot is finished (10040 ms)
05-31 04:32:51.603   470   495 I SystemServiceManager: Starting phase 1000
05-31 04:32:51.605   470   493 I UsbDeviceManager: Setting USB config to adb
05-31 04:32:51.612   275   275 E Lights Hal: write_int failed to open /sys/class/backlight/rk28_bl/brightness
05-31 04:32:51.618   470   495 D ActivityManager: Finishing user boot 0
05-31 04:32:51.618   470   495 I ActivityManager: User 0 state changed from BOOTING to RUNNING_LOCKED
05-31 04:32:51.620   470   495 D StorageManagerService: Setting property: sys.user.0.ce_available=true
05-31 04:32:51.621   470   495 I ActivityManager: User 0 state changed from RUNNING_LOCKED to RUNNING_UNLOCKING
05-31 04:32:51.621   470   495 D CryptdConnector: SND -> {3 cryptfs prepare_user_storage ! 0 0 2}
05-31 04:32:51.622   258   262 D vold    : e4crypt_prepare_user_storage for volume null, user 0, serial 0, flags 2
05-31 04:32:51.622   258   262 D vold    : Preparing: /data/system_ce/0
05-31 04:32:51.622   258   262 D vold    : Preparing: /data/misc_ce/0
05-31 04:32:51.622   258   262 D vold    : Preparing: /data/media/0
05-31 04:32:51.622   258   262 D vold    : Preparing: /data/data
05-31 04:32:51.622   470   551 D CryptdConnector: RCV <- {200 3 Command succeeded}
05-31 04:32:51.624   470   495 V UserDataPreparer: Found /data/user/0 with serial number 0
05-31 04:32:51.625   470   495 V UserDataPreparer: Found /data/system_ce/0 with serial number 0
05-31 04:32:51.626   470   495 V PackageManager: reconcileAppsData for null u0 0x2 migrateAppData=false
05-31 04:32:51.629   275   275 E Lights Hal: write_int failed to open /sys/class/backlight/rk28_bl/brightness
05-31 04:32:51.631   960   960 I bootstat: Service started: /system/bin/bootstat --record_boot_complete 
05-31 04:32:51.646   275   275 E Lights Hal: write_int failed to open /sys/class/backlight/rk28_bl/brightness
05-31 04:32:51.647   961   961 I bootstat: Service started: /system/bin/bootstat --record_boot_reason 
05-31 04:32:51.647   961   961 I bootstat: Unknown boot reason: 
05-31 04:32:51.649   401   814 D NuPlayerDriver: notifyListener_l(0xe8c272a0), (2, 0, 0, -1), loop setting(0, 0)
05-31 04:32:51.650   470   470 V MediaRouterService: restoreBluetoothA2dp(false)
05-31 04:32:51.662   962   962 I bootstat: Service started: /system/bin/bootstat --record_time_since_factory_reset 
05-31 04:32:51.662   266   440 D AudioHardwareTiny: out_set_parameters: kvpairs = routing=2
05-31 04:32:51.662   275   275 E Lights Hal: write_int failed to open /sys/class/backlight/rk28_bl/brightness
05-31 04:32:51.671   393   457 E AudioFlinger: no wake lock to update, but system ready!
05-31 04:32:51.674   963   963 I bootstat: Service started: /system/bin/bootstat -l 
05-31 04:32:51.679   275   275 E Lights Hal: write_int failed to open /sys/class/backlight/rk28_bl/brightness
05-31 04:32:51.696   275   275 I chatty  : uid=1000(system) light@2.0-servi identical 1 line
05-31 04:32:51.713   275   275 E Lights Hal: write_int failed to open /sys/class/backlight/rk28_bl/brightness
05-31 04:32:51.735   470   495 V PackageManager: reconcileAppsData finished 99 packages
05-31 04:32:51.735   470   485 W zygote64: Long monitor contention with owner android.display (495) at void com.android.server.am.ActivityManagerService.finishBooting()(ActivityManagerService.java:7370) waiters=0 in void com.android.server.am.BroadcastQueue.processNextBroadcast(boolean) for 116ms
05-31 04:32:51.736   470   485 I SystemServiceManager: Calling onUnlockUser u0
05-31 04:32:51.738   470   485 D BluetoothManagerService: User 0 unlocked
05-31 04:32:51.738   470   485 D StorageManagerService: onUnlockUser 0
05-31 04:32:51.738   470   485 D VoldConnector: SND -> {6 volume user_started 0}
05-31 04:32:51.739   470   494 D BluetoothManagerService: MESSAGE_USER_UNLOCKED
05-31 04:32:51.740   258   261 D vold    : Linking /storage/emulated/0 to /mnt/user/0/primary
05-31 04:32:51.740   470   550 D VoldConnector: RCV <- {200 6 Command succeeded}
05-31 04:32:51.742   470   549 D StorageManagerService: Volume emulated broadcasting mounted to UserHandle{0}
05-31 04:32:51.742   470   558 D WifiConfigStore: Reading from stores completed in 0 ms.
05-31 04:32:51.744   470   558 W WifiConfigManager: No stored networks found.
05-31 04:32:51.746   470   485 I BackupManagerService: Instantiating BackupManagerService
05-31 04:32:51.755   470   470 I ActivityManager: Start proc 966:com.android.deskclock/u0a47 for broadcast com.android.deskclock/.AlarmInitReceiver
05-31 04:32:51.758   470   558 D WIFI    : Registering NetworkFactory
05-31 04:32:51.758   470   565 D ConnectivityService: Got NetworkFactory Messenger for WIFI
05-31 04:32:51.758   470   558 D WIFI_UT : Registering NetworkFactory
05-31 04:32:51.758   470   565 D ConnectivityService: Got NetworkFactory Messenger for WIFI_UT
05-31 04:32:51.760   470   558 D WifiConfigStore: Reading from user store completed in 1 ms.
05-31 04:32:51.777   470   485 I SELinux : SELinux: Loaded file_contexts
05-31 04:32:51.777   470   558 D WifiConfigStore: Writing to stores completed in 9 ms.
05-31 04:32:51.779   470   558 D WIFI    : got request NetworkRequest [ REQUEST id=1, [ Capabilities: INTERNET&NOT_RESTRICTED&TRUSTED&NOT_VPN] ] with score 0
05-31 04:32:51.783   470   558 D WIFI    : got request NetworkRequest [ TRACK_DEFAULT id=5, [ Capabilities: INTERNET&NOT_RESTRICTED&TRUSTED&NOT_VPN] ] with score 0
05-31 04:32:51.785   470   558 D WIFI    : got request NetworkRequest [ BACKGROUND_REQUEST id=2, [ Transports: CELLULAR Capabilities: INTERNET&NOT_RESTRICTED&TRUSTED&NOT_VPN] ] with score 0
05-31 04:32:51.786   470   495 W WindowManager: App freeze timeout expired.
05-31 04:32:51.787   470   558 D WIFI    : got request NetworkRequest [ TRACK_DEFAULT id=3, [ Capabilities: INTERNET&NOT_RESTRICTED&TRUSTED&NOT_VPN] ] with score 0
05-31 04:32:51.788   470   558 D WIFI_UT : got request NetworkRequest [ REQUEST id=1, [ Capabilities: INTERNET&NOT_RESTRICTED&TRUSTED&NOT_VPN] ] with score 0
05-31 04:32:51.789   470   558 D WIFI_UT : got request NetworkRequest [ TRACK_DEFAULT id=5, [ Capabilities: INTERNET&NOT_RESTRICTED&TRUSTED&NOT_VPN] ] with score 0
05-31 04:32:51.790   470   558 D WIFI_UT : got request NetworkRequest [ BACKGROUND_REQUEST id=2, [ Transports: CELLULAR Capabilities: INTERNET&NOT_RESTRICTED&TRUSTED&NOT_VPN] ] with score 0
05-31 04:32:51.790   470   558 D WIFI_UT : got request NetworkRequest [ TRACK_DEFAULT id=3, [ Capabilities: INTERNET&NOT_RESTRICTED&TRUSTED&NOT_VPN] ] with score 0
05-31 04:32:51.794   470   485 V BackupManagerService: No ancestral data
05-31 04:32:51.802   983   984 I adbd    : initializing functionfs
05-31 04:32:51.803   983   984 I adbd    : opening control endpoint /dev/usb-ffs/adb/ep0
05-31 04:32:51.812   470   485 V BackupManagerService: Starting with transport android/com.android.internal.backup.LocalTransport
05-31 04:32:51.813   470   485 D BackupTransportManager: Binding to transport: android/com.android.internal.backup.LocalTransportService
05-31 04:32:51.814   470   485 D BackupTransportManager: Binding to transport: com.google.android.gms/.backup.BackupTransportService
05-31 04:32:51.825   470   965 V KeyValueBackupJob: Scheduling k/v pass in 249 minutes
05-31 04:32:51.827   273   273 I [Gralloc]: Got fd 16 for handle 1
05-31 04:32:51.828   273   273 I [Gralloc]: leave, w : 1920, h : 1080, format : 0x1,internal_format : 0x1, usage : 0xb00. size=8294400,pixel_stride=1920,byte_stride=7680
05-31 04:32:51.828   273   273 I [Gralloc]: leave: prime_fd=16,share_attr_fd=17
05-31 04:32:51.829   282   854 I [Gralloc]: Got handle 9 for fd 88
05-31 04:32:51.829   282   854 I [Gralloc]: leave, w : 1920, h : 1080, format : 0x1,internal_format : 0x1, usage : 0xb00. size=8294400,pixel_stride=1920,byte_stride=7680
05-31 04:32:51.829   282   854 I [Gralloc]: leave: prime_fd=88,share_attr_fd=93
05-31 04:32:51.830   746   808 I [Gralloc]: Got handle 2 for fd 69
05-31 04:32:51.830   746   808 I [Gralloc]: leave, w : 1920, h : 1080, format : 0x1,internal_format : 0x1, usage : 0xb00. size=8294400,pixel_stride=1920,byte_stride=7680
