05-31 04:37:22.097   282   307 I [Gralloc]: leave, w : 36, h : 36, format : 0x1,internal_format : 0x1, usage : 0x8933. size=6912,pixel_stride=48,byte_stride=192
05-31 04:37:22.097   282   307 I [Gralloc]: leave: prime_fd=130,share_attr_fd=134
05-31 04:37:22.098   470   495 I [Gralloc]: Got handle 2 for fd 217
05-31 04:37:22.098   470   495 I [Gralloc]: leave, w : 36, h : 36, format : 0x1,internal_format : 0x1, usage : 0x8933. size=6912,pixel_stride=48,byte_stride=192
05-31 04:37:22.098   470   495 I [Gralloc]: leave: prime_fd=217,share_attr_fd=227
05-31 04:37:22.100   274  2237 E HWC2On1Adapter: Validate was called more than once!
05-31 04:37:22.115   274  2237 I [Gralloc]: Got handle 12 for fd 56
05-31 04:37:22.115   274  2237 I [Gralloc]: leave, w : 36, h : 36, format : 0x1,internal_format : 0x1, usage : 0x8933. size=6912,pixel_stride=48,byte_stride=192
05-31 04:37:22.115   274  2237 I [Gralloc]: leave: prime_fd=56,share_attr_fd=105
05-31 04:37:22.116   274  2237 I [Gralloc]: Got handle 12 for fd 46
05-31 04:37:22.116   274  2237 I [Gralloc]: leave, w : 36, h : 36, format : 0x1,internal_format : 0x1, usage : 0x8933. size=6912,pixel_stride=48,byte_stride=192
05-31 04:37:22.116   274  2237 I [Gralloc]: leave: prime_fd=46,share_attr_fd=114
05-31 04:37:22.118   274  2237 E HWC2On1Adapter: Validate was called more than once!
05-31 04:37:22.832   274  2237 I chatty  : uid=1000(system) HwBinder:274_3 identical 35 lines
05-31 04:37:22.849   274  2237 E HWC2On1Adapter: Validate was called more than once!
05-31 04:37:22.864   274  2237 I [Gralloc]: Got handle 12 for fd 54
05-31 04:37:22.864   274  2237 I [Gralloc]: leave, w : 31, h : 40, format : 0x1,internal_format : 0x1, usage : 0x8933. size=5120,pixel_stride=32,byte_stride=128
05-31 04:37:22.864   274  2237 I [Gralloc]: leave: prime_fd=54,share_attr_fd=103
05-31 04:37:22.864   274  2237 I [Gralloc]: Got handle 12 for fd 60
05-31 04:37:22.864   274  2237 I [Gralloc]: leave, w : 31, h : 40, format : 0x1,internal_format : 0x1, usage : 0x8933. size=5120,pixel_stride=32,byte_stride=128
05-31 04:37:22.864   274  2237 I [Gralloc]: leave: prime_fd=60,share_attr_fd=119
05-31 04:37:22.867   274  2237 E HWC2On1Adapter: Validate was called more than once!
05-31 04:37:23.065   274  2237 I chatty  : uid=1000(system) HwBinder:274_3 identical 12 lines
05-31 04:37:23.082   274  2237 E HWC2On1Adapter: Validate was called more than once!
05-31 04:37:23.093   470  1771 I WifiService: getWifiApEnabledState uid=1000
05-31 04:37:23.094   470  1771 D WifiService: setWifiEnabled: true pid=2295, uid=1000, package=com.android.settings
05-31 04:37:23.094   470  1771 I WifiService: setWifiEnabled package=com.android.settings uid=1000 enable=true
05-31 04:37:23.098   279   279 I android.hardware.wifi@1.0-service: Wifi HAL started
05-31 04:37:23.099   274  2237 E HWC2On1Adapter: Validate was called more than once!
05-31 04:37:23.107   279   279 E android.hardware.wifi@1.0-service: Kernel version is 4.4.: No such file or directory
05-31 04:37:23.108   279   279 E android.hardware.wifi@1.0-service: Wifi driver is not ready.: No such file or directory
05-31 04:37:23.109   279   279 E android.hardware.wifi@1.0-service: matched ko file path /vendor/lib/modules/wifi/bcmdhd.ko: No such file or directory
05-31 04:37:23.110   279   279 E android.hardware.wifi@1.0-service: insmod: open(/vendor/lib/modules/wifi/bcmdhd.ko) failed: No such file or directory: No such file or directory
05-31 04:37:23.110   279   279 E android.hardware.wifi@1.0-service: Failed to load WiFi driver
05-31 04:37:23.110   470   558 E HalDeviceManager: executeChipReconfiguration: configureChip error: 9 ()
05-31 04:37:23.113   279   279 I android.hardware.wifi@1.0-service: Wifi HAL stopped
05-31 04:37:23.114   470   558 E WifiNative-wlan0: Failed to start HAL for client mode
05-31 04:37:23.115   470   470 E WifiController: WifiControllerWifi turn on failed
05-31 04:37:23.116   274  2237 E HWC2On1Adapter: Validate was called more than once!
05-31 04:37:23.117   470   933 I WifiService: getWifiEnabledState uid=1000
05-31 04:37:23.117   470   933 I WifiService: getWifiEnabledState uid=1000
05-31 04:37:23.118   470   558 I WifiVendorHal: Vendor Hal stopped
05-31 04:37:23.118   470   558 D WificondControl: tearing down interfaces in wificond
05-31 04:37:23.119   470   933 I WifiService: getWifiEnabledState uid=1000
05-31 04:37:23.121   279   279 I android.hardware.wifi@1.0-service: Wifi HAL started
05-31 04:37:23.121   470   933 I WifiService: getWifiApEnabledState uid=1000
05-31 04:37:23.124   279   279 E android.hardware.wifi@1.0-service: Kernel version is 4.4.: No such file or directory
05-31 04:37:23.124   279   279 E android.hardware.wifi@1.0-service: Wifi driver is not ready.: No such file or directory
05-31 04:37:23.125   279   279 E android.hardware.wifi@1.0-service: matched ko file path /vendor/lib/modules/wifi/bcmdhd.ko: No such file or directory
05-31 04:37:23.125   279   279 E android.hardware.wifi@1.0-service: insmod: open(/vendor/lib/modules/wifi/bcmdhd.ko) failed: No such file or directory: No such file or directory
05-31 04:37:23.125   279   279 E android.hardware.wifi@1.0-service: Failed to load WiFi driver
05-31 04:37:23.125   470   558 E HalDeviceManager: executeChipReconfiguration: configureChip error: 9 ()
05-31 04:37:23.126   279   279 I android.hardware.wifi@1.0-service: Wifi HAL stopped
05-31 04:37:23.126   470   558 E WifiNative-wlan0: Failed to start HAL for client mode
05-31 04:37:23.129   470   558 I WifiVendorHal: Vendor Hal stopped
05-31 04:37:23.129   470   558 D WificondControl: tearing down interfaces in wificond
05-31 04:37:23.132   470   470 E WifiController: WifiControllerWifi turn on failed
05-31 04:37:23.132   274  2237 E HWC2On1Adapter: Validate was called more than once!
05-31 04:37:23.133   279   279 I android.hardware.wifi@1.0-service: Wifi HAL started
05-31 04:37:23.136   470   933 I WifiService: getWifiEnabledState uid=1000
05-31 04:37:23.137   279   279 E android.hardware.wifi@1.0-service: Kernel version is 4.4.: No such file or directory
05-31 04:37:23.137   279   279 E android.hardware.wifi@1.0-service: Wifi driver is not ready.: No such file or directory
05-31 04:37:23.137   470   933 I WifiService: getWifiEnabledState uid=1000
05-31 04:37:23.137   470  1771 I WifiService: getWifiApEnabledState uid=1000
05-31 04:37:23.138   470   933 I WifiService: getWifiEnabledState uid=1000
05-31 04:37:23.138   279   279 E android.hardware.wifi@1.0-service: matched ko file path /vendor/lib/modules/wifi/bcmdhd.ko: No such file or directory
05-31 04:37:23.138   279   279 E android.hardware.wifi@1.0-service: insmod: open(/vendor/lib/modules/wifi/bcmdhd.ko) failed: No such file or directory: No such file or directory
05-31 04:37:23.138   279   279 E android.hardware.wifi@1.0-service: Failed to load WiFi driver
05-31 04:37:23.139   470   558 E HalDeviceManager: executeChipReconfiguration: configureChip error: 9 ()
05-31 04:37:23.141   279   279 I android.hardware.wifi@1.0-service: Wifi HAL stopped
05-31 04:37:23.142   470   558 E WifiNative-wlan0: Failed to start HAL for client mode
05-31 04:37:23.143   470   470 E WifiController: WifiControllerWifi turn on failed
05-31 04:37:23.144   470   558 I WifiVendorHal: Vendor Hal stopped
05-31 04:37:23.144   470   558 D WificondControl: tearing down interfaces in wificond
05-31 04:37:23.148   470   933 I WifiService: getWifiEnabledState uid=1000
05-31 04:37:23.148   470   933 I WifiService: getWifiEnabledState uid=1000
05-31 04:37:23.149   470   933 I WifiService: getWifiApEnabledState uid=1000
05-31 04:37:23.149   470   933 I WifiService: getWifiEnabledState uid=1000
05-31 04:37:23.150   274  2237 E HWC2On1Adapter: Validate was called more than once!
05-31 04:37:23.598   274  2237 I chatty  : uid=1000(system) HwBinder:274_3 identical 27 lines
05-31 04:37:23.615   274  2237 E HWC2On1Adapter: Validate was called more than once!
05-31 04:37:23.922   722   722 I com.android.phone: Looking for service android.hardware.radio@1.0::IRadio/slot1
05-31 04:37:23.925   722   722 I com.android.phone: Looking for service android.hardware.radio.deprecated@1.0::IOemHook/slot1
05-31 04:37:26.199   266   454 D alsa_route: route_set_controls() set route 24
05-31 04:37:26.199   266   454 D AudioHardwareTiny: close device
05-31 04:37:27.929   722   722 I com.android.phone: Looking for service android.hardware.radio@1.0::IRadio/slot1
05-31 04:37:27.933   722   722 I com.android.phone: Looking for service android.hardware.radio.deprecated@1.0::IOemHook/slot1
05-31 04:37:31.937   722   722 I com.android.phone: Looking for service android.hardware.radio@1.0::IRadio/slot1
05-31 04:37:31.941   722   722 I com.android.phone: Looking for service android.hardware.radio.deprecated@1.0::IOemHook/slot1
05-31 04:37:35.945   722   722 I com.android.phone: Looking for service android.hardware.radio@1.0::IRadio/slot1
05-31 04:37:35.949   722   722 I com.android.phone: Looking for service android.hardware.radio.deprecated@1.0::IOemHook/slot1
05-31 04:37:38.584   274  2237 E HWC2On1Adapter: Validate was called more than once!
05-31 04:37:39.072   274  2237 I chatty  : uid=1000(system) HwBinder:274_3 identical 27 lines
05-31 04:37:39.104   274  2237 E HWC2On1Adapter: Validate was called more than once!
05-31 04:37:39.953   722   722 I com.android.phone: Looking for service android.hardware.radio@1.0::IRadio/slot1
05-31 04:37:39.956   722   722 I com.android.phone: Looking for service android.hardware.radio.deprecated@1.0::IOemHook/slot1
05-31 04:37:43.961   722   722 I com.android.phone: Looking for service android.hardware.radio@1.0::IRadio/slot1
05-31 04:37:43.964   722   722 I com.android.phone: Looking for service android.hardware.radio.deprecated@1.0::IOemHook/slot1
05-31 04:37:47.969   722   722 I com.android.phone: Looking for service android.hardware.radio@1.0::IRadio/slot1
05-31 04:37:47.973   722   722 I com.android.phone: Looking for service android.hardware.radio.deprecated@1.0::IOemHook/slot1
05-31 04:37:51.978   722   722 I com.android.phone: Looking for service android.hardware.radio@1.0::IRadio/slot1
05-31 04:37:51.982   722   722 I com.android.phone: Looking for service android.hardware.radio.deprecated@1.0::IOemHook/slot1
05-31 04:37:55.987   722   722 I com.android.phone: Looking for service android.hardware.radio@1.0::IRadio/slot1
05-31 04:37:55.991   722   722 I com.android.phone: Looking for service android.hardware.radio.deprecated@1.0::IOemHook/slot1
05-31 04:37:56.449  1426  1447 I PlayCommon: [27] com.google.android.play.b.h.e(262): Preparing logs for uploading
05-31 04:37:56.455  1426  1447 W PlayCommon: [27] com.google.android.play.b.h.a(672): No account for auth token provided
05-31 04:37:56.455  1426  1447 I PlayCommon: [27] com.google.android.play.b.h.a(519): Connecting to server: https://play.googleapis.com/play/log?format=raw&proto_v2=true
05-31 04:37:56.462  1426  1447 E PlayCommon: [27] com.google.android.play.b.h.a(549): Failed to connect to server: java.net.UnknownHostException: Unable to resolve host "play.googleapis.com": No address associated with hostname
05-31 04:37:59.996   722   722 I com.android.phone: Looking for service android.hardware.radio@1.0::IRadio/slot1
05-31 04:37:59.999   722   722 I com.android.phone: Looking for service android.hardware.radio.deprecated@1.0::IOemHook/slot1
05-31 04:38:00.008   470   484 E memtrack: Couldn't load memtrack module
05-31 04:38:00.009   470   484 W android.os.Debug: failed to get memory consumption info: -1
05-31 04:38:00.052   274  2237 E HWC2On1Adapter: Validate was called more than once!
05-31 04:38:00.060   470   484 E memtrack: Couldn't load memtrack module
05-31 04:38:00.060   470   484 W android.os.Debug: failed to get memory consumption info: -1
05-31 04:38:00.068   274  2237 E HWC2On1Adapter: Validate was called more than once!
05-31 04:38:00.085   274  2237 E HWC2On1Adapter: Validate was called more than once!
05-31 04:38:04.004   722   722 I com.android.phone: Looking for service android.hardware.radio@1.0::IRadio/slot1
05-31 04:38:04.007   722   722 I com.android.phone: Looking for service android.hardware.radio.deprecated@1.0::IOemHook/slot1
05-31 04:38:08.012   722   722 I com.android.phone: Looking for service android.hardware.radio@1.0::IRadio/slot1
05-31 04:38:08.015   722   722 I com.android.phone: Looking for service android.hardware.radio.deprecated@1.0::IOemHook/slot1
05-31 04:38:12.020   722   722 I com.android.phone: Looking for service android.hardware.radio@1.0::IRadio/slot1
05-31 04:38:12.023   722   722 I com.android.phone: Looking for service android.hardware.radio.deprecated@1.0::IOemHook/slot1
05-31 04:38:16.028   722   722 I com.android.phone: Looking for service android.hardware.radio@1.0::IRadio/slot1
05-31 04:38:16.032   722   722 I com.android.phone: Looking for service android.hardware.radio.deprecated@1.0::IOemHook/slot1
05-31 04:38:20.037   722   722 I com.android.phone: Looking for service android.hardware.radio@1.0::IRadio/slot1
05-31 04:38:20.041   722   722 I com.android.phone: Looking for service android.hardware.radio.deprecated@1.0::IOemHook/slot1
05-31 04:38:24.045   722   722 I com.android.phone: Looking for service android.hardware.radio@1.0::IRadio/slot1
05-31 04:38:24.048   722   722 I com.android.phone: Looking for service android.hardware.radio.deprecated@1.0::IOemHook/slot1
05-31 04:38:28.053   722   722 I com.android.phone: Looking for service android.hardware.radio@1.0::IRadio/slot1
05-31 04:38:28.056   722   722 I com.android.phone: Looking for service android.hardware.radio.deprecated@1.0::IOemHook/slot1
05-31 04:38:32.061   722   722 I com.android.phone: Looking for service android.hardware.radio@1.0::IRadio/slot1
05-31 04:38:32.064   722   722 I com.android.phone: Looking for service android.hardware.radio.deprecated@1.0::IOemHook/slot1
05-31 04:38:36.069   722   722 I com.android.phone: Looking for service android.hardware.radio@1.0::IRadio/slot1
05-31 04:38:36.073   722   722 I com.android.phone: Looking for service android.hardware.radio.deprecated@1.0::IOemHook/slot1
05-31 04:38:37.080   274  2237 I [Gralloc]: Got handle 12 for fd 47
05-31 04:38:37.080   274  2237 I [Gralloc]: leave, w : 31, h : 40, format : 0x1,internal_format : 0x1, usage : 0x8933. size=5120,pixel_stride=32,byte_stride=128
05-31 04:38:37.081   274  2237 I [Gralloc]: leave: prime_fd=47,share_attr_fd=99
05-31 04:38:37.081   274  2237 I [Gralloc]: Got handle 12 for fd 57
05-31 04:38:37.081   274  2237 I [Gralloc]: leave, w : 31, h : 40, format : 0x1,internal_format : 0x1, usage : 0x8933. size=5120,pixel_stride=32,byte_stride=128
05-31 04:38:37.081   274  2237 I [Gralloc]: leave: prime_fd=57,share_attr_fd=102
05-31 04:38:37.083   274  2237 E HWC2On1Adapter: Validate was called more than once!
05-31 04:38:37.099   274  2237 I chatty  : uid=1000(system) HwBinder:274_3 identical 1 line
05-31 04:38:37.115   274  2237 E HWC2On1Adapter: Validate was called more than once!
05-31 04:38:37.129   282   282 E SurfaceFlinger: [Sprite#0] rejecting buffer: bufWidth=36, bufHeight=36, front.active.{w=31, h=40}
05-31 04:38:37.129   273   273 I [Gralloc]: Got fd 16 for handle 1
05-31 04:38:37.130   273   273 I [Gralloc]: leave, w : 31, h : 40, format : 0x1,internal_format : 0x1, usage : 0x8933. size=5120,pixel_stride=32,byte_stride=128
05-31 04:38:37.130   273   273 I [Gralloc]: leave: prime_fd=16,share_attr_fd=17
05-31 04:38:37.130   282   307 I [Gralloc]: Got handle 19 for fd 27
05-31 04:38:37.130   282   307 I [Gralloc]: leave, w : 31, h : 40, format : 0x1,internal_format : 0x1, usage : 0x8933. size=5120,pixel_stride=32,byte_stride=128
05-31 04:38:37.130   282   307 I [Gralloc]: leave: prime_fd=27,share_attr_fd=31
05-31 04:38:37.131   470   495 I [Gralloc]: Got handle 3 for fd 229
05-31 04:38:37.131   470   495 I [Gralloc]: leave, w : 31, h : 40, format : 0x1,internal_format : 0x1, usage : 0x8933. size=5120,pixel_stride=32,byte_stride=128
05-31 04:38:37.131   470   495 I [Gralloc]: leave: prime_fd=229,share_attr_fd=230
05-31 04:38:37.132   274  2237 E HWC2On1Adapter: Validate was called more than once!
05-31 04:38:37.148   274  2237 I [Gralloc]: Got handle 12 for fd 46
05-31 04:38:37.148   274  2237 I [Gralloc]: leave, w : 31, h : 40, format : 0x1,internal_format : 0x1, usage : 0x8933. size=5120,pixel_stride=32,byte_stride=128
05-31 04:38:37.148   274  2237 I [Gralloc]: leave: prime_fd=46,share_attr_fd=79
05-31 04:38:37.148   274  2237 I [Gralloc]: Got handle 12 for fd 57
05-31 04:38:37.148   274  2237 I [Gralloc]: leave, w : 31, h : 40, format : 0x1,internal_format : 0x1, usage : 0x8933. size=5120,pixel_stride=32,byte_stride=128
05-31 04:38:37.148   274  2237 I [Gralloc]: leave: prime_fd=57,share_attr_fd=85
05-31 04:38:37.150   274  2237 E HWC2On1Adapter: Validate was called more than once!
05-31 04:38:38.265   274  2237 I chatty  : uid=1000(system) HwBinder:274_3 identical 62 lines
05-31 04:38:38.282   274  2237 E HWC2On1Adapter: Validate was called more than once!
05-31 04:38:38.297   274  2237 I [Gralloc]: Got handle 12 for fd 43
05-31 04:38:38.298   274  2237 I [Gralloc]: leave, w : 36, h : 36, format : 0x1,internal_format : 0x1, usage : 0x8933. size=6912,pixel_stride=48,byte_stride=192
05-31 04:38:38.298   274  2237 I [Gralloc]: leave: prime_fd=43,share_attr_fd=96
05-31 04:38:38.298   274  2237 I [Gralloc]: Got handle 12 for fd 56
05-31 04:38:38.298   274  2237 I [Gralloc]: leave, w : 36, h : 36, format : 0x1,internal_format : 0x1, usage : 0x8933. size=6912,pixel_stride=48,byte_stride=192
05-31 04:38:38.298   274  2237 I [Gralloc]: leave: prime_fd=56,share_attr_fd=101
05-31 04:38:38.300   274  2237 E HWC2On1Adapter: Validate was called more than once!
05-31 04:38:39.282   274  2237 I chatty  : uid=1000(system) HwBinder:274_3 identical 39 lines
05-31 04:38:39.299   274  2237 E HWC2On1Adapter: Validate was called more than once!
05-31 04:38:39.314   274  2237 I [Gralloc]: Got handle 12 for fd 56
05-31 04:38:39.314   274  2237 I [Gralloc]: leave, w : 31, h : 40, format : 0x1,internal_format : 0x1, usage : 0x8933. size=5120,pixel_stride=32,byte_stride=128
05-31 04:38:39.314   274  2237 I [Gralloc]: leave: prime_fd=56,share_attr_fd=105
05-31 04:38:39.314   274  2237 I [Gralloc]: Got handle 12 for fd 60
05-31 04:38:39.315   274  2237 I [Gralloc]: leave, w : 31, h : 40, format : 0x1,internal_format : 0x1, usage : 0x8933. size=5120,pixel_stride=32,byte_stride=128
05-31 04:38:39.315   274  2237 I [Gralloc]: leave: prime_fd=60,share_attr_fd=114
05-31 04:38:39.317   274  2237 E HWC2On1Adapter: Validate was called more than once!
05-31 04:38:39.565   274  2237 I chatty  : uid=1000(system) HwBinder:274_3 identical 15 lines
05-31 04:38:39.582   274  2237 E HWC2On1Adapter: Validate was called more than once!
05-31 04:38:39.597   266   884 D AudioHardwareTiny: start_output_stream device: 400
05-31 04:38:39.598   266   884 D AudioHardwareTiny: read_out_sound_card: buf =  0 [realtekrt5651co]: realtek_rt5651- - realtek,rt5651-codec
05-31 04:38:39.598   266   884 D AudioHardwareTiny: get_card_number: number =0,card_name =  0 [realtekrt5651co]: realtek_rt5651- - realtek,rt5651-codec
05-31 04:38:39.598   266   884 D AudioHardwareTiny: read_out_sound_card: buf =                       realtek,rt5651-codec
05-31 04:38:39.598   266   884 D AudioHardwareTiny: read_out_sound_card: buf =  1 [rkhdmidpsound  ]: rk-hdmi-dp-soun - rk-hdmi-dp-sound
05-31 04:38:39.598   266   884 D AudioHardwareTiny: get_card_number: number =1,card_name =  1 [rkhdmidpsound  ]: rk-hdmi-dp-soun - rk-hdmi-dp-sound
05-31 04:38:39.598   470  1771 I WifiService: getWifiApEnabledState uid=1000
05-31 04:38:39.598   266   884 D AudioHardwareTiny: read_out_sound_card: buf =                       rk-hdmi-dp-sound
05-31 04:38:39.599   274  2237 E HWC2On1Adapter: Validate was called more than once!
05-31 04:38:39.600   470  1940 D WifiService: setWifiEnabled: true pid=2295, uid=1000, package=com.android.settings
05-31 04:38:39.600   470  1940 I WifiService: setWifiEnabled package=com.android.settings uid=1000 enable=true
05-31 04:38:39.602   279   279 I android.hardware.wifi@1.0-service: Wifi HAL started
05-31 04:38:39.602   266   884 D alsa_route: route_info->sound_card 1, route_info->devices 0  
05-31 04:38:39.606   279   279 E android.hardware.wifi@1.0-service: Kernel version is 4.4.: No such file or directory
05-31 04:38:39.606   279   279 E android.hardware.wifi@1.0-service: Wifi driver is not ready.: No such file or directory
05-31 04:38:39.606   266   884 W StreamHAL: Error from HAL stream in function get_presentation_position: Operation not permitted
05-31 04:38:39.607   266   884 W StreamHAL: Error from HAL stream in function get_presentation_position: Operation not permitted
05-31 04:38:39.607   279   279 E android.hardware.wifi@1.0-service: matched ko file path /vendor/lib/modules/wifi/bcmdhd.ko: No such file or directory
05-31 04:38:39.607   279   279 E android.hardware.wifi@1.0-service: insmod: open(/vendor/lib/modules/wifi/bcmdhd.ko) failed: No such file or directory: No such file or directory
05-31 04:38:39.607   279   279 E android.hardware.wifi@1.0-service: Failed to load WiFi driver
05-31 04:38:39.608   470   558 E HalDeviceManager: executeChipReconfiguration: configureChip error: 9 ()
05-31 04:38:39.609   279   279 I android.hardware.wifi@1.0-service: Wifi HAL stopped
05-31 04:38:39.609   470   558 E WifiNative-wlan0: Failed to start HAL for client mode
05-31 04:38:39.611   470   470 E WifiController: WifiControllerWifi turn on failed
05-31 04:38:39.612   470   558 I WifiVendorHal: Vendor Hal stopped
05-31 04:38:39.612   470   558 D WificondControl: tearing down interfaces in wificond
05-31 04:38:39.615   470  1940 I WifiService: getWifiEnabledState uid=1000
05-31 04:38:39.615   279   279 I android.hardware.wifi@1.0-service: Wifi HAL started
05-31 04:38:39.616   470  1940 I WifiService: getWifiEnabledState uid=1000
05-31 04:38:39.619   470  1940 I WifiService: getWifiApEnabledState uid=1000
05-31 04:38:39.619   279   279 E android.hardware.wifi@1.0-service: Kernel version is 4.4.: No such file or directory
05-31 04:38:39.619   279   279 E android.hardware.wifi@1.0-service: Wifi driver is not ready.: No such file or directory
05-31 04:38:39.619   470  1940 I WifiService: getWifiEnabledState uid=1000
05-31 04:38:39.620   279   279 E android.hardware.wifi@1.0-service: matched ko file path /vendor/lib/modules/wifi/bcmdhd.ko: No such file or directory
05-31 04:38:39.620   279   279 E android.hardware.wifi@1.0-service: insmod: open(/vendor/lib/modules/wifi/bcmdhd.ko) failed: No such file or directory: No such file or directory
05-31 04:38:39.620   279   279 E android.hardware.wifi@1.0-service: Failed to load WiFi driver
05-31 04:38:39.620   470   558 E HalDeviceManager: executeChipReconfiguration: configureChip error: 9 ()
05-31 04:38:39.621   279   279 I android.hardware.wifi@1.0-service: Wifi HAL stopped
05-31 04:38:39.621   470   558 E WifiNative-wlan0: Failed to start HAL for client mode
05-31 04:38:39.624   470   558 I WifiVendorHal: Vendor Hal stopped
05-31 04:38:39.624   470   558 D WificondControl: tearing down interfaces in wificond
05-31 04:38:39.624   470   470 E WifiController: WifiControllerWifi turn on failed
05-31 04:38:39.627   279   279 I android.hardware.wifi@1.0-service: Wifi HAL started
05-31 04:38:39.630   470  1940 I WifiService: getWifiEnabledState uid=1000
05-31 04:38:39.631   470  1940 I WifiService: getWifiEnabledState uid=1000
05-31 04:38:39.632   274  2237 E HWC2On1Adapter: Validate was called more than once!
05-31 04:38:39.632   470  1940 I ls
: getWifiApEnabledState uid=1000
05-31 04:38:39.632   470  1940 I WifiService: getWifiEnabledState uid=1000
05-31 04:38:39.634   279   279 E android.hardware.wifi@1.0-service: Kernel version is 4.4.: No such file or directory
05-31 04:38:39.635   279   279 E android.hardware.wifi@1.0-service: Wifi driver is not ready.: No such file or directory
05-31 04:38:39.635   279   279 E android.hardware.wifi@1.0-service: matched ko file path /vendor/lib/modules/wifi/bcmdhd.ko: No such file or directory
05-31 04:38:39.635   279   279 E android.hardware.wifi@1.0-service: insmod: open(/vendor/lib/modules/wifi/bcmdhd.ko) failed: No such file or directory: No such file or directory
05-31 04:38:39.635   279   279 E android.hardware.wifi@1.0-service: Failed to load WiFi driver
05-31 04:38:39.636   470   558 E HalDeviceManager: executeChipReconfiguration: configureChip error: 9 ()
05-31 04:38:39.637   279   279 I android.hardware.wifi@1.0-service: Wifi HAL stopped
05-31 04:38:39.637   470   558 E WifiNative-wlan0: Failed to start HAL for client mode
05-31 04:38:39.639   470   470 E WifiController: WifiControllerWifi turn on failed
05-31 04:38:39.639   470   558 I WifiVendorHal: Vendor Hal stopped
05-31 04:38:39.639   470   558 D WificondControl: tearing down interfaces in wificond
05-31 04:38:39.646   470  1940 I WifiService: getWifiEnabledState uid=1000
05-31 04:38:39.647   470  1940 I WifiService: getWifiEnabledState uid=1000
05-31 04:38:39.648   470  1940 I WifiService: getWifiApEnabledState uid=1000
05-31 04:38:39.648   274  2237 E HWC2On1Adapter: Validate was called more than once!
05-31 04:38:39.649   470  1940 I WifiService: getWifiEnabledState uid=1000
05-31 04:38:39.665   274  2237 E HWC2On1Adapter: Validate was called more than once!
05-31 04:38:40.049   274  2237 I chatty  : uid=1000(system) HwBinder:274_3 identical 23 lines
05-31 04:38:40.066   274  2237 E HWC2On1Adapter: Validate was called more than once!
05-31 04:38:40.076   722   722 I com.android.phone: Looking for service android.hardware.radio@1.0::IRadio/slot1
05-31 04:38:40.080   722   722 I com.android.phone: Looking for service android.hardware.radio.deprecated@1.0::IOemHook/slot1
05-31 04:38:40.082   274  2237 E HWC2On1Adapter: Validate was called more than once!
05-31 04:38:40.732   274  2237 I chatty  : uid=1000(system) HwBinder:274_3 identical 39 lines
05-31 04:38:40.748   274  2237 E HWC2On1Adapter: Validate was called more than once!
05-31 04:38:42.724   266   454 D alsa_route: route_set_controls() set route 24
05-31 04:38:42.724   266   454 D AudioHardwareTiny: close device
05-31 04:38:44.084   722   722 I com.android.phone: Looking for service android.hardware.radio@1.0::IRadio/slot1
05-31 04:38:44.086   722   722 I com.android.phone: Looking for service android.hardware.radio.deprecated@1.0::IOemHook/slot1
05-31 04:38:48.091   722   722 I com.android.phone: Looking for service android.hardware.radio@1.0::IRadio/slot1
05-31 04:38:48.095   722   722 I com.android.phone: Looking for service android.hardware.radio.deprecated@1.0::IOemHook/slot1
05-31 04:38:52.100   722   722 I com.android.phone: Looking for service android.hardware.radio@1.0::IRadio/slot1
05-31 04:38:52.104   722   722 I com.android.phone: Looking for service android.hardware.radio.deprecated@1.0::IOemHook/slot1


---------- 2020-06-03 19:36:44 -0700: Logging Stopped ----------

