05-31 04:32:54.668  1195  1195 W ContextImpl: Calling a method in the system process without a qualified user: android.app.ContextImpl.startService:1476 android.content.ContextWrapper.startService:650 android.content.ContextWrapper.startService:650 android.rockchip.update.service.RKUpdateReceiver.onReceive:59 android.app.ActivityThread.handleReceiver:3187 
05-31 04:32:54.672  1195  1195 W ContextImpl: Calling a method in the system process without a qualified user: android.app.ContextImpl.startService:1476 android.content.ContextWrapper.startService:650 android.content.ContextWrapper.startService:650 android.rockchip.update.service.RKUpdateReceiver.onReceive:65 android.app.ActivityThread.handleReceiver:3187 
05-31 04:32:54.682  1195  1195 I android_rockchip_update_UpdateService.cpp: JNI_OnLoad
05-31 04:32:54.688  1258  1258 I zygote64: The ClassLoaderContext is a special shared library.
05-31 04:32:54.690  1195  1195 I .update.service: type=1400 audit(0.0:22): avc: denied { open } for path="/dev/__properties__/u:object_r:serialno_prop:s0" dev="tmpfs" ino=15158 scontext=u:r:system_app:s0 tcontext=u:object_r:serialno_prop:s0 tclass=file permissive=1
05-31 04:32:54.690  1195  1195 I .update.service: type=1400 audit(0.0:23): avc: denied { getattr } for path="/dev/__properties__/u:object_r:serialno_prop:s0" dev="tmpfs" ino=15158 scontext=u:r:system_app:s0 tcontext=u:object_r:serialno_prop:s0 tclass=file permissive=1
05-31 04:32:54.692   470   612 I ActivityManager: Start proc 1276:com.android.calendar/u0a38 for broadcast com.android.calendar/.alerts.AlertReceiver
05-31 04:32:54.693  1195  1195 D RKUpdateService: starting RKUpdateService, version is 1.8.2
05-31 04:32:54.695  1195  1195 D RKUpdateService: remote uri is http://www.rockchip.com:2300/OtaUpdater/android?product=NanoPC-T4(RK3399)&version=1.0.0&sn=1VI03UD5M2&country=US&language=en
05-31 04:32:54.695  1195  1195 D RKUpdateService: remote uri backup is http://192.168.1.143:2300/OtaUpdater/android?product=NanoPC-T4(RK3399)&version=1.0.0&sn=1VI03UD5M2&country=US&language=en
05-31 04:32:54.698   722  1285 D SIP     : [SipPreferences] isReceivingCallsEnabled, option not set; use default value, exception: android.provider.Settings$SettingNotFoundException: sip_receive_calls
05-31 04:32:54.700  1195  1195 D RKUpdateService: first startup!!!
05-31 04:32:54.713  1195  1195 D RKUpdateService: onStartCommand.......
05-31 04:32:54.713  1195  1195 D RKUpdateService: command = 1 delaytime = 20000
05-31 04:32:54.722  1195  1195 D RKUpdateService: onStartCommand.......
05-31 04:32:54.722  1195  1195 D RKUpdateService: command = 2 delaytime = 25000
05-31 04:32:54.732  1276  1276 I zygote64: The ClassLoaderContext is a special shared library.
05-31 04:32:54.747  1258  1258 I ContactsPerf: VoicemailContentProvider.onCreate start
05-31 04:32:54.751  1258  1258 I ContactsPerf: VoicemailContentProvider.onCreate finish
05-31 04:32:54.761  1258  1258 I zygote64: The ClassLoaderContext is a special shared library.
05-31 04:32:54.766  1258  1296 D ContactsDatabaseHelper: WAL enabled for contacts2.db: true
05-31 04:32:54.777  1276  1276 D ExtensionsFactory: No custom extensions.
05-31 04:32:54.779  1258  1258 I zygote64: The ClassLoaderContext is a special shared library.
05-31 04:32:54.783  1276  1276 D AlertReceiver: onReceive: a=android.intent.action.BOOT_COMPLETED Intent { act=android.intent.action.BOOT_COMPLETED flg=0x9000010 cmp=com.android.calendar/.alerts.AlertReceiver (has extras) }
05-31 04:32:54.819   470   612 I ActivityManager: Start proc 1306:com.android.contacts/u0a22 for broadcast com.android.contacts/.interactions.OnBootOrUpgradeReceiver
05-31 04:32:54.835  1258  1296 I ContactLocale: AddressBook Labels [[en_US]]: […, A, B, C, D, E, F, G, H, I, J, K, L, M, N, O, P, Q, R, S, T, U, V, W, X, Y, Z, Α, Β, Γ, Δ, Ε, Ζ, Η, Θ, Ι, Κ, Λ, Μ, Ν, Ξ, Ο, Π, Ρ, Σ, Τ, Υ, Φ, Χ, Ψ, Ω, …, А, Б, В, Г, Д, Ђ, Е, Є, Ж, З, И, І, Й, Ј, К, Л, Љ, М, Н, Њ, О, П, Р, С, Т, Ћ, У, Ф, Х, Ц, Ч, Џ, Ш, Щ, Ю, Я, …, א, ב, ג, ד, ה, ו, ז, ח, ט, י, כ, ל, מ, נ, ס, ע, פ, צ, ק, ר, ש, ת, …, ا, ب, ت, ث, ج, ح, خ, د, ذ, ر, ز, س, ش, ص, ض, ط, ظ, ع, غ, ف, ق, ك, ل, م, ن, ه, و, ي, …, ก, ข, ฃ, ค, ฅ, ฆ, ง, จ, ฉ, ช, ซ, ฌ, ญ, ฎ, ฏ, ฐ, ฑ, ฒ, ณ, ด, ต, ถ, ท, ธ, น, บ, ป, ผ, ฝ, พ, ฟ, ภ, ม, ย, ร, ฤ, ล, ฦ, ว, ศ, ษ, ส, ห, ฬ, อ, ฮ, …, ㄱ, ㄴ, ㄷ, ㄹ, ㅁ, ㅂ, ㅅ, ㅇ, ㅈ, ㅊ, ㅋ, ㅌ, ㅍ, ㅎ, …, あ, か, さ, た, な, は, ま, や, ら, わ, #, …]
05-31 04:32:54.860  1276  1320 D AlertService: 0 Action = android.intent.action.BOOT_COMPLETED
05-31 04:32:54.874  1276  1320 D AlertService: Scheduling next alarm with AlarmScheduler. sEventReminderReceived: null
05-31 04:32:54.878  1306  1306 I zygote64: The ClassLoaderContext is a special shared library.
05-31 04:32:54.912  1258  1296 D ContactsDatabaseHelper: WAL enabled for profile.db: false
05-31 04:32:54.916   470   612 I ActivityManager: Start proc 1325:com.android.providers.calendar/u0a10 for content provider com.android.providers.calendar/.CalendarProvider2
05-31 04:32:54.984   966   966 I AlarmClock: AlarmInitReceiver android.intent.action.BOOT_COMPLETED
05-31 04:32:54.987  1325  1325 I zygote64: The ClassLoaderContext is a special shared library.
05-31 04:32:55.000  1325  1325 I zygote64: The ClassLoaderContext is a special shared library.
05-31 04:32:55.003   966  1116 I AlarmClock: Fixing alarm instances
05-31 04:32:55.013  1325  1325 I zygote64: The ClassLoaderContext is a special shared library.
05-31 04:32:55.019   966  1116 V AlarmClock: AlarmInitReceiver finished
05-31 04:32:55.040   470   734 I ActivityManager: Start proc 1343:com.android.email/u0a43 for broadcast com.android.email/.service.EmailBroadcastReceiver
05-31 04:32:55.091   470   766 W Binder  : Outgoing transactions from this process must be FLAG_ONEWAY
05-31 04:32:55.091   470   766 W Binder  : java.lang.Throwable
05-31 04:32:55.091   470   766 W Binder  :      at android.os.BinderProxy.transact(Binder.java:752)
05-31 04:32:55.091   470   766 W Binder  :      at android.content.ContentProviderProxy.getType(ContentProviderNative.java:451)
05-31 04:32:55.091   470   766 W Binder  :      at com.android.server.am.ActivityManagerService.getProviderMimeType(ActivityManagerService.java:12294)
05-31 04:32:55.091   470   766 W Binder  :      at android.app.IActivityManager$Stub.onTransact(IActivityManager.java:1799)
05-31 04:32:55.091   470   766 W Binder  :      at com.android.server.am.ActivityManagerService.onTransact(ActivityManagerService.java:2922)
05-31 04:32:55.091   470   766 W Binder  :      at android.os.Binder.execTransact(Binder.java:697)
05-31 04:32:55.096  1343  1343 I zygote64: The ClassLoaderContext is a special shared library.
05-31 04:32:55.106  1325  1325 I CalendarProvider2: Created com.android.providers.calendar.CalendarAlarmManager@2c64a6f(com.android.providers.calendar.CalendarProvider2@9f5b37c)
05-31 04:32:55.184  1276  1320 D AlarmScheduler: No events found starting within 1 week.
05-31 04:32:55.188   470   734 W ActivityManager: Unable to start service Intent { act=com.android.email.EXCHANGE_INTENT pkg=com.android.exchange } U=0: not found
05-31 04:32:55.205  1343  1364 D ActivityThread: Loading provider com.android.email.provider;com.android.email.notifier: com.android.email.provider.EmailProvider
05-31 04:32:55.206   470   734 W ActivityManager: Unable to start service Intent { act=com.android.email.EXCHANGE_INTENT pkg=com.android.exchange } U=0: not found
05-31 04:32:55.257   607   607 I SystemBroadcastReceiver: Boot has been completed
05-31 04:32:55.257   607   607 I SystemBroadcastReceiver: toggleAppIcon() : FLAG_SYSTEM = true
05-31 04:32:55.289   470   766 I ActivityManager: Start proc 1372:com.android.managedprovisioning/u0a15 for broadcast com.android.managedprovisioning/.preprovisioning.BootReminder
05-31 04:32:55.335  1372  1372 I zygote64: The ClassLoaderContext is a special shared library.
05-31 04:32:55.390   470   612 I ActivityManager: Start proc 1387:com.android.onetimeinitializer/u0a19 for broadcast com.android.onetimeinitializer/.OneTimeInitializerReceiver
05-31 04:32:55.391  1210  1229 V MediaProvider: pruneThumbnails 
05-31 04:32:55.401   470   612 W ActivityManager: Unable to start service Intent { cmp=com.android.email/.service.AttachmentService } U=0: not found
05-31 04:32:55.402   470   766 W ActivityManager: Unable to start service Intent { act=com.android.email.EXCHANGE_INTENT pkg=com.android.exchange } U=0: not found
05-31 04:32:55.402   470   734 W ActivityManager: Unable to start service Intent { cmp=com.android.email/.service.AttachmentService } U=0: not found
05-31 04:32:55.404  1210  1229 V MediaProvider: /pruneDeadThumbnailFiles... 
05-31 04:32:55.411  1343  1371 W zygote64: Long monitor contention with owner AsyncTask #2 (1365) at long android.database.sqlite.SQLiteConnection.nativePrepareStatement(long, java.lang.String)(SQLiteConnection.java:-2) waiters=0 in void com.android.email.provider.AccountReconciler.reconcileAccounts(android.content.Context) for 139ms
05-31 04:32:55.420   470   612 W ActivityManager: Unable to start service Intent { act=com.android.email.EXCHANGE_INTENT pkg=com.android.exchange } U=0: not found
05-31 04:32:55.420  1343  1402 I Email   : Observing account changes for notifications
05-31 04:32:55.422   470   612 W ActivityManager: Unable to start service Intent { act=com.android.email.EXCHANGE_INTENT pkg=com.android.exchange } U=0: not found
05-31 04:32:55.428  1343  1343 E ActivityThread: Service com.android.email.service.EmailBroadcastProcessorService has leaked ServiceConnection com.android.emailcommon.service.ServiceProxy$ProxyConnection@970c07b that was originally bound here
05-31 04:32:55.428  1343  1343 E ActivityThread: android.app.ServiceConnectionLeaked: Service com.android.email.service.EmailBroadcastProcessorService has leaked ServiceConnection com.android.emailcommon.service.ServiceProxy$ProxyConnection@970c07b that was originally bound here
05-31 04:32:55.428  1343  1343 E ActivityThread:        at android.app.LoadedApk$ServiceDispatcher.<init>(LoadedApk.java:1532)
05-31 04:32:55.428  1343  1343 E ActivityThread:        at android.app.LoadedApk.getServiceDispatcher(LoadedApk.java:1424)
05-31 04:32:55.428  1343  1343 E ActivityThread:        at android.app.ContextImpl.bindServiceCommon(ContextImpl.java:1605)
05-31 04:32:55.428  1343  1343 E ActivityThread:        at android.app.ContextImpl.bindService(ContextImpl.java:1557)
05-31 04:32:55.428  1343  1343 E ActivityThread:        at android.content.ContextWrapper.bindService(ContextWrapper.java:684)
05-31 04:32:55.428  1343  1343 E ActivityThread:        at com.android.emailcommon.service.ServiceProxy.setTask(ServiceProxy.java:181)
05-31 04:32:55.428  1343  1343 E ActivityThread:        at com.android.emailcommon.service.ServiceProxy.test(ServiceProxy.java:224)
05-31 04:32:55.428  1343  1343 E ActivityThread:        at com.android.email.service.EmailServiceUtils.isServiceAvailable(EmailServiceUtils.java:160)
05-31 04:32:55.428  1343  1343 E ActivityThread:        at com.android.email.provider.AccountReconciler.reconcileAccountsInternal(AccountReconciler.java:171)
05-31 04:32:55.428  1343  1343 E ActivityThread:        at com.android.email.provider.AccountReconciler.reconcileAccounts(AccountReconciler.java:115)
05-31 04:32:55.428  1343  1343 E ActivityThread:        at com.android.email.service.EmailBroadcastProcessorService.reconcileAndStartServices(EmailBroadcastProcessorService.java:305)
05-31 04:32:55.428  1343  1343 E ActivityThread:        at com.android.email.service.EmailBroadcastProcessorService.onBootCompleted(EmailBroadcastProcessorService.java:295)
05-31 04:32:55.428  1343  1343 E ActivityThread:        at com.android.email.service.EmailBroadcastProcessorService.onHandleIntent(EmailBroadcastProcessorService.java:130)
05-31 04:32:55.428  1343  1343 E ActivityThread:        at android.app.IntentService$ServiceHandler.handleMessage(IntentService.java:76)
05-31 04:32:55.428  1343  1343 E ActivityThread:        at android.os.Handler.dispatchMessage(Handler.java:106)
05-31 04:32:55.428  1343  1343 E ActivityThread:        at android.os.Looper.loop(Looper.java:164)
05-31 04:32:55.428  1343  1343 E ActivityThread:        at android.os.HandlerThread.run(HandlerThread.java:65)
05-31 04:32:55.429   470   612 W ActivityManager: Unbind failed: could not find connection for android.os.BinderProxy@defcab8
05-31 04:32:55.441  1387  1387 I zygote64: The ClassLoaderContext is a special shared library.
05-31 04:32:55.446   470   766 W ActivityManager: Unable to start service Intent { act=com.android.email.EXCHANGE_INTENT pkg=com.android.exchange } U=0: not found
05-31 04:32:55.457  1387  1387 V OneTimeInitializerReceiver: OneTimeInitializerReceiver.onReceive
05-31 04:32:55.485   470   766 I ActivityManager: Start proc 1407:com.android.packageinstaller/u0a23 for broadcast com.android.packageinstaller/.TemporaryFileManager
05-31 04:32:55.523  1407  1407 I zygote64: The ClassLoaderContext is a special shared library.
05-31 04:32:55.564   722   722 I VvmSimStateTracker: android.intent.action.BOOT_COMPLETED
05-31 04:32:55.626  1424  1424 I sh      : type=1400 audit(0.0:24): avc: denied { execute_no_trans } for path="/vendor/bin/toybox_vendor" dev="dm-1" ino=53 scontext=u:r:pwm_fan_autorun:s0 tcontext=u:object_r:vendor_toolbox_exec:s0 tclass=file permissive=1
05-31 04:32:55.746   470   612 I ActivityManager: Start proc 1426:com.android.vending/u0a14 for broadcast com.android.vending/com.google.android.finsky.boothandler.BootCompletedReceiver
05-31 04:32:56.157  1426  1426 W Finsky  : [2] com.google.android.finsky.application.impl.a.dh(867): No account configured on this device.
05-31 04:32:56.249  1426  1426 I chatty  : uid=10014(com.android.vending) identical 9 lines
05-31 04:32:56.251  1426  1426 W Finsky  : [2] com.google.android.finsky.application.impl.a.dh(867): No account configured on this device.
05-31 04:32:56.333  1426  1426 E Finsky  : [2] com.google.android.finsky.ae.d.a(8): Unexpected android-id = 0
05-31 04:32:56.335  1210  1215 I zygote64: Compiler allocated 4MB to compile android.database.Cursor com.android.providers.media.MediaProvider.query(android.net.Uri, java.lang.String[], java.lang.String, java.lang.String[], java.lang.String)
05-31 04:32:56.390  1426  1426 W Finsky  : [2] com.google.android.finsky.application.impl.a.dh(867): No account configured on this device.
05-31 04:32:56.535  1426  1426 I chatty  : uid=10014(com.android.vending) identical 13 lines
05-31 04:32:56.537  1426  1426 W Finsky  : [2] com.google.android.finsky.application.impl.a.dh(867): No account configured on this device.
05-31 04:32:56.545  1426  1426 W Settings: Setting download_manager_max_bytes_over_mobile has moved from android.provider.Settings.Secure to android.provider.Settings.Global.
05-31 04:32:56.551  1426  1426 W Settings: Setting download_manager_recommended_max_bytes_over_mobile has moved from android.provider.Settings.Secure to android.provider.Settings.Global.
05-31 04:32:56.566  1426  1426 W Finsky  : [2] com.google.android.finsky.application.impl.a.dh(867): No account configured on this device.
05-31 04:32:56.705  1426  1426 I chatty  : uid=10014(com.android.vending) identical 26 lines
05-31 04:32:56.708  1426  1426 W Finsky  : [2] com.google.android.finsky.application.impl.a.dh(867): No account configured on this device.
05-31 04:32:56.708  1426  1426 I Finsky  : [2] com.google.android.finsky.hygiene.a.a.a(26): No recent hygiene success, need more hygiene.
05-31 04:32:56.710  1426  1426 W Finsky  : [2] com.google.android.finsky.application.impl.a.dh(867): No account configured on this device.
05-31 04:32:56.821  1426  1426 I chatty  : uid=10014(com.android.vending) identical 7 lines
05-31 04:32:56.827  1426  1426 W Finsky  : [2] com.google.android.finsky.application.impl.a.dh(867): No account configured on this device.
05-31 04:32:56.829  1426  1426 I Finsky  : [2] com.google.android.finsky.installer.a.l.<init>(9): Not checking if recovering from paused session because experiment is off
05-31 04:32:56.831  1426  1426 W Finsky  : [2] com.google.android.finsky.application.impl.a.dh(867): No account configured on this device.
05-31 04:32:56.902  1426  1426 I chatty  : uid=10014(com.android.vending) identical 14 lines
05-31 04:32:56.911  1426  1426 W Finsky  : [2] com.google.android.finsky.application.impl.a.dh(867): No account configured on this device.
05-31 04:32:56.911  1426  1426 W Finsky  : [2] com.google.android.finsky.application.impl.a.b(488): No account configured on this device.
05-31 04:32:56.922  1426  1426 W Finsky  : [2] com.google.android.finsky.application.impl.a.dh(867): No account configured on this device.
05-31 04:32:56.944  1426  1426 I chatty  : uid=10014(com.android.vending) identical 5 lines
05-31 04:32:56.946  1426  1426 W Finsky  : [2] com.google.android.finsky.application.impl.a.dh(867): No account configured on this device.
05-31 04:32:56.946  1426  1471 W Finsky  : [49] com.google.android.finsky.application.impl.a.dh(867): No account configured on this device.
05-31 04:32:56.948  1426  1426 W Finsky  : [2] com.google.android.finsky.application.impl.a.dh(867): No account configured on this device.
05-31 04:32:56.972  1426  1426 I chatty  : uid=10014(com.android.vending) identical 3 lines
05-31 04:32:56.980  1426  1426 W Finsky  : [2] com.google.android.finsky.application.impl.a.dh(867): No account configured on this device.
05-31 04:32:56.987  1426  1426 I Finsky  : [2] com.google.android.finsky.scheduler.k.a(22): Scheduling fallback in 43199994 (absolute: 43219667)
05-31 04:32:56.992  1426  1470 W Finsky  : [48] com.google.android.finsky.application.impl.a.dh(867): No account configured on this device.
05-31 04:32:56.993  1426  1426 I Finsky  : [2] com.google.android.finsky.scheduler.k.a(22): Scheduling fallback in 64799995 (absolute: 64819674)
05-31 04:32:56.995  1426  1426 W Finsky  : [2] com.google.android.finsky.application.impl.a.dh(867): No account configured on this device.
05-31 04:32:57.000  1426  1426 W Finsky  : [2] com.google.android.finsky.application.impl.a.dh(867): No account configured on this device.
05-31 04:32:57.002  1426  1450 D Volley  : [30] c.b: Cache cleared.
05-31 04:32:57.003  1426  1426 W Finsky  : [2] com.google.android.finsky.application.impl.a.dh(867): No account configured on this device.
05-31 04:32:57.014  1426  1459 D Volley  : [38] c.b: Cache cleared.
05-31 04:32:57.042  1426  1426 W Finsky  : [2] com.google.android.finsky.application.impl.a.dh(867): No account configured on this device.
05-31 04:32:57.048  1426  1426 D Volley  : [2] c.b: Cache cleared.
05-31 04:32:57.065  1426  1426 W Finsky  : [2] com.google.android.finsky.application.impl.a.dh(867): No account configured on this device.
05-31 04:32:57.071  1426  1426 I chatty  : uid=10014(com.android.vending) identical 4 lines
05-31 04:32:57.092   470   612 I ActivityManager: Start proc 1473:com.google.android.configupdater/u0a24 for broadcast com.google.android.configupdater/.MainReceiver
05-31 04:32:57.126  1426  1426 W Finsky  : [2] com.google.android.finsky.application.impl.a.dh(867): No account configured on this device.
05-31 04:32:57.130  1426  1426 I Finsky  : [2] com.google.android.finsky.wear.WearSupportService.onStartCommand(29): Starting WearSupportService for send_installed_apps
05-31 04:32:57.136  1426  1426 I Finsky  : [2] com.google.android.finsky.wear.am.a(78): Connecting to wearable; initiated by: com.google.android.finsky.wear.WearSupportService
05-31 04:32:57.138  1473  1473 I zygote64: The ClassLoaderContext is a special shared library.
05-31 04:32:57.162  1426  1490 W Finsky  : [51] com.google.android.finsky.application.impl.a.dh(867): No account configured on this device.
05-31 04:32:57.174  1426  1426 W Finsky  : [2] com.google.android.finsky.application.impl.a.dh(867): No account configured on this device.
05-31 04:32:57.200  1426  1426 I chatty  : uid=10014(com.android.vending) identical 6 lines
05-31 04:32:57.205  1426  1426 W Finsky  : [2] com.google.android.finsky.application.impl.a.dh(867): No account configured on this device.
05-31 04:32:57.227   989   989 I WearableService: Wearable Services not starting - Wear is not available on this device.
05-31 04:32:57.254  1473  1473 E ConfigUpdater: ignoring update request
05-31 04:32:57.271  1473  1473 I chatty  : uid=10024(com.google.android.configupdater) identical 1 line
05-31 04:32:57.289  1473  1473 E ConfigUpdater: ignoring update request
05-31 04:32:57.302  1426  1426 I Finsky  : [2] com.google.android.finsky.setup.bj.run(17): Handling intent Intent { dat=restoreservicev2://:/recovery cmp=com.android.vending/com.google.android.finsky.setup.RestoreServiceV2 (has extras) }
05-31 04:32:57.307  1426  1426 W Finsky  : [2] com.google.android.finsky.application.impl.a.dh(867): No account configured on this device.
05-31 04:32:57.308  1426  1426 I Finsky  : [2] com.google.android.finsky.setup.bj.run(82): Restore complete with 0 success and 0 failed.
05-31 04:32:57.311  1473  1473 E ConfigUpdater: ignoring update request
05-31 04:32:57.337  1473  1473 E ConfigUpdater: ignoring update request
05-31 04:32:57.340   989  1011 D WearableService: onGetService - Wear is not available on this device.
05-31 04:32:57.344  1426  1426 I Finsky  : [2] com.google.android.finsky.scheduler.JobSchedulerEngine.a(37): Scheduling job with id: 9000
05-31 04:32:57.362  1426  1426 E Finsky  : [2] com.google.android.finsky.wear.ap.a(3): onConnectionFailed: ConnectionResult{statusCode=API_UNAVAILABLE, resolution=null, message=null}
05-31 04:32:57.362  1426  1426 W Finsky  : [2] com.google.android.finsky.wear.bu.run(12): Dropping command=send_installed_apps due to Gms not connected
05-31 04:32:57.362  1426  1426 I Finsky  : [2] com.google.android.finsky.wear.WearSupportService.b(75): Stopping WearSupportService
05-31 04:32:57.365  1473  1473 E ConfigUpdater: ignoring update request
05-31 04:32:57.391  1473  1473 I chatty  : uid=10024(com.google.android.configupdater) identical 2 lines
05-31 04:32:57.404  1473  1473 E ConfigUpdater: ignoring update request
05-31 04:32:57.431   470   933 I ActivityManager: Start proc 1519:com.google.android.gms/u0a2 for broadcast com.google.android.gms/.games.chimera.GamesSystemBroadcastReceiverProxy
05-31 04:32:57.471  1519  1519 I zygote64: The ClassLoaderContext is a special shared library.
05-31 04:32:57.473  1519  1519 I chatty  : uid=10002(com.google.android.gms) identical 1 line
05-31 04:32:57.497  1519  1519 I zygote64: The ClassLoaderContext is a special shared library.
05-31 04:32:57.529  1519  1519 I LoadedApk: No resource references to update in package FFFFFFFFFFFFFFFFFFFFFF
05-31 04:32:57.625  1519  1519 W linker  : "/data/user_de/0/com.google.android.gms/app_extracted_libs/arm64-v8a/libconscrypt_gmscore_jni.so" unused DT entry: type 0xf arg 0x8a
05-31 04:32:57.627  1519  1519 V NativeCrypto: Registering com/google/android/gms/org/conscrypt/NativeCrypto's 276 native methods...
05-31 04:32:57.649  1519  1519 D NetworkSecurityConfig: No Network Security Config specified, using platform default
05-31 04:32:57.652  1519  1519 I ProviderInstaller: Installed default security provider GmsCore_OpenSSL
05-31 04:32:57.852   470   933 I ActivityManager: Start proc 1548:com.google.android.onetimeinitializer/u0a6 for broadcast com.google.android.onetimeinitializer/.OneTimeInitializerReceiver
05-31 04:32:57.874  1426  1490 W Finsky  : [51] com.google.android.finsky.application.impl.a.dh(867): No account configured on this device.
05-31 04:32:57.935  1548  1548 I zygote64: The ClassLoaderContext is a special shared library.
05-31 04:32:58.010  1548  1548 V OneTimeInitializerReceiver: OneTimeInitializerReceiver.onReceive
05-31 04:32:58.036  1548  1567 V OneTimeInitializer: OneTimeInitializer.initialize
05-31 04:32:58.039  1519  1549 I DynamiteModule: Considering local module com.google.android.gms.googlecertificates:4 and remote module com.google.android.gms.googlecertificates:4
05-31 04:32:58.039  1519  1549 I DynamiteModule: Selected local version of com.google.android.gms.googlecertificates
05-31 04:32:58.062  1548  1567 V OneTimeInitializer: Already run, doing nothing.
05-31 04:32:58.086   470   612 I ActivityManager: Start proc 1570:com.google.android.partnersetup/u0a30 for broadcast com.google.android.partnersetup/.GooglePartnerSetup
05-31 04:32:58.087  1426  1490 W Finsky  : [51] com.google.android.finsky.application.impl.a.dh(867): No account configured on this device.
05-31 04:32:58.160  1570  1570 I zygote64: The ClassLoaderContext is a special shared library.
05-31 04:32:58.161  1426  1490 W Finsky  : [51] com.google.android.finsky.application.impl.a.dh(867): No account configured on this device.
05-31 04:32:58.257  1426  1490 W Finsky  : [51] com.google.android.finsky.application.impl.a.dh(867): No account configured on this device.
05-31 04:32:58.292   470   766 I ActivityManager: Start proc 1585:com.google.process.gapps/u0a2 for content provider com.google.android.gsf/.settings.GoogleSettingsProvider
05-31 04:32:58.318  1519  1545 W zygote64: Long monitor contention with owner [crt] processing com.google.android.gms.chimera.container.GmsModuleFinder$ConfigUpdateIntentOperation for action android.intent.action.BOOT_COMPLETED (1549) at int com.google.android.chimera.container.ConfigurationManager.a(java.util.List, java.util.Set, java.lang.String, java.lang.String, boolean, boolean)(:com.google.android.gms@11976940:30) waiters=0 in ctj com.google.android.chimera.container.ConfigurationManager.a(cqp) for 112ms
05-31 04:32:58.369  1585  1585 I zygote64: The ClassLoaderContext is a special shared library.
05-31 04:32:58.377   989  1011 W ConfigurationChimeraPro: Got null configs for com.google.android.gms.auth.account.base
05-31 04:32:58.433  1519  1549 I Auth    : [WorkAccount] update authenticator enabled for boot or update
05-31 04:32:58.452   989  1605 W WakefulBroadcastReceiv.: No active wake lock id #1
05-31 04:32:58.501   989  1613 W ConfigurationChimeraPro: Got null configs for com.google.android.gms.auth.account.base
05-31 04:32:58.526   722   722 I com.android.phone: Looking for service android.hardware.radio@1.0::IRadio/slot1
05-31 04:32:58.528   722   722 I com.android.phone: Looking for service android.hardware.radio.deprecated@1.0::IOemHook/slot1
05-31 04:32:58.528   989  1454 W ConfigurationChimeraPro: Got null configs for com.google.android.gms.ads
05-31 04:32:58.557   470   480 I zygote64: Background concurrent copying GC freed 27738(2020KB) AllocSpace objects, 21(1340KB) LOS objects, 42% free, 7MB/12MB, paused 251us total 121.398ms
05-31 04:32:58.570  1210  1423 W MediaScanner: Error opening directory '/oem/media/', skipping: No such file or directory.
05-31 04:32:58.573  1519  1530 I zygote64: Background concurrent copying GC freed 22758(1966KB) AllocSpace objects, 3(60KB) LOS objects, 49% free, 2MB/4MB, paused 1.557ms total 151.448ms
05-31 04:32:58.581   989  1013 W ConfigurationChimeraPro: Got null configs for com.google.android.gms.auth_managed
05-31 04:32:58.590  1519  1627 W ChimeraUtils: Non Chimera context
05-31 04:32:58.590  1519  1627 W ChimeraUtils: Non Chimera context
05-31 04:32:58.595  1210  1423 V MediaProvider: pruneThumbnails 
05-31 04:32:58.598  1210  1423 V MediaProvider: /pruneDeadThumbnailFiles... 
05-31 04:32:58.600   989  1013 W ConfigurationChimeraPro: Got null configs for com.google.android.gms.backup
05-31 04:32:58.608  1519  1611 I Backup  : [ComponentEnabler] Setting target components to enabled = false
05-31 04:32:58.622  1519  1611 I Backup  : [ComponentEnabler] Setting source components to enabled = true
05-31 04:32:58.628  1519  1601 V Backup  : Boot completed, flushing queues
05-31 04:32:58.633  1519  1611 I Backup  : [MigrateUtil] Found new selectBackupTransport API!
05-31 04:32:58.648  1519  1601 I Backup  : [PreLComponentEnabler] Disabling pre-L components
05-31 04:32:58.648  1519  1601 V Backup  : [PreLComponentEnabler] Disabling Component: com.google.android.gms.backup.component.D2dPreLSourceActivity
05-31 04:32:58.663   470   933 I ActivityManager: Start proc 1640:com.google.process.gapps/u0a36 for broadcast com.google.android.syncadapters.contacts/.ContactsSyncAdapterBroadcastReceiver
05-31 04:32:58.674  1519  1627 E BaseAppContext: Tried to stop global GMSCore RequestQueue. This is likely unintended, so ignoring.
05-31 04:32:58.689  1519  1627 I Authzen : [AuthZenEventHandler] Handling event: android.intent.action.BOOT_COMPLETED
05-31 04:32:58.690  1519  1662 I Authzen : [PermitStore] Getting all permits...
05-31 04:32:58.698  1519  1627 I Authzen : [TransactionCache] Clearing transaction cache
05-31 04:32:58.706  1519  1611 V Backup  : [MigrateUtil] Clearing migrate temp dir: /data/user/0/com.google.android.gms/files/migrate_dir
05-31 04:32:58.713  1640  1640 I zygote64: The ClassLoaderContext is a special shared library.
05-31 04:32:58.716  1519  1611 D Backup  : [MigrateCleaner] D2D transport was not selected, not trying to switch.
05-31 04:32:58.742  1519  1662 I Authzen : [gaz] Opening database auth.proximity.permit_store...
05-31 04:32:58.753  1519  1611 I ApiChimeraService: Scheduling reset intent
05-31 04:32:58.753   989  1011 W ConfigurationChimeraPro: Got null configs for com.google.android.gms.constellation
05-31 04:32:58.758  1519  1617 W constellation: [reboot_checker] disabled by gservice flag
05-31 04:32:58.759   989  1555 I BootCount: Device boot count in clearcut increased.
05-31 04:32:58.768  1519  1667 I CheckinCompat: Disabling old GoogleServicesFramework version
05-31 04:32:58.771  1519  1667 I CheckinCompat: No service .checkin.CheckinService$Receiver to disable
05-31 04:32:58.771   989  1011 W ConfigurationChimeraPro: Got null configs for com.google.android.gms.drive
05-31 04:32:58.773  1519  1667 I CheckinCompat: No service .checkin.CheckinService$TriggerReceiver to disable
05-31 04:32:58.775  1519  1667 I CheckinCompat: No service .checkin.CheckinService$SecretCodeReceiver to disable
05-31 04:32:58.781  1519  1611 I Fido    : [FidoInitIntentOperation] Initializing Fido module, InitRuntimeState=2
05-31 04:32:58.791   989  1013 W ConfigurationChimeraPro: Got null configs for com.google.android.gms.droidguard
05-31 04:32:58.812   470   753 I ActivityManager: Finished processing BOOT_COMPLETED for u0
05-31 04:32:58.836  1519  1673 I SystemUpdate: [Installation,ReceiverIntentOperation] Received intent: Intent { act=com.google.android.gms.update.BASE_MODULE_INIT cat=[targeted_intent_op_prefix:.update.control.ReceiverIntentOperation] cmp=com.google.android.gms/.chimera.GmsIntentOperationService }.
05-31 04:32:58.839  1519  1545 W SystemServiceRegistry: No service published for: persistent_data_block
05-31 04:32:58.846  1519  1678 I Auth    : [FRP,FrpUpdateIntentOperation] Frp is not supported for this device / user
05-31 04:32:58.848  1519  1611 I GrowthService: Scheduled sync with period: 14400
05-31 04:32:58.867  1519  1545 W ChimeraUtils: Non Chimera context
05-31 04:32:58.867  1519  1545 W ChimeraUtils: Non Chimera context
05-31 04:32:58.893  1519  1617 I GCM-GMS : Scheduling task to register GMS
05-31 04:32:58.905   989   989 W ConfigurationChimeraPro: Got null configs for com.google.android.gms.fitness
05-31 04:32:58.907   989  1013 W ConfigurationChimeraPro: Got null configs for com.google.android.gms.update
05-31 04:32:58.930  1519  1673 W ChimeraUtils: Non Chimera context
05-31 04:32:58.931  1519  1673 W ChimeraUtils: Non Chimera context
05-31 04:32:58.931  1210  1423 V MediaProvider: pruneThumbnails 
05-31 04:32:58.935  1210  1423 V MediaProvider: /pruneDeadThumbnailFiles... 
05-31 04:32:58.943  1519  1530 I zygote64: Background concurrent copying GC freed 13773(1742KB) AllocSpace objects, 13(260KB) LOS objects, 50% free, 4MB/8MB, paused 518us total 158.474ms
05-31 04:32:58.953  1519  1685 W CheckinChimeraService: Gms missing READ_PHONE_STATE permission, cannot read hw info.
05-31 04:32:58.974  1519  1680 I IcingInternalCorpora: Contacts corpus disabled.
05-31 04:32:58.990  1519  1685 I EventLogChimeraService: Accumulating logs since 1590899579304
05-31 04:32:59.000  1519  1680 I Icing   : Using regular flags by method 2
05-31 04:32:59.071   989   997 I zygote64: Do partial code cache collection, code=29KB, data=29KB
05-31 04:32:59.071   989   997 I zygote64: After code cache collection, code=29KB, data=29KB
05-31 04:32:59.071   989   997 I zygote64: Increasing code cache capacity to 128KB
05-31 04:32:59.098  1519  1706 W ChimeraUtils: Non Chimera context
05-31 04:32:59.098  1519  1706 W ChimeraUtils: Non Chimera context
05-31 04:32:59.168   989   989 I NetworkScheduler: Using standalone scheduling engine
05-31 04:32:59.182  1519  1670 I Icing   : Storage manager: low false usage 1.69MB avail 3.79GB capacity 3.95GB
05-31 04:32:59.216  1519  1600 I Ads     : Parental control value is stale. Refreshing.
05-31 04:32:59.220  1519  1600 I Ads     : Initialized AdMob in container 11.9.76 (940-184349000)
05-31 04:32:59.228  1426  1615 W Finsky  : [56] com.google.android.finsky.application.impl.a.dh(867): No account configured on this device.
05-31 04:32:59.231  1426  1615 I Finsky  : [56] com.google.android.finsky.contentfilterui.m.a(8): Received content filters request from sharedUserId=com.google.uid.shared:10002
05-31 04:32:59.236  1426  1615 W Finsky  : [56] com.google.android.finsky.application.impl.a.dh(867): No account configured on this device.
05-31 04:32:59.237  1519  1519 I Ads     : Successfully received play store parental controls the result.
05-31 04:32:59.247   989  1635 I ackk    : No Heterodyne serving version in database
05-31 04:32:59.277   470   481 I ActivityManager: Start proc 1720:com.google.android.gms.ui/u0a2 for service com.google.android.gms/.chimera.UiIntentOperationService
05-31 04:32:59.320   470   481 I WifiService: getConnectionInfo uid=10002
05-31 04:32:59.356  1720  1720 I zygote64: The ClassLoaderContext is a special shared library.
05-31 04:32:59.358  1720  1720 I chatty  : uid=10002 com.google.android.gms.ui identical 1 line
05-31 04:32:59.371  1720  1720 I zygote64: The ClassLoaderContext is a special shared library.
05-31 04:32:59.405  1519  1740 I FA-SVC  : App measurement is starting up, version: 11976
05-31 04:32:59.421  1519  1740 I FA-SVC  : This instance being marked as an uploader
05-31 04:32:59.427  1519  1549 E DeviceContactImportDelegate: Device contact import is disabled.
05-31 04:32:59.435  1720  1720 I LoadedApk: No resource references to update in package FFFFFFFFFFFFFFFFFFFFFF
05-31 04:32:59.441  1519  1670 W Icing   : transportation_script_path is empty
05-31 04:32:59.445  1519  1549 E DeviceContactImportDelegate: Data layer device contacts import is disabled.
05-31 04:32:59.446  1519  1549 E DeviceContactImportDelegate: Device contact import is disabled.
05-31 04:32:59.465  1519  1549 E DeviceContactImportDelegate: Data layer device contacts import is disabled.
05-31 04:32:59.466  1519  1549 E DeviceContactImportDelegate: Device contact import is disabled.
05-31 04:32:59.481  1519  1670 W Icing   : generic::invalid_argument: Empty URI
05-31 04:32:59.481  1519  1670 W Icing   : generic::invalid_argument: Empty URI
05-31 04:32:59.481  1519  1670 W Icing   : WordsMap was not properly initialized
05-31 04:32:59.482  1519  1549 E DeviceContactImportDelegate: Data layer device contacts import is disabled.
05-31 04:32:59.493  1720  1720 W linker  : "/data/user_de/0/com.google.android.gms/app_extracted_libs/arm64-v8a/libconscrypt_gmscore_jni.so" unused DT entry: type 0xf arg 0x8a
05-31 04:32:59.496  1720  1720 V NativeCrypto: Registering com/google/android/gms/org/conscrypt/NativeCrypto's 276 native methods...
05-31 04:32:59.496  1519  1549 E IndexManagementDelegate: Rebuild index is disabled.
05-31 04:32:59.527  1519  1524 I zygote64: Do partial code cache collection, code=29KB, data=28KB
05-31 04:32:59.529  1519  1524 I zygote64: After code cache collection, code=29KB, data=28KB
05-31 04:32:59.529  1519  1524 I zygote64: Increasing code cache capacity to 128KB
05-31 04:32:59.532  1720  1720 D NetworkSecurityConfig: No Network Security Config specified, using platform default
05-31 04:32:59.535  1720  1720 I ProviderInstaller: Installed default security provider GmsCore_OpenSSL
05-31 04:32:59.577  1519  1600 V SmartDevice: [service,SmartDeviceIntentHandlers] OnUpgradeOrBootOperation got intent: Intent { act=android.intent.action.BOOT_COMPLETED flg=0x9000010 cmp=com.google.android.gms/.chimera.GmsIntentOperationService (has extras) } with flag 2
05-31 04:32:59.578  1519  1600 W ChimeraUtils: Module com.google.android.gms.smartdevice has empty metadata display_name_string_id
05-31 04:32:59.622   470   480 I zygote64: Background concurrent copying GC freed 21753(1217KB) AllocSpace objects, 10(748KB) LOS objects, 42% free, 7MB/12MB, paused 164us total 114.416ms
05-31 04:32:59.662   989  1013 W ConfigurationChimeraPro: Got null configs for com.google.android.gms.mdm
05-31 04:32:59.675   989  1454 W ConfigurationChimeraPro: Got null configs for com.google.android.gms.trustagent.common
05-31 04:32:59.702  1519  1611 I CmaSystemUpdateService: Runtime init receiver: Intent { act=android.intent.action.BOOT_COMPLETED flg=0x9000010 cmp=com.google.android.gms/.chimera.GmsIntentOperationService (has extras) } with flags: 2
05-31 04:32:59.708  1519  1611 I CmaSystemUpdateService: receiver: Intent { act=android.intent.action.BOOT_COMPLETED flg=0x9000010 cmp=com.google.android.gms/.chimera.GmsIntentOperationService (has extras) }
05-31 04:32:59.725  1720  1777 I MagicTether: [HostValidator] InvalidHost. MobileData: true, Tethering: true, whitelist: false, ble: true
05-31 04:32:59.726  1780  1780 I sh      : type=1400 audit(0.0:25): avc: denied { execute_no_trans } for path="/vendor/bin/toybox_vendor" dev="dm-1" ino=53 scontext=u:r:pwm_fan_autorun:s0 tcontext=u:object_r:vendor_toolbox_exec:s0 tclass=file permissive=1
05-31 04:32:59.746   470   734 D ContextHubService: Added callback, total callbacks 1
05-31 04:32:59.755   470   766 D ContextHubService: System supports 0 hubs
05-31 04:32:59.787  1276  1297 I zygote64: Waiting for a blocking GC ProfileSaver
05-31 04:32:59.792  1276  1297 I zygote64: WaitForGcToComplete blocked ProfileSaver on HeapTrim for 5.110ms
05-31 04:32:59.822  1519  1673 I Wear_Controller: onStartup - Wear is not available on this device.
05-31 04:32:59.825  1519  1685 W ProcessCheckinRequest: Fail to connect to GoogleApiClient error : lqy{statusCode=TIMEOUT, resolution=null, message=null}
05-31 04:32:59.838  1519  1685 I CheckinRequestBuilder: Checkin reason type: 1 attempt count: 1
05-31 04:32:59.845   989  1454 D WearableService: onGetService - Wear is not available on this device.
05-31 04:32:59.863  1519  1794 I SystemUpdateTask: cancelUpdate (empty URL)
05-31 04:32:59.864  1519  1794 I CmaSystemUpdateService: active receiver: disabled
05-31 04:32:59.882  1519  1778 E MDM     : [226] xyb.a: Couldn't connect to Google API client: lqy{statusCode=API_UNAVAILABLE, resolution=null, message=null}
05-31 04:32:59.908  1519  1670 I Icing   : updateResources: need to parse unw{com.google.android.gms}
05-31 04:32:59.913  1519  1530 I zygote64: Background concurrent copying GC freed 26387(2MB) AllocSpace objects, 24(716KB) LOS objects, 50% free, 5MB/11MB, paused 863us total 153.984ms
05-31 04:32:59.959   470   734 I WifiService: getWifiEnabledState uid=10002
05-31 04:32:59.960   470   734 I WifiService: isScanAlwaysAvailable uid=10002
05-31 04:32:59.960   989   989 W Settings: Setting airplane_mode_on has moved from android.provider.Settings.System to android.provider.Settings.Global, returning read-only value.
05-31 04:33:00.002  1426  1426 W Finsky  : [2] com.google.android.finsky.application.impl.a.dh(867): No account configured on this device.
05-31 04:33:00.031   989   989 W ChimeraUtils: Module com.google.android.gms.nearby has empty metadata display_name_string_id
05-31 04:33:00.037   989   997 I zygote64: Do partial code cache collection, code=61KB, data=53KB
05-31 04:33:00.044   989   997 I zygote64: After code cache collection, code=61KB, data=53KB
05-31 04:33:00.045   989   997 I zygote64: Increasing code cache capacity to 256KB
05-31 04:33:00.072   989   989 W ChimeraUtils: Module com.google.android.gms.nearby has empty metadata display_name_string_id
05-31 04:33:00.092   989  1629 I MagicTether: [HostValidator] InvalidHost. MobileData: true, Tethering: true, whitelist: false, ble: true
05-31 04:33:00.121  1519  1524 I zygote64: Do partial code cache collection, code=58KB, data=54KB
05-31 04:33:00.122  1519  1524 I zygote64: After code cache collection, code=58KB, data=54KB
05-31 04:33:00.122  1519  1524 I zygote64: Increasing code cache capacity to 256KB
05-31 04:33:00.135   989  1555 I NetRec  : [75] BootCompletedOrAppUpdatedIntentOperation.onHandleIntent: onBootCompleted()
05-31 04:33:00.143   989  1811 W ConfigurationChimeraPro: Got null configs for com.google.android.gms.notifications
05-31 04:33:00.165  1519  1685 W CheckinRequestBuilder: Gms missing READ_PHONE_STATE permission, cannot read hw info.
05-31 04:33:00.168   470   933 I WifiService: getConnectionInfo uid=10002
05-31 04:33:00.171  1519  1685 W CheckinRequestBuilder: Gms missing READ_PHONE_STATE permission, cannot read SIM subscription info
05-31 04:33:00.181   989  1555 I NetRec  : [75] BootCompletedOrAppUpdatedIntentOperation.onHandleIntent: Scheduling CleanupDatabaseTask
05-31 04:33:00.198   989  1555 I NetRec  : [75] zsq.b: onConfigChanged()
05-31 04:33:00.222   989  1815 W ConfigurationChimeraPro: Got null configs for com.google.android.gms.tapandpay_legacy_gservices
05-31 04:33:00.229   989  1818 I CheckinUtil: Classify the device as Tablet.
05-31 04:33:00.265   989  1776 I GeofencerStateMachine: Network location disabled.
05-31 04:33:00.286   989  1555 I GCoreUlr: Starting service, intent=Intent { act=com.google.android.location.reporting.ACTION_UPDATE_WORLD cmp=com.google.android.gms/com.google.android.location.reporting.service.DispatchingService (has extras) }, extras=Bundle[{receiverAction=com.google.android.gms.location.init.INIT_ACTION, is_boot=true}]
05-31 04:33:00.322   470   612 I ActivityManager: Start proc 1828:com.google.android.gms.unstable/u0a2 for service com.google.android.gms/.droidguard.DroidGuardService
05-31 04:33:00.361  1828  1828 I zygote64: The ClassLoaderContext is a special shared library.
05-31 04:33:00.363  1828  1828 I chatty  : uid=10002 com.google.android.gms.unstable identical 1 line
05-31 04:33:00.372  1828  1828 I zygote64: The ClassLoaderContext is a special shared library.
05-31 04:33:00.409  1828  1828 I LoadedApk: No resource references to update in package FFFFFFFFFFFFFFFFFFFFFF
05-31 04:33:00.416   470   766 I WifiService: getWifiApConfiguration uid=10002
05-31 04:33:00.425   989   989 W ChimeraUtils: Non Chimera context
05-31 04:33:00.425   989   989 W ChimeraUtils: Non Chimera context
05-31 04:33:00.446  1828  1828 W linker  : "/data/user_de/0/com.google.android.gms/app_extracted_libs/arm64-v8a/libconscrypt_gmscore_jni.so" unused DT entry: type 0xf arg 0x8a
05-31 04:33:00.448  1828  1828 V NativeCrypto: Registering com/google/android/gms/org/conscrypt/NativeCrypto's 276 native methods...
05-31 04:33:00.461  1828  1828 D NetworkSecurityConfig: No Network Security Config specified, using platform default
05-31 04:33:00.463  1828  1828 I ProviderInstaller: Installed default security provider GmsCore_OpenSSL
05-31 04:33:00.545  1519  1670 I Icing   : Internal init done: storage state 0
05-31 04:33:00.563   989  1011 W ConfigurationChimeraPro: Got null configs for com.google.android.gms.droidguard
05-31 04:33:00.572  1519  1670 I Icing   : Post-init done
05-31 04:33:00.629   989   997 I zygote64: Do full code cache collection, code=118KB, data=86KB
05-31 04:33:00.630   989   997 I zygote64: After code cache collection, code=84KB, data=52KB
05-31 04:33:00.639   470   480 I zygote64: Background concurrent copying GC freed 21646(1899KB) AllocSpace objects, 23(1540KB) LOS objects, 42% free, 7MB/13MB, paused 106us total 126.043ms
05-31 04:33:00.665   989   989 W ConfigurationChimeraPro: Got null configs for com.google.android.gms.trustagent.common
05-31 04:33:00.677   989  1509 I GCoreUlr: WorldUpdater received intent Intent { act=com.google.android.location.reporting.ACTION_UPDATE_WORLD cmp=com.google.android.gms/com.google.android.location.reporting.service.DispatchingService (has extras) } with receiverAction com.google.android.gms.location.init.INIT_ACTION
05-31 04:33:00.727   989  1818 W FetchTask: exception on config fetch: java.net.UnknownHostException: Unable to resolve host "cloudconfig.googleapis.com": No address associated with hostname
05-31 04:33:00.745   470  1771 I WifiService: isScanAlwaysAvailable uid=10002
05-31 04:33:00.766   470   734 I WifiService: getDhcpInfo uid=10002
05-31 04:33:00.772   470   766 I WifiService: getWifiEnabledState uid=10002
05-31 04:33:00.778  1872  1872 I dex2oat : The ClassLoaderContext is a special shared library.
05-31 04:33:00.779  1872  1872 I dex2oat : /system/bin/dex2oat --dex-file=/data/data/com.google.android.gms/app_fb/f.apk --output-vdex-fd=36 --oat-fd=43 --oat-location=/data/data/com.google.android.gms/app_fb/oat/arm64/f.odex --compiler-filter=quicken --class-loader-context=&
05-31 04:33:00.780  1519  1621 W Herrevad: [147] uiy.b: Invalid mccmnc 
05-31 04:33:00.784  1519  1621 W Herrevad: [147] uiy.b: Invalid mccmnc 
05-31 04:33:00.787   989   989 I BeaconBle: Using BLE 'L' hardware layer
05-31 04:33:00.798   989  1509 I GCoreUlr: WorldUpdater:com.google.android.gms.location.init.INIT_ACTION: Ensuring that reporting is stopped because of reasons: (no Google accounts)
05-31 04:33:00.804   989  1509 I GCoreUlr: Unbound from all location providers
05-31 04:33:00.804   989  1509 I GCoreUlr: Place inference reporting - stop
05-31 04:33:00.813   989   989 W Nearby  : Bind call too late - someone already tried to get: interface azzr
05-31 04:33:00.828  1519  1670 I CastDatabase: Opening the database
05-31 04:33:00.849   989  1555 W ConfigurationChimeraPro: Got null configs for com.google.android.gms.trustagent.common
05-31 04:33:00.859  1519  1670 I SQLiteCastStore: 0 CastNetworkInfo instances loaded, 0 CastDeviceInfo instances loaded, 0 paired guest mode devices loaded.
05-31 04:33:00.864   989  1509 I GCoreUlr: DispatchingService ignoring Intent { act=android.net.wifi.WIFI_STATE_CHANGED flg=0x4000010 (has extras) } because ULR inactive
05-31 04:33:00.874   989   989 I GCoreUlr: Stopping handler for UlrDispSvcFast
05-31 04:33:00.879   989   989 I GCoreUlr: Unbound from all location providers
05-31 04:33:00.879   989   989 I GCoreUlr: Place inference reporting - stop
05-31 04:33:00.894  1872  1872 I dex2oat : dex2oat took 116.275ms (80.145ms cpu) (threads: 6) arena alloc=10KB (11096B) java alloc=32KB (32784B) native alloc=1025KB (1050400B) free=2046KB (2095328B)
05-31 04:33:00.900  1828  1840 I zygote64: The ClassLoaderContext is a special shared library.
05-31 04:33:00.907   470   734 I WifiService: getWifiEnabledState uid=10002
05-31 04:33:00.907  1828  1840 I mali_so : [File] : hardware/arm/maliT760/driver/product/base/src/mali_base_kbase.c; [Line] : 947; [Func] : base_context_deal_with_version_affairs_rk_ext;
05-31 04:33:00.907  1828  1840 I mali_so : arm_release_ver of this mali_so is 'r18p0-01rel0', rk_so_ver is '11@0'.
05-31 04:33:00.907   470   734 I WifiService: getWifiEnabledState uid=10002
05-31 04:33:00.907  1828  1840 I mali_so : [File] : hardware/arm/maliT760/driver/product/base/src/mali_base_kbase.c; [Line] : 914; [Func] : determine_policy_against_patch_for_sf_memory_leak;
05-31 04:33:00.907  1828  1840 I mali_so : cmdline : com.google.android.gms.unstable, we should GO THROUGH patch_for_sf_memory_leak.
05-31 04:33:00.907  1828  1840 D mali_so : [File] : hardware/arm/maliT760/driver/product/base/src/mali_base_kbase.c; [Line] : 955; [Func] : base_context_deal_with_version_affairs_rk_ext;
05-31 04:33:00.907  1828  1840 D mali_so : current process is NOT sf, to bail out.
05-31 04:33:00.907   989  1826 W Settings: Setting airplane_mode_on has moved from android.provider.Settings.System to android.provider.Settings.Global, returning read-only value.
05-31 04:33:00.908   470   734 I WifiService: isScanAlwaysAvailable uid=10002
05-31 04:33:00.912   989  1826 W Settings: Setting airplane_mode_on has moved from android.provider.Settings.System to android.provider.Settings.Global, returning read-only value.
05-31 04:33:00.917  1828  1840 I com.google.android.gms.unstable: android::hardware::configstore::V1_0::ISurfaceFlingerConfigs::hasWideColorDisplay retrieved: 0
05-31 04:33:01.003   989  1851 W NearbyMessages: LocationProvider returns null
05-31 04:33:01.020   989  1865 I BeaconBle: Scan canceled successfully.
05-31 04:33:01.077  1519  1519 I CastSocket: 27 >= 18. Adding new CastClientAuthKeyManager.
05-31 04:33:01.081   470   734 I WifiService: startScan uid=10002
05-31 04:33:01.093  1519  1519 V MediaRouter: Adding route: RouteInfo{ name=Tablet, description=null, status=null, category=RouteCategory{ name=System types=ROUTE_TYPE_LIVE_AUDIO ROUTE_TYPE_LIVE_VIDEO  groupable=false }, supportedTypes=ROUTE_TYPE_LIVE_AUDIO ROUTE_TYPE_LIVE_VIDEO , presentationDisplay=null }
05-31 04:33:01.096  1519  1519 V MediaRouter: Selecting route: RouteInfo{ name=Tablet, description=null, status=null, category=RouteCategory{ name=System types=ROUTE_TYPE_LIVE_AUDIO ROUTE_TYPE_LIVE_VIDEO  groupable=false }, supportedTypes=ROUTE_TYPE_LIVE_AUDIO ROUTE_TYPE_LIVE_VIDEO , presentationDisplay=null }
05-31 04:33:01.096  1519  1524 I zygote64: Do full code cache collection, code=126KB, data=90KB
05-31 04:33:01.097  1519  1524 I zygote64: After code cache collection, code=119KB, data=72KB
