01-18 08:50:07.744   263   263 I /system/bin/tzdatacheck: timezone distro dir /data/misc/zoneinfo/current does not exist. No action required.
01-18 08:50:07.842   265   265 I ServiceManagement: Removing namespace from process name android.hidl.allocator@1.0-service to allocator@1.0-s.
01-18 08:50:07.845   267   267 D vndksupport: Loading /vendor/lib64/hw/android.hardware.bluetooth@1.0-impl.so from current namespace instead of sphal namespace.
01-18 08:50:07.900   267   267 I ServiceManagement: Removing namespace from process name android.hardware.bluetooth@1.0-service to bluetooth@1.0-s.
01-18 08:50:07.903   267   267 I android.hardware.bluetooth@1.0-service: Registration complete for android.hardware.bluetooth@1.0::IBluetoothHci/default.
01-18 08:50:07.930   270   270 W /vendor/bin/hw/android.hardware.configstore@1.0-service: libminijail[270]: allowing syscall: connect
01-18 08:50:07.930   270   270 W /vendor/bin/hw/android.hardware.configstore@1.0-service: libminijail[270]: allowing syscall: fcntl
01-18 08:50:07.930   270   270 W /vendor/bin/hw/android.hardware.configstore@1.0-service: libminijail[270]: allowing syscall: sendto
01-18 08:50:07.930   270   270 W /vendor/bin/hw/android.hardware.configstore@1.0-service: libminijail[270]: allowing syscall: socket
01-18 08:50:07.930   270   270 W /vendor/bin/hw/android.hardware.configstore@1.0-service: libminijail[270]: allowing syscall: writev
01-18 08:50:07.931   281   281 I lowmemorykiller: Using in-kernel low memory killer interface
01-18 08:50:07.933   270   270 W /vendor/bin/hw/android.hardware.configstore@1.0-service: libminijail[270]: logging seccomp filter failures
01-18 08:50:07.936   275   275 D vndksupport: Loading /vendor/lib64/hw/android.hardware.light@2.0-impl.so from current namespace instead of sphal namespace.
01-18 08:50:07.937   278   278 D vndksupport: Loading /vendor/lib64/hw/android.hardware.sensors@1.0-impl.so from current namespace instead of sphal namespace.
01-18 08:50:07.943   270   270 I ServiceManagement: Removing namespace from process name android.hardware.configstore@1.0-service to configstore@1.0.
01-18 08:50:07.945   275   275 D vndksupport: Loading /vendor/lib64/hw/lights.rk3399.so from current namespace instead of sphal namespace.
01-18 08:50:07.946   278   278 D vndksupport: Loading /vendor/lib64/hw/sensors.rk30board.so from current namespace instead of sphal namespace.
01-18 08:50:07.949   275   275 I Lights Hal: >>> Enter light_device_open:backlight
01-18 08:50:07.950   275   275 D vndksupport: Loading /vendor/lib64/hw/lights.rk3399.so from current namespace instead of sphal namespace.
01-18 08:50:07.951   275   275 I Lights Hal: >>> Enter light_device_open:keyboard
01-18 08:50:07.951   278   278 D SensorsHal: sensor hal  v1.6 upagrde sensors device api version to SENSORS_DEVICE_API_VERSION_1_3
01-18 08:50:07.951   275   275 D vndksupport: Loading /vendor/lib64/hw/lights.rk3399.so from current namespace instead of sphal namespace.
01-18 08:50:07.952   275   275 I Lights Hal: >>> Enter light_device_open:buttons
01-18 08:50:07.952   278   278 E SensorsHal: couldn't find 'lightsensor-level' input device
01-18 08:50:07.952   278   278 D SensorsHal: Couldn't open /dev/lightsensor (No such file or directory)
01-18 08:50:07.952   278   278 E SensorsHal: couldn't find 'proximity' input device
01-18 08:50:07.952   278   278 D SensorsHal: Couldn't open /dev/psensor (No such file or directory)
01-18 08:50:07.952   278   278 E SensorsHal: couldn't find 'gsensor' input device
01-18 08:50:07.952   278   278 D SensorsHal: Couldn't open /dev/mma8452_daemon (No such file or directory)
01-18 08:50:07.952   278   278 D SensorsHal: Couldn't open /dev/mma8452_daemon (No such file or directory)
01-18 08:50:07.952   278   278 E SensorsHal: fail to perform GSENSOR_IOCTL_GET_CALIBRATION, result = -1, error is 'Bad file descriptor'
01-18 08:50:07.952   278   278 E SensorsHal: couldn't find 'compass' input device
01-18 08:50:07.952   278   278 D SensorsHal: Couldn't open /dev/compass (No such file or directory)
01-18 08:50:07.952   278   278 E SensorsHal: couldn't find 'gyro' input device
01-18 08:50:07.952   278   278 D SensorsHal: Couldn't open /dev/gyrosensor (No such file or directory)
01-18 08:50:07.952   278   278 E SensorsHal: GyroSensor:No such file or directory
01-18 08:50:07.952   278   278 E SensorsHal: couldn't find 'pressure' input device
01-18 08:50:07.952   278   278 D SensorsHal: Couldn't open /dev/pressure (No such file or directory)
01-18 08:50:07.952   278   278 E SensorsHal: couldn't find 'temperature' input device
01-18 08:50:07.952   278   278 D SensorsHal: Couldn't open /dev/temperature (No such file or directory)
01-18 08:50:07.953   275   275 D vndksupport: Loading /vendor/lib64/hw/lights.rk3399.so from current namespace instead of sphal namespace.
01-18 08:50:07.954   275   275 I Lights Hal: >>> Enter light_device_open:battery
01-18 08:50:07.954   275   275 D vndksupport: Loading /vendor/lib64/hw/lights.rk3399.so from current namespace instead of sphal namespace.
01-18 08:50:07.954   278   278 I ServiceManagement: Removing namespace from process name android.hardware.sensors@1.0-service to sensors@1.0-ser.
01-18 08:50:07.956   275   275 I Lights Hal: >>> Enter light_device_open:notifications
01-18 08:50:07.957   275   275 D vndksupport: Loading /vendor/lib64/hw/lights.rk3399.so from current namespace instead of sphal namespace.
01-18 08:50:07.957   275   275 I Lights Hal: >>> Enter light_device_open:attention
01-18 08:50:07.958   275   275 D vndksupport: Loading /vendor/lib64/hw/lights.rk3399.so from current namespace instead of sphal namespace.
01-18 08:50:07.958   275   275 I Lights Hal: >>> Enter light_device_open:bluetooth
01-18 08:50:07.958   275   275 I Lights Hal: >>> undefine light id
01-18 08:50:07.958   275   275 E light   : light_open lights bluetooth failed: -22
01-18 08:50:07.958   275   275 E light   : Light passthrough failed to load legacy HAL.
01-18 08:50:07.958   275   275 D vndksupport: Loading /vendor/lib64/hw/lights.rk3399.so from current namespace instead of sphal namespace.
01-18 08:50:07.958   275   275 I Lights Hal: >>> Enter light_device_open:wifi
01-18 08:50:07.958   278   278 I android.hardware.sensors@1.0-service: Registration complete for android.hardware.sensors@1.0::ISensors/default.
01-18 08:50:07.959   275   275 I Lights Hal: >>> undefine light id
01-18 08:50:07.959   275   275 E light   : light_open lights wifi failed: -22
01-18 08:50:07.959   275   275 E light   : Light passthrough failed to load legacy HAL.
01-18 08:50:07.960   275   275 I ServiceManagement: Removing namespace from process name android.hardware.light@2.0-service to light@2.0-servi.
01-18 08:50:07.963   275   275 I android.hardware.light@2.0-service: Registration complete for android.hardware.light@2.0::ILight/default.
01-18 08:50:07.970   277   277 D vndksupport: Loading /vendor/lib64/hw/android.hardware.power@1.0-impl.so from current namespace instead of sphal namespace.
01-18 08:50:07.973   244   244 W /system/bin/hwservicemanager: getTransport: Cannot find entry android.hardware.health@1.0::IHealth/default in either framework or device manifest.
01-18 08:50:07.976     1     1 W init    : type=1400 audit(0.0:7): avc: granted { read } for name="ttyFIQ0" dev="tmpfs" ino=1353 scontext=u:r:init:s0 tcontext=u:object_r:serial_device:s0 tclass=chr_file
01-18 08:50:07.978   277   277 D vndksupport: Loading /vendor/lib64/hw/power.rk3399.so from current namespace instead of sphal namespace.
01-18 08:50:07.980     1     1 W init    : type=1400 audit(0.0:8): avc: granted { read open } for path="/dev/ttyFIQ0" dev="tmpfs" ino=1353 scontext=u:r:init:s0 tcontext=u:object_r:serial_device:s0 tclass=chr_file
01-18 08:50:07.983   277   277 I ServiceManagement: Removing namespace from process name android.hardware.power@1.0-service to power@1.0-servi.
01-18 08:50:07.984   277   277 I android.hardware.power@1.0-service: Registration complete for android.hardware.power@1.0::IPower/default.
01-18 08:50:07.989   269   269 D android.hardware.cas@1.0-service: android.hardware.cas@1.0-service starting...
01-18 08:50:07.989   269   269 I ServiceManagement: Removing namespace from process name android.hardware.cas@1.0-service to cas@1.0-service.
01-18 08:50:07.990   286   286 W init    : type=1400 audit(0.0:9): avc: granted { read } for name="ttyFIQ0" dev="tmpfs" ino=1353 scontext=u:r:init:s0 tcontext=u:object_r:serial_device:s0 tclass=chr_file
01-18 08:50:07.990   286   286 W init    : type=1400 audit(0.0:10): avc: granted { read open } for path="/dev/ttyFIQ0" dev="tmpfs" ino=1353 scontext=u:r:init:s0 tcontext=u:object_r:serial_device:s0 tclass=chr_file
01-18 08:50:08.003   273   273 D vndksupport: Loading /vendor/lib64/hw/android.hardware.graphics.allocator@2.0-impl.so from current namespace instead of sphal namespace.
01-18 08:50:08.009   274   274 D vndksupport: Loading /vendor/lib64/hw/android.hardware.graphics.composer@2.1-impl.so from current namespace instead of sphal namespace.
01-18 08:50:08.017   273   273 D vndksupport: Loading /vendor/lib64/hw/gralloc.rk30board.so from current namespace instead of sphal namespace.
01-18 08:50:08.020   258   262 D VoldCryptCmdListener: cryptfs mountdefaultencrypted
01-18 08:50:08.028   287   293 I adbd    : initializing functionfs
01-18 08:50:08.029   287   293 I adbd    : opening control endpoint /dev/usb-ffs/adb/ep0
01-18 08:50:08.029   258   291 I Cryptfs : cryptfs_check_passwd
01-18 08:50:08.029   258   291 D Cryptfs : crypt_ftr->fs_size = 8911872
01-18 08:50:08.029   258   291 I Cryptfs : Using scrypt for cryptfs KDF
01-18 08:50:08.031   268   268 I android.hardware.camera.provider@2.4-service: Camera provider Service is starting.
01-18 08:50:08.034   268   268 D vndksupport: Loading /vendor/lib/hw/android.hardware.camera.provider@2.4-impl.so from current namespace instead of sphal namespace.
01-18 08:50:08.035   271   271 D android.hardware.drm@1.0-service: android.hardware.drm@1.0-service starting...
01-18 08:50:08.035   274   274 D vndksupport: Loading /vendor/lib64/hw/hwcomposer.rk30board.so from current namespace instead of sphal namespace.
01-18 08:50:08.038   271   271 D vndksupport: Loading /vendor/lib/hw/android.hardware.drm@1.0-impl.so from current namespace instead of sphal namespace.
01-18 08:50:08.043   272   272 D android.hardware.drm@1.0-service.widevine: android.hardware.drm@1.0-service.widevine starting...
01-18 08:50:08.044   272   272 I ServiceManagement: Removing namespace from process name android.hardware.drm@1.0-service.widevine to drm@1.0-service.
01-18 08:50:08.048   272   272 I ServiceManagement: Removing namespace from process name android.hardware.drm@1.0-service.widevine to drm@1.0-service.
01-18 08:50:08.051   244   244 W /system/bin/hwservicemanager: getTransport: Cannot find entry android.hardware.thermal@1.1::IThermal/default in either framework or device manifest.
01-18 08:50:08.052   283   283 W thermalserviced: Unable to get Thermal HAL V1.1, vendor thermal event notification not available
01-18 08:50:08.053   294   294 I sh      : type=1400 audit(0.0:11): avc: denied { execute_no_trans } for path="/vendor/bin/toybox_vendor" dev="dm-1" ino=53 scontext=u:r:pwm_fan_autorun:s0 tcontext=u:object_r:vendor_toolbox_exec:s0 tclass=file permissive=1
01-18 08:50:08.059   266   266 D vndksupport: Loading /vendor/lib/hw/android.hardware.audio@2.0-impl.so from current namespace instead of sphal namespace.
01-18 08:50:08.074   279   279 I android.hardware.wifi@1.0-service: Wifi Hal is booting up...
01-18 08:50:08.079   266   266 I ServiceManagement: Removing namespace from process name android.hardware.audio@2.0-service to audio@2.0-servi.
01-18 08:50:08.081   266   266 I audiohalservice: Registration complete for android.hardware.audio@2.0::IDevicesFactory/default.
01-18 08:50:08.086   266   266 D vndksupport: Loading /vendor/lib/hw/android.hardware.audio.effect@2.0-impl.so from current namespace instead of sphal namespace.
01-18 08:50:08.098   268   268 D vndksupport: Loading /vendor/lib/hw/camera.rk30board.so from current namespace instead of sphal namespace.
01-18 08:50:08.103   274   274 W hwc_rk  : BP: baseparamter file cann't be find.
01-18 08:50:08.108   274   274 W hwc-drm-connector: DrmConnector init id=91,type=eDP
01-18 08:50:08.109   274   274 W hwc-drm-connector: Could not get hdr source metadata property
01-18 08:50:08.109   274   274 W hwc-drm-connector: Could not get hdr panel metadata property
01-18 08:50:08.109   274   274 W hwc-drm-connector: Could not get hdmi_output_colorimetry property
01-18 08:50:08.109   274   274 W hwc-drm-connector: Could not get hdmi_output_format property
01-18 08:50:08.109   274   274 W hwc-drm-connector: Could not get hdmi_output_depth property
01-18 08:50:08.110   274   274 W hwc-drm-connector: DrmConnector init id=93,type=HDMI-A
01-18 08:50:08.111   274   274 E hwc-drm-resources: is_hdr_panel_support_st2084:line=1380, blob is null
01-18 08:50:08.112   274   274 E hwc-drm-resources: is_hdr_panel_support_HLG:line=1434, blob is null
01-18 08:50:08.112   274   274 E hwc-drm-resources: is_hdr_panel_support_st2084:line=1380, blob is null
01-18 08:50:08.112   274   274 W hwc-drm-connector: DrmConnector init id=101,type=DP
01-18 08:50:08.113   274   274 W hwc-drm-connector: Could not get hdr source metadata property
01-18 08:50:08.113   274   274 W hwc-drm-connector: Could not get hdr panel metadata property
01-18 08:50:08.113   274   274 W hwc-drm-connector: Could not get hdmi_output_colorimetry property
01-18 08:50:08.113   274   274 W hwc-drm-connector: Could not get hdmi_output_format property
01-18 08:50:08.113   274   274 W hwc-drm-connector: Could not get hdmi_output_depth property
01-18 08:50:08.114   274   274 W hwc_rk  : BP: DEVICE baseparameter is not ready,can't use it !
01-18 08:50:08.114   274   274 W hwc-drm-resources: BP: hwc get baseparameter err
01-18 08:50:08.114   274   274 W hwc_rk  : BP: DEVICE baseparameter is not ready,can't use it !
01-18 08:50:08.114   274   274 E hwc-drm-resources: BP: hwc get baseparameter err
01-18 08:50:08.114   273   273 D GRALLOC-ROCKCHIP: RK_GRAPHICS_VER=commit-id:b6e928a0d2
01-18 08:50:08.114   273   273 D GRALLOC-ROCKCHIP: gralloc ver '1.0.6' on arm_release_ver 'r13p0-00rel0'.
01-18 08:50:08.116   273   273 I ServiceManagement: Removing namespace from process name android.hardware.graphics.allocator@2.0-service to allocator@2.0-s.
01-18 08:50:08.117   274   274 E hwc-drm-plane: Could not get AREA_ID property
01-18 08:50:08.119   273   273 I android.hardware.graphics.allocator@2.0-service: Registration complete for android.hardware.graphics.allocator@2.0::IAllocator/default.
01-18 08:50:08.120   274   274 E hwc-drm-plane: Could not get AREA_ID property
01-18 08:50:08.123   274   274 I chatty  : uid=1000(system) composer@2.1-se identical 1 line
01-18 08:50:08.126   274   274 E hwc-drm-plane: Could not get AREA_ID property
01-18 08:50:08.127   274   274 E hwc-drm-plane: Could not get rotation property
01-18 08:50:08.128   274   274 I hwc-drm-plane: Could not get alpha property
01-18 08:50:08.129   274   274 E hwc-drm-plane: Could not get AREA_ID property
01-18 08:50:08.129   266   266 I audiohalservice: Registration complete for android.hardware.audio.effect@2.0::IEffectsFactory/default.
01-18 08:50:08.130   274   274 E hwc-drm-plane: Could not get rotation property
01-18 08:50:08.131   266   266 D vndksupport: Loading /vendor/lib/hw/android.hardware.soundtrigger@2.0-impl.so from current namespace instead of sphal namespace.
01-18 08:50:08.131   274   274 I hwc-drm-plane: Could not get alpha property
01-18 08:50:08.131   274   274 E hwc-drm-plane: Could not get AREA_ID property
01-18 08:50:08.133   274   274 E hwc-drm-plane: Could not get rotation property
01-18 08:50:08.134   274   274 I hwc-drm-plane: Could not get alpha property
01-18 08:50:08.135   274   274 E hwc-drm-plane: Could not get AREA_ID property
01-18 08:50:08.135   266   266 E SoundTriggerHalImpl: couldn't load sound trigger module sound_trigger.primary (No such file or directory)
01-18 08:50:08.136   274   274 E hwc-drm-plane: Could not get rotation property
01-18 08:50:08.137   274   274 I hwc-drm-plane: Could not get alpha property
01-18 08:50:08.138   274   274 E hwc-drm-plane: Could not get AREA_ID property
01-18 08:50:08.138   266   266 I audiohalservice: Registration complete for android.hardware.soundtrigger@2.0::ISoundTriggerHw/default.
01-18 08:50:08.139   274   274 E hwc-drm-plane: Could not get rotation property
01-18 08:50:08.140   274   274 I hwc-drm-plane: Could not get alpha property
01-18 08:50:08.141   274   274 E hwc-drm-plane: Could not get AREA_ID property
01-18 08:50:08.142   274   274 E hwc-drm-plane: Could not get rotation property
01-18 08:50:08.143   274   274 I hwc-drm-plane: Could not get alpha property
01-18 08:50:08.143   274   274 E hwc-drm-plane: Could not get AREA_ID property
01-18 08:50:08.146   274   274 I chatty  : uid=1000(system) composer@2.1-se identical 1 line
01-18 08:50:08.149   274   274 E hwc-drm-plane: Could not get AREA_ID property
01-18 08:50:08.151   274   274 E hwc-drm-plane: Could not get rotation property
01-18 08:50:08.151   274   274 I hwc-drm-plane: Could not get alpha property
01-18 08:50:08.152   274   274 E hwc-drm-plane: Could not get AREA_ID property
01-18 08:50:08.154   274   274 E hwc-drm-plane: Could not get rotation property
01-18 08:50:08.154   274   274 I hwc-drm-plane: Could not get alpha property
01-18 08:50:08.155   274   274 E hwc-drm-plane: Could not get AREA_ID property
01-18 08:50:08.156   274   274 E hwc-drm-plane: Could not get rotation property
01-18 08:50:08.156   274   274 I hwc-drm-plane: Could not get alpha property
01-18 08:50:08.157   274   274 E hwc-drm-plane: Could not get AREA_ID property
01-18 08:50:08.158   274   274 D vndksupport: Loading /vendor/lib64/hw/gralloc.rk30board.so from current namespace instead of sphal namespace.
01-18 08:50:08.160   274   274 E hwc-drm-display-compositor: vop_bw: Error opening /sys/class/devfreq/dmc/vop_bandwidth: No such file or directory
01-18 08:50:08.160   274   274 D vndksupport: Loading /vendor/lib64/hw/gralloc.rk30board.so from current namespace instead of sphal namespace.
01-18 08:50:08.161   274   274 E hwc-drm-display-compositor: vop_bw: Error opening /sys/class/devfreq/dmc/vop_bandwidth: No such file or directory
01-18 08:50:08.161   274   274 D vndksupport: Loading /vendor/lib64/hw/gralloc.rk30board.so from current namespace instead of sphal namespace.
01-18 08:50:08.162   274   274 D vndksupport: Loading /vendor/lib64/hw/gralloc.rk30board.so from current namespace instead of sphal namespace.
01-18 08:50:08.166   274   274 D hwc_rk  : RK_GRAPHICS_VER=commit-id:b6e928a0d2
01-18 08:50:08.166   274   274 I HwcPassthrough: Found HWC implementation v1.4
01-18 08:50:08.166   274   274 I HWC2On1Adapter: Found support for HWC virtual displays
01-18 08:50:08.168   274   274 I ServiceManagement: Removing namespace from process name android.hardware.graphics.composer@2.1-service to composer@2.1-se.
01-18 08:50:08.170   274   274 I android.hardware.graphics.composer@2.1-service: Registration complete for android.hardware.graphics.composer@2.1::IComposer/default.
01-18 08:50:08.179   271   271 I ServiceManagement: Removing namespace from process name android.hardware.drm@1.0-service to drm@1.0-service.
01-18 08:50:08.181   271   271 I android.hardware.drm@1.0-service: Registration complete for android.hardware.drm@1.0::IDrmFactory/default.
01-18 08:50:08.183   271   271 D vndksupport: Loading /vendor/lib/hw/android.hardware.drm@1.0-impl.so from current namespace instead of sphal namespace.
01-18 08:50:08.186   271   271 I ServiceManagement: Removing namespace from process name android.hardware.drm@1.0-service to drm@1.0-service.
01-18 08:50:08.188   271   271 I android.hardware.drm@1.0-service: Registration complete for android.hardware.drm@1.0::ICryptoFactory/default.
01-18 08:50:08.201   282   282 I /system/bin/surfaceflinger: android::hardware::configstore::V1_0::ISurfaceFlingerConfigs::maxFrameBufferAcquiredBuffers retrieved: 2 (default)
01-18 08:50:08.209   282   282 I /system/bin/surfaceflinger: android::hardware::configstore::V1_0::ISurfaceFlingerConfigs::startGraphicsAllocatorService retrieved: 0
01-18 08:50:08.214   282   282 I SurfaceFlinger: SurfaceFlinger is starting
01-18 08:50:08.215   282   282 I /system/bin/surfaceflinger: android::hardware::configstore::V1_0::ISurfaceFlingerConfigs::vsyncEventPhaseOffsetNs retrieved: 1000000 (default)
01-18 08:50:08.215   282   282 I /system/bin/surfaceflinger: android::hardware::configstore::V1_0::ISurfaceFlingerConfigs::vsyncSfEventPhaseOffsetNs retrieved: 1000000 (default)
01-18 08:50:08.215   282   282 I /system/bin/surfaceflinger: android::hardware::configstore::V1_0::ISurfaceFlingerConfigs::hasSyncFramework retrieved: 1
01-18 08:50:08.215   282   282 I /system/bin/surfaceflinger: android::hardware::configstore::V1_0::ISurfaceFlingerConfigs::useContextPriority retrieved: 0 (default)
01-18 08:50:08.215   282   282 I /system/bin/surfaceflinger: android::hardware::configstore::V1_0::ISurfaceFlingerConfigs::presentTimeOffsetFromVSyncNs retrieved: 0
01-18 08:50:08.216   282   282 I /system/bin/surfaceflinger: android::hardware::configstore::V1_0::ISurfaceFlingerConfigs::useHwcForRGBtoYUV retrieved: 0
01-18 08:50:08.216   282   282 I /system/bin/surfaceflinger: android::hardware::configstore::V1_0::ISurfaceFlingerConfigs::maxVirtualDisplaySize retrieved: 0 (default)
01-18 08:50:08.216   282   282 I /system/bin/surfaceflinger: android::hardware::configstore::V1_0::ISurfaceFlingerConfigs::useVrFlinger retrieved: 0 (default)
01-18 08:50:08.216   282   282 I /system/bin/surfaceflinger: android::hardware::configstore::V1_0::ISurfaceFlingerConfigs::maxFrameBufferAcquiredBuffers retrieved: 3 (default)
01-18 08:50:08.216   282   282 I /system/bin/surfaceflinger: android::hardware::configstore::V1_0::ISurfaceFlingerConfigs::hasWideColorDisplay retrieved: 0
01-18 08:50:08.217   282   282 I SurfaceFlinger: Disabling backpressure propagation
01-18 08:50:08.217   282   282 I SurfaceFlinger: Enabling HWC virtual displays
01-18 08:50:08.217   282   282 I SurfaceFlinger: SurfaceFlinger's main thread ready to run. Initializing graphics H/W...
01-18 08:50:08.217   282   282 I SurfaceFlinger: Phase offest NS: 1000000
01-18 08:50:08.248   282   282 D libEGL  : loaded /vendor/lib64/egl/libGLES_mali.so
01-18 08:50:08.281   282   282 I mali_so : [File] : hardware/arm/maliT760/driver/product/base/src/mali_base_kbase.c; [Line] : 947; [Func] : base_context_deal_with_version_affairs_rk_ext;
01-18 08:50:08.281   282   282 I mali_so : arm_release_ver of this mali_so is 'r18p0-01rel0', rk_so_ver is '11@0'.
01-18 08:50:08.281   282   282 I mali_so : [File] : hardware/arm/maliT760/driver/product/base/src/mali_base_kbase.c; [Line] : 914; [Func] : determine_policy_against_patch_for_sf_memory_leak;
01-18 08:50:08.281   282   282 I mali_so : cmdline : /system/bin/surfaceflinger, we should GO THROUGH patch_for_sf_memory_leak.
01-18 08:50:08.281   282   282 I mali_so : [File] : hardware/arm/maliT760/driver/product/base/src/mali_base_kbase.c; [Line] : 975; [Func] : base_context_deal_with_version_affairs_rk_ext;
01-18 08:50:08.281   282   282 I mali_so : arm_release_vers are match. to set the full mali_ver 'r18p0-01rel0-x-11@0' as value of 'sys.gmali.version'.
01-18 08:50:08.302   282   282 I /system/bin/surfaceflinger: android::hardware::configstore::V1_0::ISurfaceFlingerConfigs::hasWideColorDisplay retrieved: 0
01-18 08:50:08.304   282   282 I SurfaceFlinger: EGL information:
01-18 08:50:08.304   282   282 I SurfaceFlinger: vendor    : Android
01-18 08:50:08.304   282   282 I SurfaceFlinger: version   : 1.4 Android META-EGL
01-18 08:50:08.304   282   282 I SurfaceFlinger: extensions: EGL_KHR_get_all_proc_addresses EGL_ANDROID_presentation_time EGL_KHR_swap_buffers_with_damage EGL_ANDROID_get_native_client_buffer EGL_ANDROID_front_buffer_auto_refresh EGL_ANDROID_get_frame_timestamps EGL_KHR_image EGL_KHR_image_base EGL_KHR_gl_colorspace EGL_KHR_gl_texture_2D_image EGL_KHR_gl_texture_cubemap_image EGL_KHR_gl_renderbuffer_image EGL_KHR_fence_sync EGL_KHR_create_context EGL_KHR_config_attribs EGL_KHR_surfaceless_context EGL_EXT_create_context_robustness EGL_ANDROID_image_native_buffer EGL_KHR_wait_sync EGL_ANDROID_recordable EGL_KHR_partial_update EGL_KHR_mutable_render_buffer EGL_IMG_context_priority 
01-18 08:50:08.304   282   282 I SurfaceFlinger: Client API: OpenGL_ES
01-18 08:50:08.304   282   282 I SurfaceFlinger: EGLSurface: 8-8-8-8, config=0x7832729008
01-18 08:50:08.305   276   276 I mali_so : [File] : hardware/arm/maliT760/driver/product/base/src/mali_base_kbase.c; [Line] : 947; [Func] : base_context_deal_with_version_affairs_rk_ext;
01-18 08:50:08.305   276   276 I mali_so : arm_release_ver of this mali_so is 'r18p0-01rel0', rk_so_ver is '11@0'.
01-18 08:50:08.306   276   276 I mali_so : [File] : hardware/arm/maliT760/driver/product/base/src/mali_base_kbase.c; [Line] : 914; [Func] : determine_policy_against_patch_for_sf_memory_leak;
01-18 08:50:08.306   276   276 I mali_so : cmdline : /vendor/bin/hw/android.hardware.neuralnetworks@1.0-service-armnn, we should GO THROUGH patch_for_sf_memory_leak.
01-18 08:50:08.306   276   276 D mali_so : [File] : hardware/arm/maliT760/driver/product/base/src/mali_base_kbase.c; [Line] : 955; [Func] : base_context_deal_with_version_affairs_rk_ext;
01-18 08:50:08.306   276   276 D mali_so : current process is NOT sf, to bail out.
01-18 08:50:08.318   282   282 I SurfaceFlinger: OpenGL ES informations:
01-18 08:50:08.318   282   282 I SurfaceFlinger: vendor    : ARM
01-18 08:50:08.319   282   282 I SurfaceFlinger: renderer  : Mali-T860
01-18 08:50:08.319   282   282 I SurfaceFlinger: version   : OpenGL ES 3.2 v1.r18p0-01rel0.b959385dd04b968bd095a8c31665a39a
01-18 08:50:08.319   282   282 I SurfaceFlinger: extensions: GL_EXT_debug_marker GL_ARM_rgba8 GL_ARM_mali_shader_binary GL_OES_depth24 GL_OES_depth_texture GL_OES_depth_texture_cube_map GL_OES_packed_depth_stencil GL_OES_rgb8_rgba8 GL_EXT_read_format_bgra GL_OES_compressed_paletted_texture GL_OES_compressed_ETC1_RGB8_texture GL_OES_standard_derivatives GL_OES_EGL_image GL_OES_EGL_image_external GL_OES_EGL_image_external_essl3 GL_OES_EGL_sync GL_OES_texture_npot GL_OES_vertex_half_float GL_OES_required_internalformat GL_OES_vertex_array_object GL_OES_mapbuffer GL_EXT_texture_format_BGRA8888 GL_EXT_texture_rg GL_EXT_texture_type_2_10_10_10_REV GL_OES_fbo_render_mipmap GL_OES_element_index_uint GL_EXT_shadow_samplers GL_OES_texture_compression_astc GL_KHR_texture_compression_astc_ldr GL_KHR_texture_compression_astc_hdr GL_KHR_texture_compression_astc_sliced_3d GL_KHR_debug GL_EXT_occlusion_query_boolean GL_EXT_disjoint_timer_query GL_EXT_blend_minmax GL_EXT_discard_framebuffer GL_OES_get_program_binary GL_OES_texture_3D GL_EXT_texture_storage GL_EXT_multisamp
01-18 08:50:08.319   282   282 I SurfaceFlinger: GL_MAX_TEXTURE_SIZE = 8192
01-18 08:50:08.319   282   282 I SurfaceFlinger: GL_MAX_VIEWPORT_DIMS = 8192
01-18 08:50:08.325   274   274 D vndksupport: Loading /vendor/lib64/hw/android.hardware.graphics.mapper@2.0-impl.so from current namespace instead of sphal namespace.
01-18 08:50:08.329   274   274 D vndksupport: Loading /vendor/lib64/hw/gralloc.rk30board.so from current namespace instead of sphal namespace.
01-18 08:50:08.336   282   282 D mali_winsys: EGLint new_window_surface(egl_winsys_display *, void *, EGLSurface, EGLConfig, egl_winsys_surface **, egl_color_buffer_format *, EGLBoolean) returns 0x3000
01-18 08:50:08.337   282   282 D SurfaceFlinger: eeColorAPI eeColorCallback()
01-18 08:50:08.339   282   282 D SurfaceFlinger: eeColorAPI Open success
01-18 08:50:08.491   276   276 I ServiceManagement: Removing namespace from process name android.hardware.neuralnetworks@1.0-service-armnn to neuralnetworks@.
01-18 08:50:08.660   282   282 D SurfaceFlinger: shader cache generated - 24 shaders in 230.723236 ms
01-18 08:50:08.662   282   282 D SurfaceFlinger: Set power mode=2, type=0 flinger=0x783265e000
01-18 08:50:08.737   274   274 I rockchiprga: Rga built version:version:b6e928a+2020-05-31 03:16:27
01-18 08:50:08.738   274   274 D hwcomposer-drm: hwc_set: layers_map size is 0
01-18 08:50:08.739   274   274 E hwcomposer-drm: hwc_set: not normal frame happen
01-18 08:50:08.739   274   274 E hwc_rk  : hwc_get_handle_layername:cann't get value from gralloc
01-18 08:50:08.739   274   274 D hwc_debug: layer[0]=
01-18 08:50:08.739   274   274 D hwc_debug:     layer=0x7c4c242b68,type=3,hints=3,flags=0,handle=0x0,transform=0x0,blend=0x105,sourceCropf{0,0,1920,1080},sourceCrop{0,0,1156579328,1149698048},displayFrame{0,0,1920,1080},rect[0]={0,0,1920,1080},
01-18 08:50:08.767   258   291 I Cryptfs : Enabling support for allow_discards in dmcrypt.
01-18 08:50:08.774   258   260 D vold    : Disk at 252:2 changed
01-18 08:50:08.801   268   268 I vpu_api : dlopen vpu lib success
01-18 08:50:08.849   268   268 D CameraHal: createInstance(1035): open xml file(/vendor/etc/cam_board.xml) success
01-18 08:50:08.850   268   268 E CameraHal: cam_board.xml version(v0x0.0x0.0x0) != xml parser version(v0x0.0xf.0x0)
01-18 08:50:08.850   268   268 D CameraHal: 
01-18 08:50:08.850   268   268 D CameraHal: 
01-18 08:50:08.850   268   268 D CameraHal: 
01-18 08:50:08.850   268   268 D CameraHal:  Cam_board.xml Version Check: 
01-18 08:50:08.850   268   268 D CameraHal:     /vendor/etc/cam_board.xml : v0.0xf.0
01-18 08:50:08.850   268   268 D CameraHal:     CameraHal_board_xml_parser: v0x0.0xf.0x0
01-18 08:50:08.850   268   268 D CameraHal: ParserSensorInfo(190): SensorName(OV13850)
01-18 08:50:08.850   268   268 D CameraHal: ParserSensorInfo(198): SensorDevID(CAMSYS_DEVID_SENSOR_1A)
01-18 08:50:08.850   268   268 D CameraHal: ParserSensorInfo(209): SensorDevID(16777216)
01-18 08:50:08.850   268   268 D CameraHal: ParserSensorInfo(211): SensorHostDevID(CAMSYS_DEVID_MARVIN)
01-18 08:50:08.850   268   268 D CameraHal: ParserSensorInfo(226): Sensori2cBusNum(1)
01-18 08:50:08.850   268   268 D CameraHal: ParserSensorInfo(229): SensorI2cAddrByte(2)
01-18 08:50:08.850   268   268 D CameraHal: ParserSensorInfo(232): SensorI2cRate(100000)
01-18 08:50:08.850   268   268 D CameraHal: ParserSensorInfo(240): SensorAvdd(NC) min(28000000) max(28000000)
01-18 08:50:08.850   268   268 D CameraHal: ParserSensorInfo(254): SensorDvdd(NC) min(12000000) max(12000000)
01-18 08:50:08.850   268   268 D CameraHal: ParserSensorInfo(247): SensorDovdd(NC) min(18000000) max(18000000)
01-18 08:50:08.850   268   268 D CameraHal: ParserSensorInfo(235): SensorMclk(24000000)
01-18 08:50:08.850   268   268 D CameraHal: ParserSensorInfo(285): SensorGpioPwen(NC) active(1) 
01-18 08:50:08.850   268   268 D CameraHal: ParserSensorInfo(279): SensorGpioRst(RK30_PIN2_PD3) active(0) 
01-18 08:50:08.850   268   268 D CameraHal: ParserSensorInfo(267): SensorGpioPwdn0(RK30_PIN2_PD4) active(0) 
01-18 08:50:08.850   268   268 D CameraHal: ParserSensorInfo(273): SensorGpioPwdn1(NC) active(0) 
01-18 08:50:08.850   268   268 D CameraHal: ParserSensorInfo(291): SensorFacing(back) 
01-18 08:50:08.850   268   268 D CameraHal: ParserSensorInfo(300): SensorInterface(MIPI) 
01-18 08:50:08.851   268   268 D CameraHal: ParserSensorInfo(313): SensorMirrorFlip(0) 
01-18 08:50:08.851   268   268 D CameraHal: ParserSensorInfo(316): SensorOrientation(0) 
01-18 08:50:08.851   268   268 D CameraHal: ParserSensorInfo(435): SensorFovParemeter fov_h(60.0)(60.000000) fov_v(60.0)(60.000000)  
01-18 08:50:08.851   268   268 D CameraHal: ParserSensorInfo(438): SensorAWB_Frame_Skip fps(15) 
01-18 08:50:08.851   268   268 D CameraHal: ParserSensorInfo(397): SensorGpioPwdn(RK30_PIN2_PD4) active(0) 
01-18 08:50:08.851   268   268 D CameraHal: ParserSensorInfo(405): SensorPhy: MIPI  lane: 2  phyindex: 0  fmt: 0x2b
01-18 08:50:08.851   268   268 D CameraHal: ParserVCMInfo(450): VCMDrvName(DW9718)
01-18 08:50:08.851   268   268 D CameraHal: ParserVCMInfo(453): VCMName(HuaYong6505)
01-18 08:50:08.851   268   268 D CameraHal: ParserVCMInfo(456): VCMI2cBusNum(1)
01-18 08:50:08.851   268   268 D CameraHal: ParserVCMInfo(459): VCMI2cAddrByte(1)
01-18 08:50:08.851   268   268 D CameraHal: ParserVCMInfo(462): VCMI2cRate(0)
01-18 08:50:08.851   268   268 D CameraHal: ParserVCMInfo(477): VCMVdd(NC) min(0) max(0)
01-18 08:50:08.851   268   268 D CameraHal: ParserVCMInfo(471): VCMGpioPower(NC) active(0) 
01-18 08:50:08.851   268   268 D CameraHal: ParserVCMInfo(465): VCMGpioPwdn(NC) active(0) 
01-18 08:50:08.851   268   268 D CameraHal: ParserVCMInfo(490): start current(0) rated current(100) vcm max(100)  step mode(13)  drv max(100) 
01-18 08:50:08.851   268   268 D CameraHal: ParserFlashInfo(509): FlashName(Internal)
01-18 08:50:08.851   268   268 D CameraHal: ParserFlashInfo(512): FlashI2cBusNum(0)
01-18 08:50:08.851   268   268 D CameraHal: ParserFlashInfo(515): FlashI2cAddrByte(0)
01-18 08:50:08.851   268   268 D CameraHal: ParserFlashInfo(518): FlashI2cRate(0)
01-18 08:50:08.851   268   268 D CameraHal: ParserFlashInfo(521): FlashTrigger(NC) active(0) 
01-18 08:50:08.851   268   268 D CameraHal: ParserFlashInfo(525): FlashEn(NC) active(0) 
01-18 08:50:08.851   268   268 D CameraHal: ParserFlashInfo(532): FlashLuminance(0)
01-18 08:50:08.851   268   268 D CameraHal: ParserFlashInfo(535): FlashColorTemp(0)
01-18 08:50:08.852   268   268 D CameraHal: StartElementHandler(964): HDR(1)! 
01-18 08:50:08.852   268   268 D CameraHal: StartElementHandler(968): ZSL(1)! 
01-18 08:50:08.852   268   268 D CameraHal: StartElementHandler(972): zoom(1)! 
01-18 08:50:08.852   268   268 D CameraHal: StartElementHandler(1014): Continue_SnapShot(1)! 
01-18 08:50:08.852   268   268 D CameraHal: StartElementHandler(1017): InterpolationRes(0)! 
01-18 08:50:08.852   268   268 D CameraHal: StartElementHandler(1002): PreviewSize(1920x1080)! 
01-18 08:50:08.852   268   268 D CameraHal: StartElementHandler(998): face detect config(0),max face num is (1)! 
01-18 08:50:08.852   268   268 D CameraHal: StartElementHandler(993): Gammaout support 0(mGamma:1.000000,mOffSet:0)! 
01-18 08:50:08.852   268   268 D CameraHal: ParserDVConfig(802):  DV_QCIF(qcif) resolution(176x144) fps(10) support(0)
01-18 08:50:08.852   268   268 D CameraHal: ParserDVConfig(814):  DV_QVGA(qvga) resolution(320x240) fps(10) support(0)
01-18 08:50:08.852   268   268 D CameraHal: ParserDVConfig(826):  DV_CIF(cif) resolution(352x288) fps(10) support(1)
01-18 08:50:08.852   268   268 D CameraHal: ParserDVConfig(838):  DV_VGA(480p) resolution(640x480) fps(10) support(1)
01-18 08:50:08.852   268   268 D CameraHal: ParserDVConfig(850):  DV_480P(480p) resolution(720x480) fps(10) support(0)
01-18 08:50:08.852   268   268 D CameraHal: ParserDVConfig(874):  DV_720P(720p) resolution(1280x720) fps(10) support(1)
01-18 08:50:08.852   268   268 D CameraHal: ParserDVConfig(886):  DV_1080P(1080p) resolution(1920x1080) fps(10) support(1)
01-18 08:50:08.853   268   268 D CameraHal: ParserSensorInfo(190): SensorName(OV13850)
01-18 08:50:08.853   268   268 D CameraHal: ParserSensorInfo(198): SensorDevID(CAMSYS_DEVID_SENSOR_1B)
01-18 08:50:08.853   268   268 D CameraHal: ParserSensorInfo(209): SensorDevID(33554432)
01-18 08:50:08.853   268   268 D CameraHal: ParserSensorInfo(211): SensorHostDevID(CAMSYS_DEVID_MARVIN)
01-18 08:50:08.853   268   268 D CameraHal: ParserSensorInfo(226): Sensori2cBusNum(2)
01-18 08:50:08.853   268   268 D CameraHal: ParserSensorInfo(229): SensorI2cAddrByte(2)
01-18 08:50:08.853   268   268 D CameraHal: ParserSensorInfo(232): SensorI2cRate(100000)
01-18 08:50:08.853   268   268 D CameraHal: ParserSensorInfo(240): SensorAvdd(NC) min(28000000) max(28000000)
01-18 08:50:08.853   268   268 D CameraHal: ParserSensorInfo(254): SensorDvdd(NC) min(12000000) max(12000000)
01-18 08:50:08.853   268   268 D CameraHal: ParserSensorInfo(247): SensorDovdd(NC) min(18000000) max(18000000)
01-18 08:50:08.853   268   268 D CameraHal: ParserSensorInfo(235): SensorMclk(24000000)
01-18 08:50:08.853   268   268 D CameraHal: ParserSensorInfo(285): SensorGpioPwen(NC) active(1) 
01-18 08:50:08.853   268   268 D CameraHal: ParserSensorInfo(279): SensorGpioRst(RK30_PIN0_PB0) active(0) 
01-18 08:50:08.853   268   268 D CameraHal: ParserSensorInfo(261): SensorGpioPwdn(RK30_PIN0_PB4) active(0) 
01-18 08:50:08.853   268   268 D CameraHal: ParserSensorInfo(291): SensorFacing(front) 
01-18 08:50:08.853   268   268 D CameraHal: ParserSensorInfo(300): SensorInterface(MIPI) 
01-18 08:50:08.853   268   268 D CameraHal: ParserSensorInfo(313): SensorMirrorFlip(0) 
01-18 08:50:08.853   268   268 D CameraHal: ParserSensorInfo(316): SensorOrientation(0) 
01-18 08:50:08.853   268   268 D CameraHal: ParserSensorInfo(435): SensorFovParemeter fov_h(60.0)(60.000000) fov_v(60.0)(60.000000)  
01-18 08:50:08.853   268   268 D CameraHal: ParserSensorInfo(438): SensorAWB_Frame_Skip fps(15) 
01-18 08:50:08.853   268   268 E CameraHal: ParserSensorInfo(388): SensorPhy:  phyindex: 1,open /dev/camsys_marvin1
01-18 08:50:08.853   268   268 D CameraHal: ParserSensorInfo(397): SensorGpioPwdn(RK30_PIN0_PB4) active(0) 
01-18 08:50:08.853   268   268 D CameraHal: ParserSensorInfo(405): SensorPhy: MIPI  lane: 2  phyindex: 1  fmt: 0x2b
01-18 08:50:08.854   268   268 D CameraHal: ParserVCMInfo(450): VCMDrvName(BuiltInSensor)
01-18 08:50:08.854   268   268 D CameraHal: ParserVCMInfo(453): VCMName(NC)
01-18 08:50:08.854   268   268 D CameraHal: ParserVCMInfo(456): VCMI2cBusNum(2)
01-18 08:50:08.854   268   268 D CameraHal: ParserVCMInfo(459): VCMI2cAddrByte(1)
01-18 08:50:08.854   268   268 D CameraHal: ParserVCMInfo(462): VCMI2cRate(0)
01-18 08:50:08.854   268   268 D CameraHal: ParserVCMInfo(477): VCMVdd(NC) min(0) max(0)
01-18 08:50:08.854   268   268 D CameraHal: ParserVCMInfo(471): VCMGpioPower(NC) active(0) 
01-18 08:50:08.854   268   268 D CameraHal: ParserVCMInfo(465): VCMGpioPwdn(NC) active(0) 
01-18 08:50:08.854   268   268 D CameraHal: ParserVCMInfo(490): start current(0) rated current(100) vcm max(100)  step mode(13)  drv max(100) 
01-18 08:50:08.854   268   268 D CameraHal: ParserFlashInfo(509): FlashName(Internal)
01-18 08:50:08.854   268   268 D CameraHal: ParserFlashInfo(512): FlashI2cBusNum(0)
01-18 08:50:08.854   268   268 D CameraHal: ParserFlashInfo(515): FlashI2cAddrByte(0)
01-18 08:50:08.854   268   268 D CameraHal: ParserFlashInfo(518): FlashI2cRate(0)
01-18 08:50:08.854   268   268 D CameraHal: ParserFlashInfo(521): FlashTrigger(NC) active(0) 
01-18 08:50:08.854   268   268 D CameraHal: ParserFlashInfo(525): FlashEn(NC) active(0) 
01-18 08:50:08.854   268   268 D CameraHal: ParserFlashInfo(532): FlashLuminance(0)
01-18 08:50:08.854   268   268 D CameraHal: ParserFlashInfo(535): FlashColorTemp(0)
01-18 08:50:08.855   268   268 D CameraHal: StartElementHandler(964): HDR(1)! 
01-18 08:50:08.855   268   268 D CameraHal: StartElementHandler(968): ZSL(1)! 
01-18 08:50:08.855   268   268 D CameraHal: StartElementHandler(972): zoom(1)! 
01-18 08:50:08.855   268   268 D CameraHal: StartElementHandler(1014): Continue_SnapShot(1)! 
01-18 08:50:08.855   268   268 D CameraHal: StartElementHandler(1017): InterpolationRes(0)! 
01-18 08:50:08.855   268   268 D CameraHal: StartElementHandler(1002): PreviewSize(1920x1080)! 
01-18 08:50:08.855   268   268 D CameraHal: StartElementHandler(998): face detect config(0),max face num is (1)! 
01-18 08:50:08.855   268   268 D CameraHal: StartElementHandler(993): Gammaout support 0(mGamma:1.000000,mOffSet:0)! 
01-18 08:50:08.855   268   268 D CameraHal: ParserDVConfig(802):  DV_QCIF(qcif) resolution(176x144) fps(10) support(0)
01-18 08:50:08.855   268   268 D CameraHal: ParserDVConfig(814):  DV_QVGA(qvga) resolution(320x240) fps(10) support(1)
01-18 08:50:08.855   268   268 D CameraHal: ParserDVConfig(826):  DV_CIF(cif) resolution(352x288) fps(10) support(0)
01-18 08:50:08.855   268   268 D CameraHal: ParserDVConfig(838):  DV_VGA(480p) resolution(640x480) fps(10) support(1)
01-18 08:50:08.855   268   268 D CameraHal: ParserDVConfig(850):  DV_480P(480p) resolution(720x480) fps(10) support(0)
01-18 08:50:08.855   268   268 D CameraHal: ParserDVConfig(874):  DV_720P(720p) resolution(1280x720) fps(10) support(1)
01-18 08:50:08.855   268   268 D CameraHal: ParserDVConfig(886):  DV_1080P(1080p) resolution(1920x1080) fps(10) support(1)
01-18 08:50:08.855   268   268 D CameraHal: ParserSensorInfo(190): SensorName(OV4689)
01-18 08:50:08.855   268   268 D CameraHal: ParserSensorInfo(198): SensorDevID(CAMSYS_DEVID_SENSOR_1A)
01-18 08:50:08.855   268   268 D CameraHal: ParserSensorInfo(209): SensorDevID(16777216)
01-18 08:50:08.855   268   268 D CameraHal: ParserSensorInfo(211): SensorHostDevID(CAMSYS_DEVID_MARVIN)
01-18 08:50:08.855   268   268 D CameraHal: ParserSensorInfo(226): Sensori2cBusNum(1)
01-18 08:50:08.855   268   268 D CameraHal: ParserSensorInfo(229): SensorI2cAddrByte(2)
01-18 08:50:08.855   268   268 D CameraHal: ParserSensorInfo(232): SensorI2cRate(100000)
01-18 08:50:08.855   268   268 D CameraHal: ParserSensorInfo(240): SensorAvdd(NC) min(28000000) max(28000000)
01-18 08:50:08.855   268   268 D CameraHal: ParserSensorInfo(254): SensorDvdd(NC) min(12000000) max(12000000)
01-18 08:50:08.855   268   268 D CameraHal: ParserSensorInfo(247): SensorDovdd(NC) min(18000000) max(18000000)
01-18 08:50:08.856   268   268 D CameraHal: ParserSensorInfo(235): SensorMclk(24000000)
01-18 08:50:08.856   268   268 D CameraHal: ParserSensorInfo(285): SensorGpioPwen(NC) active(1) 
01-18 08:50:08.856   268   268 D CameraHal: ParserSensorInfo(279): SensorGpioRst(RK30_PIN2_PD3) active(0) 
01-18 08:50:08.856   268   268 D CameraHal: ParserSensorInfo(267): SensorGpioPwdn0(RK30_PIN2_PD4) active(0) 
01-18 08:50:08.856   268   268 D CameraHal: ParserSensorInfo(273): SensorGpioPwdn1(NC) active(0) 
01-18 08:50:08.856   268   268 D CameraHal: ParserSensorInfo(291): SensorFacing(back) 
01-18 08:50:08.856   268   268 D CameraHal: ParserSensorInfo(300): SensorInterface(MIPI) 
01-18 08:50:08.856   268   268 D CameraHal: ParserSensorInfo(313): SensorMirrorFlip(0) 
01-18 08:50:08.856   268   268 D CameraHal: ParserSensorInfo(316): SensorOrientation(0) 
01-18 08:50:08.856   268   268 D CameraHal: ParserSensorInfo(435): SensorFovParemeter fov_h(60.0)(60.000000) fov_v(60.0)(60.000000)  
01-18 08:50:08.856   268   268 D CameraHal: ParserSensorInfo(438): SensorAWB_Frame_Skip fps(15) 
01-18 08:50:08.856   268   268 D CameraHal: ParserSensorInfo(397): SensorGpioPwdn(RK30_PIN2_PD4) active(0) 
01-18 08:50:08.856   268   268 D CameraHal: ParserSensorInfo(405): SensorPhy: MIPI  lane: 2  phyindex: 0  fmt: 0x2b
01-18 08:50:08.856   268   268 D CameraHal: ParserVCMInfo(450): VCMDrvName(BuiltInSensor)
01-18 08:50:08.856   268   268 D CameraHal: ParserVCMInfo(453): VCMName(NC)
01-18 08:50:08.856   268   268 D CameraHal: ParserVCMInfo(456): VCMI2cBusNum(1)
01-18 08:50:08.856   268   268 D CameraHal: ParserVCMInfo(459): VCMI2cAddrByte(1)
01-18 08:50:08.857   268   268 D CameraHal: ParserVCMInfo(462): VCMI2cRate(0)
01-18 08:50:08.857   268   268 D CameraHal: ParserVCMInfo(477): VCMVdd(NC) min(0) max(0)
01-18 08:50:08.857   268   268 D CameraHal: ParserVCMInfo(471): VCMGpioPower(NC) active(0) 
01-18 08:50:08.857   268   268 D CameraHal: ParserVCMInfo(465): VCMGpioPwdn(NC) active(0) 
01-18 08:50:08.857   268   268 D CameraHal: ParserVCMInfo(490): start current(0) rated current(100) vcm max(100)  step mode(13)  drv max(100) 
01-18 08:50:08.857   268   268 D CameraHal: ParserFlashInfo(509): FlashName(Internal)
01-18 08:50:08.857   268   268 D CameraHal: ParserFlashInfo(512): FlashI2cBusNum(0)
01-18 08:50:08.857   268   268 D CameraHal: ParserFlashInfo(515): FlashI2cAddrByte(0)
01-18 08:50:08.857   268   268 D CameraHal: ParserFlashInfo(518): FlashI2cRate(0)
01-18 08:50:08.857   268   268 D CameraHal: ParserFlashInfo(521): FlashTrigger(NC) active(0) 
01-18 08:50:08.857   268   268 D CameraHal: ParserFlashInfo(525): FlashEn(NC) active(0) 
01-18 08:50:08.857   268   268 D CameraHal: ParserFlashInfo(532): FlashLuminance(0)
01-18 08:50:08.857   268   268 D CameraHal: ParserFlashInfo(535): FlashColorTemp(0)
01-18 08:50:08.857   268   268 D CameraHal: StartElementHandler(964): HDR(1)! 
01-18 08:50:08.857   268   268 D CameraHal: StartElementHandler(968): ZSL(1)! 
01-18 08:50:08.857   268   268 D CameraHal: StartElementHandler(972): zoom(1)! 
01-18 08:50:08.857   268   268 D CameraHal: StartElementHandler(1014): Continue_SnapShot(1)! 
01-18 08:50:08.857   268   268 D CameraHal: StartElementHandler(1017): InterpolationRes(0)! 
01-18 08:50:08.857   268   268 D CameraHal: StartElementHandler(1002): PreviewSize(1920x1080)! 
01-18 08:50:08.857   268   268 D CameraHal: StartElementHandler(998): face detect config(0),max face num is (1)! 
01-18 08:50:08.857   268   268 D CameraHal: StartElementHandler(993): Gammaout support 0(mGamma:1.000000,mOffSet:0)! 
01-18 08:50:08.858   268   268 D CameraHal: ParserDVConfig(802):  DV_QCIF(qcif) resolution(176x144) fps(10) support(0)
01-18 08:50:08.858   268   268 D CameraHal: ParserDVConfig(814):  DV_QVGA(qvga) resolution(320x240) fps(10) support(0)
01-18 08:50:08.858   268   268 D CameraHal: ParserDVConfig(826):  DV_CIF(cif) resolution(352x288) fps(10) support(1)
01-18 08:50:08.858   268   268 D CameraHal: ParserDVConfig(838):  DV_VGA(480p) resolution(640x480) fps(10) support(1)
01-18 08:50:08.858   268   268 D CameraHal: ParserDVConfig(850):  DV_480P(480p) resolution(720x480) fps(10) support(0)
01-18 08:50:08.858   268   268 D CameraHal: ParserDVConfig(874):  DV_720P(720p) resolution(1280x720) fps(10) support(1)
01-18 08:50:08.858   268   268 D CameraHal: ParserDVConfig(886):  DV_1080P(1080p) resolution(1920x1080) fps(10) support(1)
01-18 08:50:08.858   268   268 D CameraHal: ParserSensorInfo(190): SensorName(OV4689)
01-18 08:50:08.858   268   268 D CameraHal: ParserSensorInfo(198): SensorDevID(CAMSYS_DEVID_SENSOR_1B)
01-18 08:50:08.858   268   268 D CameraHal: ParserSensorInfo(209): SensorDevID(33554432)
01-18 08:50:08.858   268   268 D CameraHal: ParserSensorInfo(211): SensorHostDevID(CAMSYS_DEVID_MARVIN)
01-18 08:50:08.858   268   268 D CameraHal: ParserSensorInfo(226): Sensori2cBusNum(2)
01-18 08:50:08.858   268   268 D CameraHal: ParserSensorInfo(229): SensorI2cAddrByte(2)
01-18 08:50:08.858   268   268 D CameraHal: ParserSensorInfo(232): SensorI2cRate(100000)
01-18 08:50:08.858   268   268 D CameraHal: ParserSensorInfo(240): SensorAvdd(NC) min(28000000) max(28000000)
01-18 08:50:08.858   268   268 D CameraHal: ParserSensorInfo(254): SensorDvdd(NC) min(12000000) max(12000000)
01-18 08:50:08.858   268   268 D CameraHal: ParserSensorInfo(247): SensorDovdd(NC) min(18000000) max(18000000)
01-18 08:50:08.858   268   268 D CameraHal: ParserSensorInfo(235): SensorMclk(24000000)
01-18 08:50:08.858   268   268 D CameraHal: ParserSensorInfo(285): SensorGpioPwen(NC) active(1) 
01-18 08:50:08.858   268   268 D CameraHal: ParserSensorInfo(279): SensorGpioRst(RK30_PIN0_PB0) active(0) 
01-18 08:50:08.859   268   268 D CameraHal: ParserSensorInfo(261): SensorGpioPwdn(RK30_PIN0_PB4) active(0) 
01-18 08:50:08.859   268   268 D CameraHal: ParserSensorInfo(291): SensorFacing(front) 
01-18 08:50:08.859   268   268 D CameraHal: ParserSensorInfo(300): SensorInterface(MIPI) 
01-18 08:50:08.859   268   268 D CameraHal: ParserSensorInfo(313): SensorMirrorFlip(0) 
01-18 08:50:08.859   268   268 D CameraHal: ParserSensorInfo(316): SensorOrientation(0) 
01-18 08:50:08.859   268   268 D CameraHal: ParserSensorInfo(435): SensorFovParemeter fov_h(60.0)(60.000000) fov_v(60.0)(60.000000)  
01-18 08:50:08.859   268   268 D CameraHal: ParserSensorInfo(438): SensorAWB_Frame_Skip fps(15) 
01-18 08:50:08.859   268   268 E CameraHal: ParserSensorInfo(388): SensorPhy:  phyindex: 1,open /dev/camsys_marvin1
01-18 08:50:08.859   268   268 D CameraHal: ParserSensorInfo(397): SensorGpioPwdn(RK30_PIN0_PB4) active(0) 
01-18 08:50:08.859   268   268 D CameraHal: ParserSensorInfo(405): SensorPhy: MIPI  lane: 2  phyindex: 1  fmt: 0x2b
01-18 08:50:08.859   268   268 D CameraHal: ParserVCMInfo(450): VCMDrvName(BuiltInSensor)
01-18 08:50:08.859   268   268 D CameraHal: ParserVCMInfo(453): VCMName(NC)
01-18 08:50:08.859   268   268 D CameraHal: ParserVCMInfo(456): VCMI2cBusNum(2)
01-18 08:50:08.859   268   268 D CameraHal: ParserVCMInfo(459): VCMI2cAddrByte(1)
01-18 08:50:08.859   268   268 D CameraHal: ParserVCMInfo(462): VCMI2cRate(0)
01-18 08:50:08.859   268   268 D CameraHal: ParserVCMInfo(477): VCMVdd(NC) min(0) max(0)
01-18 08:50:08.859   268   268 D CameraHal: ParserVCMInfo(471): VCMGpioPower(NC) active(0) 
01-18 08:50:08.859   268   268 D CameraHal: ParserVCMInfo(465): VCMGpioPwdn(NC) active(0) 
01-18 08:50:08.859   268   268 D CameraHal: ParserVCMInfo(490): start current(0) rated current(100) vcm max(100)  step mode(13)  drv max(100) 
01-18 08:50:08.859   268   268 D CameraHal: ParserFlashInfo(509): FlashName(Internal)
01-18 08:50:08.859   268   268 D CameraHal: ParserFlashInfo(512): FlashI2cBusNum(0)
01-18 08:50:08.859   268   268 D CameraHal: ParserFlashInfo(515): FlashI2cAddrByte(0)
01-18 08:50:08.859   268   268 D CameraHal: ParserFlashInfo(518): FlashI2cRate(0)
01-18 08:50:08.859   268   268 D CameraHal: ParserFlashInfo(521): FlashTrigger(NC) active(0) 
01-18 08:50:08.859   268   268 D CameraHal: ParserFlashInfo(525): FlashEn(NC) active(0) 
01-18 08:50:08.860   268   268 D CameraHal: ParserFlashInfo(532): FlashLuminance(0)
01-18 08:50:08.860   268   268 D CameraHal: ParserFlashInfo(535): FlashColorTemp(0)
01-18 08:50:08.860   268   268 D CameraHal: StartElementHandler(964): HDR(1)! 
01-18 08:50:08.860   268   268 D CameraHal: StartElementHandler(968): ZSL(1)! 
01-18 08:50:08.860   268   268 D CameraHal: StartElementHandler(972): zoom(1)! 
01-18 08:50:08.860   268   268 D CameraHal: StartElementHandler(1014): Continue_SnapShot(1)! 
