05-31 04:32:50.210   630   857 I vol.Events: writeEvent level_changed STREAM_VOICE_CALL 4
05-31 04:32:50.212   630   857 I vol.Events: writeEvent level_changed STREAM_SYSTEM 5
05-31 04:32:50.212   630   857 I vol.Events: writeEvent level_changed STREAM_RING 5
05-31 04:32:50.214   630   857 I vol.Events: writeEvent level_changed STREAM_MUSIC 5
05-31 04:32:50.214   470   470 W ContextImpl: Calling a method in the system process without a qualified user: android.app.ContextImpl.startService:1476 com.android.server.content.SyncManager$13.run:722 android.os.Handler.handleCallback:790 android.os.Handler.dispatchMessage:99 android.os.Looper.loop:164 
05-31 04:32:50.216   722   722 D PhoneSwitcherNetworkRequstListener: Registering NetworkFactory
05-31 04:32:50.217   470   565 D ConnectivityService: Got NetworkFactory Messenger for PhoneSwitcherNetworkRequstListener
05-31 04:32:50.217   396   396 D installd: Found storage mount /data/media at /mnt/runtime/default/emulated
05-31 04:32:50.219   630   857 I vol.Events: writeEvent level_changed STREAM_ALARM 6
05-31 04:32:50.221   630   857 I vol.Events: writeEvent level_changed STREAM_BLUETOOTH_SCO 7
05-31 04:32:50.224   470   470 I zygote64: The ClassLoaderContext is a special shared library.
05-31 04:32:50.228   470   565 D ConnectivityService: Got NetworkFactory Messenger for TelephonyNetworkFactory[0]
05-31 04:32:50.231   470   470 I zygote64: The ClassLoaderContext is a special shared library.
05-31 04:32:50.231   630   630 D SystemUIBootTiming: StartServicesVolumeUI took to complete: 304ms
05-31 04:32:50.244   470   470 V WiredAccessoryManager: notifyWiredAccessoryChanged: when=0 bits= mask=54
05-31 04:32:50.244   470   470 V WiredAccessoryManager: newName=h2w newState=0 headsetState=0 prev headsetState=0
05-31 04:32:50.244   470   470 E WiredAccessoryManager: No state change.
05-31 04:32:50.244   470   470 V WiredAccessoryManager: init()
05-31 04:32:50.246   722   722 D CarrierConfigLoader: CarrierConfigLoader has started
05-31 04:32:50.249   470   753 D BluetoothManagerService: Trying to bind to profile: 1, while Bluetooth was disabled
05-31 04:32:50.250   722   902 E ActivityThread: Failed to find provider info for com.android.contacts
05-31 04:32:50.250   722   902 W CallerInfoCache: cursor is null
05-31 04:32:50.257   722   722 W TelecomManager: Telecom Service not found.
05-31 04:32:50.257   722   722 I com.android.phone: Looking for service android.hardware.radio@1.0::IRadio/slot1
05-31 04:32:50.260   630   906 D OpenGLRenderer: HWUI GL Pipeline
05-31 04:32:50.260   722   722 I TelecomFramework: TtyManager: updateUiTtyMode -1 -> 0
05-31 04:32:50.263   266   884 W StreamHAL: Error from HAL stream in function get_presentation_position: Operation not permitted
05-31 04:32:50.263   266   884 W StreamHAL: Error from HAL stream in function get_presentation_position: Operation not permitted
05-31 04:32:50.270   470   470 V NotificationListeners: enabling notification listener for 0: ComponentInfo{com.android.launcher3/com.android.launcher3.notification.NotificationListener}
05-31 04:32:50.271   470   470 V NotificationListeners: binding: Intent { act=android.service.notification.NotificationListenerService cmp=com.android.launcher3/.notification.NotificationListener (has extras) }
05-31 04:32:50.271   722   722 D ImsResolver: maybeAddedImsService, packageName: null
05-31 04:32:50.271   470   470 W ActivityManager: Unable to start service Intent { act=android.service.notification.NotificationListenerService cmp=com.android.launcher3/.notification.NotificationListener } U=0: not found
05-31 04:32:50.271   470   470 W NotificationListeners: Unable to bind notification listener service: Intent { act=android.service.notification.NotificationListenerService cmp=com.android.launcher3/.notification.NotificationListener (has extras) }
05-31 04:32:50.272   722   722 I com.android.phone: Looking for service android.hardware.radio@1.0::IRadio/slot1
05-31 04:32:50.273   630   630 D SystemUIBootTiming: StartServicesDivider took to complete: 41ms
05-31 04:32:50.276   266   440 W DeviceHAL: Device 0xec221000 set_mic_mute: Function not implemented
05-31 04:32:50.276   266   440 W DeviceHAL: Device 0xec249740 set_mic_mute: Function not implemented
05-31 04:32:50.285   470   480 I zygote64: Background concurrent copying GC freed 34128(3MB) AllocSpace objects, 14(492KB) LOS objects, 42% free, 6MB/12MB, paused 274us total 118.395ms
05-31 04:32:50.288   470   470 E WifiController: WifiControllerWifi turn on failed
05-31 04:32:50.290   470   766 I WifiService: getVerboseLoggingLevel uid=10020
05-31 04:32:50.293   470   470 E WifiController: WifiControllerWifi turn on failed
05-31 04:32:50.293   470   470 E WifiController: WifiControllerWifi turn on failed
05-31 04:32:50.293   470   470 D BluetoothManagerService: BluetoothServiceConnection: com.android.bluetooth.btservice.AdapterService
05-31 04:32:50.293   470   494 D BluetoothManagerService: MESSAGE_BLUETOOTH_SERVICE_CONNECTED: 1
05-31 04:32:50.293   470   470 D ConditionProviders.SCP: onSubscribe condition://android/schedule?days=1.2.3.4.5&start=22.0&end=7.0&exitAtAlarm=false
05-31 04:32:50.293   470   494 D BluetoothManagerService: MESSAGE_GET_NAME_AND_ADDRESS
05-31 04:32:50.294   470   470 D ConditionProviders.SCP: setRegistered true
05-31 04:32:50.294   470   470 D ConditionProviders.SCP: notifyCondition condition://android/schedule?days=1.2.3.4.5&start=22.0&end=7.0&exitAtAlarm=false STATE_FALSE reason=!meetsSchedule
05-31 04:32:50.298   470   494 D BluetoothManagerService: unbindAndFinish(): android.bluetooth.IBluetooth$Stub$Proxy@f9bf683 mBinding = false mUnbinding = false
05-31 04:32:50.299   470   766 I WifiService: getWifiServiceMessenger uid=10020
05-31 04:32:50.300   470   571 E ActivityThread: Failed to find provider info for com.android.calendar
05-31 04:32:50.300   470   571 E ActivityThread: Failed to find provider info for com.android.calendar
05-31 04:32:50.302   722   722 D ServiceStateProvider: subId=0
05-31 04:32:50.304   591   591 D BluetoothAdapterService: onUnbind() - calling cleanup
05-31 04:32:50.304   591   591 D BluetoothAdapterService: cleanup()
05-31 04:32:50.306   591   591 W BluetoothSdpJni: Cleaning up Bluetooth SDP Interface...
05-31 04:32:50.307   591   591 W BluetoothSdpJni: Cleaning up Bluetooth SDP object
05-31 04:32:50.307   591   591 D BluetoothAdapterService: cleanup() - Cleaning up adapter native
05-31 04:32:50.307   591   774 I bt_stack_manager: event_clean_up_stack is cleaning up the stack
05-31 04:32:50.307   591   774 I bt_btif_core: btif_cleanup_bluetooth entered
05-31 04:32:50.308   591   774 E BluetoothServiceJni: Callback: 'callback_thread_event' is not called on the correct thread
05-31 04:32:50.309   591   774 I bt_btif_queue: btif_queue_release
05-31 04:32:50.309   591   782 I bt_btif_core: run_message_loop finished
05-31 04:32:50.309   591   782 W bt_osi_thread: run_thread: thread id 782, thread name bt_jni_workqueue exited
05-31 04:32:50.310   591   774 I bt_core_module: module_clean_up Cleaning up module "stack_config_module"
05-31 04:32:50.310   591   774 I bt_core_module: module_clean_up Cleanup of module "stack_config_module" completed
05-31 04:32:50.310   591   774 I bt_core_module: module_clean_up Cleaning up module "interop_module"
05-31 04:32:50.310   591   774 I bt_core_module: module_clean_up Cleanup of module "interop_module" completed
05-31 04:32:50.310   591   774 I bt_btif_core: btif_cleanup_bluetooth finished
05-31 04:32:50.310   591   774 I bt_core_module: module_clean_up Cleaning up module "btif_config_module"
05-31 04:32:50.315   470   470 D ConditionProviders.SCP: Scheduling evaluate for Sun May 31 07:00:00 GMT+00:00 2020 (1590908400000), in +2h27m9s706ms, now=Sun May 31 04:32:50 GMT+00:00 2020 (1590899570294)
05-31 04:32:50.315   470   470 D ConditionProviders.SCP: onSubscribe condition://android/schedule?days=6.7&start=23.30&end=10.0&exitAtAlarm=false
05-31 04:32:50.316   470   470 D ConditionProviders.SCP: notifyCondition condition://android/schedule?days=6.7&start=23.30&end=10.0&exitAtAlarm=false STATE_TRUE reason=meetsSchedule
05-31 04:32:50.316   470   470 D ConditionProviders.SCP: notifyCondition condition://android/schedule?days=1.2.3.4.5&start=22.0&end=7.0&exitAtAlarm=false STATE_FALSE reason=!meetsSchedule
05-31 04:32:50.316   470   470 D ConditionProviders.SCP: Scheduling evaluate for Sun May 31 07:00:00 GMT+00:00 2020 (1590908400000), in +2h27m9s684ms, now=Sun May 31 04:32:50 GMT+00:00 2020 (1590899570316)
05-31 04:32:50.322   470   470 V MediaRouter: onRestoreRoute() : route=RouteInfo{ name=Tablet, description=null, status=null, category=RouteCategory{ name=System types=ROUTE_TYPE_LIVE_AUDIO ROUTE_TYPE_LIVE_VIDEO  groupable=false }, supportedTypes=ROUTE_TYPE_LIVE_AUDIO ROUTE_TYPE_LIVE_VIDEO , presentationDisplay=null }
05-31 04:32:50.322   470   470 V MediaRouter: Selecting route: RouteInfo{ name=Tablet, description=null, status=null, category=RouteCategory{ name=System types=ROUTE_TYPE_LIVE_AUDIO ROUTE_TYPE_LIVE_VIDEO  groupable=false }, supportedTypes=ROUTE_TYPE_LIVE_AUDIO ROUTE_TYPE_LIVE_VIDEO , presentationDisplay=null }
05-31 04:32:50.323   470   470 I Telecom : WiredHeadsetManager: ACTION_HEADSET_PLUG event, plugged in: false, : WHC.oADA@AAE
05-31 04:32:50.325   470   470 D MediaSessionService: Media button session is changed to com.android.server.telecom/HeadsetMediaButton (userId=0)
05-31 04:32:50.325   470   470 D MediaSessionService: Global priority session is changed from null to com.android.server.telecom/HeadsetMediaButton (userId=0)
05-31 04:32:50.325   470   470 D MediaSessionService: Media button session is changed to null
05-31 04:32:50.330   470   484 I SyncManager: Got SyncJobService instance.
05-31 04:32:50.339   591   774 I bt_core_module: module_clean_up Cleanup of module "btif_config_module" completed
05-31 04:32:50.339   591   774 I bt_core_module: module_clean_up Cleaning up module "bt_utils_module"
05-31 04:32:50.339   591   774 I bt_core_module: module_clean_up Cleanup of module "bt_utils_module" completed
05-31 04:32:50.339   591   774 I bt_core_module: module_clean_up Cleaning up module "osi_module"
05-31 04:32:50.340   591   780 D bt_osi_alarm: callback_dispatch Callback thread exited
05-31 04:32:50.340   591   780 W bt_osi_thread: run_thread: thread id 780, thread name alarm_dispatcher exited
05-31 04:32:50.340   591   779 W bt_osi_thread: run_thread: thread id 779, thread name alarm_default_ca exited
05-31 04:32:50.341   591   774 I bt_core_module: module_clean_up Cleanup of module "osi_module" completed
05-31 04:32:50.341   591   774 I bt_stack_manager: event_clean_up_stack finished
05-31 04:32:50.341   591   591 I BluetoothServiceJni: cleanupNative: return from cleanup
05-31 04:32:50.342   591   591 D BluetoothAdapterService: onDestroy()
05-31 04:32:50.343   591   591 I BluetoothAdapterService: Force exit to cleanup internal state in Bluetooth stack
05-31 04:32:50.345   591   591 I com.android.bluetooth: System.exit called, status: 0
05-31 04:32:50.345   470   470 D AutofillManagerService: Autofill restriction did not change for user 0: null
05-31 04:32:50.345   591   591 I AndroidRuntime: VM exiting with result code 0, cleanup skipped.
05-31 04:32:50.350   470   470 I FusedLocation: engine started (com.android.location.fused)
05-31 04:32:50.379   630   630 D Tonal   : Tonal Palette - index: 10. Main color: ffeb9aa9
05-31 04:32:50.379   630   630 D Tonal   : Colors: ff140409, ff290813, ff3e0c1f, ff58112c, ff771841, ff971e46, ffb72455, ffc8537a, ffe06283, ffe57c95, ffeb9aa9, fff3c5cc, fff9e2e7
05-31 04:32:50.379   630   630 D Tonal   : Gradients: 
05-31 04:32:50.379   630   630 D Tonal   :      Normal GradientColors(ffeb9aa9, ffe06283)
05-31 04:32:50.379   630   630 D Tonal   :      Dark GradientColors(ff58112c, ff290813)
05-31 04:32:50.379   630   630 D Tonal   :      Extra dark: GradientColors(ff3e0c1f, ff140409)
05-31 04:32:50.379   630   630 D Tonal   : Tonal Palette - index: 10. Main color: ffeb9aa9
05-31 04:32:50.379   630   630 D Tonal   : Colors: ff140409, ff290813, ff3e0c1f, ff58112c, ff771841, ff971e46, ffb72455, ffc8537a, ffe06283, ffe57c95, ffeb9aa9, fff3c5cc, fff9e2e7
05-31 04:32:50.379   630   630 D Tonal   : Gradients: 
05-31 04:32:50.379   630   630 D Tonal   :      Normal GradientColors(ffeb9aa9, ffe06283)
05-31 04:32:50.379   630   630 D Tonal   :      Dark GradientColors(ff58112c, ff290813)
05-31 04:32:50.379   630   630 D Tonal   :      Extra dark: GradientColors(ff3e0c1f, ff140409)
05-31 04:32:50.400   630   630 D StatusBar: disable<e i a s b h r c s q >
05-31 04:32:50.401   470   482 I ActivityManager: Process com.android.bluetooth (pid 591) has died: fore SVC 
05-31 04:32:50.401   470   487 W system_server: kill(-591, 9) failed: No such process
05-31 04:32:50.401   470   487 I system_server: Successfully killed process cgroup uid 1002 pid 591 in 0ms
05-31 04:32:50.401   470   732 I StatusBarManagerService: registerStatusBar bar=com.android.internal.statusbar.IStatusBar$Stub$Proxy@d8ef263
05-31 04:32:50.464   722   722 D PhoneSwitcherNetworkRequstListener: got request NetworkRequest [ REQUEST id=1, [ Capabilities: INTERNET&NOT_RESTRICTED&TRUSTED&NOT_VPN] ] with score 0
05-31 04:32:50.464   722   722 D PhoneSwitcherNetworkRequstListener: got request NetworkRequest [ TRACK_DEFAULT id=5, [ Capabilities: INTERNET&NOT_RESTRICTED&TRUSTED&NOT_VPN] ] with score 0
05-31 04:32:50.464   722   722 D PhoneSwitcherNetworkRequstListener: got request NetworkRequest [ BACKGROUND_REQUEST id=2, [ Transports: CELLULAR Capabilities: INTERNET&NOT_RESTRICTED&TRUSTED&NOT_VPN] ] with score 0
05-31 04:32:50.464   722   722 D PhoneSwitcherNetworkRequstListener: got request NetworkRequest [ TRACK_DEFAULT id=3, [ Capabilities: INTERNET&NOT_RESTRICTED&TRUSTED&NOT_VPN] ] with score 0
05-31 04:32:50.465   722   722 D TelephonyDebugService: TelephonyDebugService()
05-31 04:32:50.466   722   722 D CarrierConfigLoader: mHandler: 12 phoneId: 0
05-31 04:32:50.467   722   722 I com.android.phone: Looking for service android.hardware.radio@1.0::IRadio/slot1
05-31 04:32:50.471   630   934 I SecurityController: could not bind to KeyChainService
05-31 04:32:50.473   722   722 I com.android.phone: Looking for service android.hardware.radio@1.0::IRadio/slot1
05-31 04:32:50.488   722   722 D OpenGLRenderer: HWUI GL Pipeline
05-31 04:32:50.494   470   482 W Telecom : : registerPhoneAccount not allowed on non-voice capable device.: TSI.rPA@AAM
05-31 04:32:50.495   722   722 I TelecomFramework: AccountEntry: Registered phoneAccount: [[ ] PhoneAccount: ComponentInfo{com.android.phone/com.android.services.telephony.TelephonyConnectionService}, [e0184adedf913b076626646d3f52c3b49c39ad6d], UserHandle{0} Capabilities: CallProvider MultiUser PlaceEmerg SimSub  Audio Routes: BESW Schemes: tel voicemail  Extras: Bundle[{android.telecom.extra.SUPPORTS_VIDEO_CALLING_FALLBACK=false}] GroupId: [da39a3ee5e6b4b0d3255bfef95601890afd80709]] with handle: ComponentInfo{com.android.phone/com.android.services.telephony.TelephonyConnectionService}, [e0184adedf913b076626646d3f52c3b49c39ad6d], UserHandle{0}
05-31 04:32:50.496   722   722 I TelecomFramework: PstnIncomingCallNotifier: Registering: Handler (com.android.internal.telephony.GsmCdmaPhone) {8f22c6c}
05-31 04:32:50.503   630   630 I CameraManagerGlobal: Connecting to camera service
05-31 04:32:50.510   630   630 I StatusBar: isKeyguardShowing() called before startKeyguard(), returning true
05-31 04:32:50.513   630   630 W StatusBar: isKeyguardSecure() called before startKeyguard(), returning false
05-31 04:32:50.513   630   630 W StatusBar: java.lang.Throwable
05-31 04:32:50.513   630   630 W StatusBar:     at com.android.systemui.statusbar.phone.StatusBar.isKeyguardSecure(StatusBar.java:7551)
05-31 04:32:50.513   630   630 W StatusBar:     at com.android.systemui.statusbar.phone.StatusBar.isCameraAllowedByAdmin(StatusBar.java:5436)
05-31 04:32:50.513   630   630 W StatusBar:     at com.android.systemui.statusbar.phone.KeyguardBottomAreaView$DefaultRightButton.getIcon(KeyguardBottomAreaView.java:856)
05-31 04:32:50.513   630   630 W StatusBar:     at com.android.systemui.statusbar.phone.KeyguardBottomAreaView.updateCameraVisibility(KeyguardBottomAreaView.java:382)
05-31 04:32:50.513   630   630 W StatusBar:     at com.android.systemui.statusbar.phone.KeyguardBottomAreaView.setStatusBar(KeyguardBottomAreaView.java:351)
05-31 04:32:50.513   630   630 W StatusBar:     at com.android.systemui.statusbar.phone.NotificationPanelView.setStatusBar(NotificationPanelView.java:253)
05-31 04:32:50.513   630   630 W StatusBar:     at com.android.systemui.statusbar.phone.StatusBar.makeStatusBarView(StatusBar.java:1019)
05-31 04:32:50.513   630   630 W StatusBar:     at com.android.systemui.statusbar.phone.StatusBar.addStatusBarWindow(StatusBar.java:3664)
05-31 04:32:50.513   630   630 W StatusBar:     at com.android.systemui.statusbar.phone.StatusBar.createAndAddWindows(StatusBar.java:3660)
05-31 04:32:50.513   630   630 W StatusBar:     at com.android.systemui.statusbar.phone.StatusBar.start(StatusBar.java:889)
05-31 04:32:50.513   630   630 W StatusBar:     at com.android.systemui.SystemBars.createStatusBarFromConfig(SystemBars.java:71)
05-31 04:32:50.513   630   630 W StatusBar:     at com.android.systemui.SystemBars.start(SystemBars.java:42)
05-31 04:32:50.513   630   630 W StatusBar:     at com.android.systemui.SystemUIApplication.startServicesIfNeeded(SystemUIApplication.java:215)
05-31 04:32:50.513   630   630 W StatusBar:     at com.android.systemui.SystemUIApplication.startServicesIfNeeded(SystemUIApplication.java:164)
05-31 04:32:50.513   630   630 W StatusBar:     at com.android.systemui.SystemUIService.onCreate(SystemUIService.java:33)
05-31 04:32:50.513   630   630 W StatusBar:     at android.app.ActivityThread.handleCreateService(ActivityThread.java:3339)
05-31 04:32:50.513   630   630 W StatusBar:     at android.app.ActivityThread.-wrap4(Unknown Source:0)
05-31 04:32:50.513   630   630 W StatusBar:     at android.app.ActivityThread$H.handleMessage(ActivityThread.java:1677)
05-31 04:32:50.513   630   630 W StatusBar:     at android.os.Handler.dispatchMessage(Handler.java:106)
05-31 04:32:50.513   630   630 W StatusBar:     at android.os.Looper.loop(Looper.java:164)
05-31 04:32:50.513   630   630 W StatusBar:     at android.app.ActivityThread.main(ActivityThread.java:6494)
05-31 04:32:50.513   630   630 W StatusBar:     at java.lang.reflect.Method.invoke(Native Method)
05-31 04:32:50.513   630   630 W StatusBar:     at com.android.internal.os.RuntimeInit$MethodAndArgsCaller.run(RuntimeInit.java:438)
05-31 04:32:50.513   630   630 W StatusBar:     at com.android.internal.os.ZygoteInit.main(ZygoteInit.java:807)
05-31 04:32:50.516   722   722 I com.android.phone: Looking for service android.hardware.radio@1.0::IRadio/slot1
05-31 04:32:50.520   722   722 I TelecomFramework: PstnPhoneCapabilitiesNotifier: handleVideoCapabilitesChanged. Video capability - false
05-31 04:32:50.533   470   732 W Telecom : : registerPhoneAccount not allowed on non-voice capable device.: TSI.rPA@AAY
05-31 04:32:50.548   630   630 I StatusBar: isKeyguardShowing() called before startKeyguard(), returning true
05-31 04:32:50.548   630   630 W StatusBar: isKeyguardSecure() called before startKeyguard(), returning false
05-31 04:32:50.548   630   630 W StatusBar: java.lang.Throwable
05-31 04:32:50.548   630   630 W StatusBar:     at com.android.systemui.statusbar.phone.StatusBar.isKeyguardSecure(StatusBar.java:7551)
05-31 04:32:50.548   630   630 W StatusBar:     at com.android.systemui.statusbar.phone.StatusBar.isCameraAllowedByAdmin(StatusBar.java:5436)
05-31 04:32:50.548   630   630 W StatusBar:     at com.android.systemui.statusbar.phone.KeyguardBottomAreaView$DefaultRightButton.getIcon(KeyguardBottomAreaView.java:856)
05-31 04:32:50.548   630   630 W StatusBar:     at com.android.systemui.statusbar.phone.KeyguardBottomAreaView.updateCameraVisibility(KeyguardBottomAreaView.java:382)
05-31 04:32:50.548   630   630 W StatusBar:     at com.android.systemui.statusbar.phone.KeyguardBottomAreaView.setUserSetupComplete(KeyguardBottomAreaView.java:360)
05-31 04:32:50.548   630   630 W StatusBar:     at com.android.systemui.statusbar.phone.NotificationPanelView.setUserSetupComplete(NotificationPanelView.java:2656)
05-31 04:32:50.548   630   630 W StatusBar:     at com.android.systemui.statusbar.phone.StatusBar.makeStatusBarView(StatusBar.java:1162)
05-31 04:32:50.548   630   630 W StatusBar:     at com.android.systemui.statusbar.phone.StatusBar.addStatusBarWindow(StatusBar.java:3664)
05-31 04:32:50.548   630   630 W StatusBar:     at com.android.systemui.statusbar.phone.StatusBar.createAndAddWindows(StatusBar.java:3660)
05-31 04:32:50.548   630   630 W StatusBar:     at com.android.systemui.statusbar.phone.StatusBar.start(StatusBar.java:889)
05-31 04:32:50.548   630   630 W StatusBar:     at com.android.systemui.SystemBars.createStatusBarFromConfig(SystemBars.java:71)
05-31 04:32:50.548   630   630 W StatusBar:     at com.android.systemui.SystemBars.start(SystemBars.java:42)
05-31 04:32:50.548   630   630 W StatusBar:     at com.android.systemui.SystemUIApplication.startServicesIfNeeded(SystemUIApplication.java:215)
05-31 04:32:50.548   630   630 W StatusBar:     at com.android.systemui.SystemUIApplication.startServicesIfNeeded(SystemUIApplication.java:164)
05-31 04:32:50.548   630   630 W StatusBar:     at com.android.systemui.SystemUIService.onCreate(SystemUIService.java:33)
05-31 04:32:50.548   630   630 W StatusBar:     at android.app.ActivityThread.handleCreateService(ActivityThread.java:3339)
05-31 04:32:50.548   630   630 W StatusBar:     at android.app.ActivityThread.-wrap4(Unknown Source:0)
05-31 04:32:50.548   630   630 W StatusBar:     at android.app.ActivityThread$H.handleMessage(ActivityThread.java:1677)
05-31 04:32:50.548   630   630 W StatusBar:     at android.os.Handler.dispatchMessage(Handler.java:106)
05-31 04:32:50.548   630   630 W StatusBar:     at android.os.Looper.loop(Looper.java:164)
05-31 04:32:50.548   630   630 W StatusBar:     at android.app.ActivityThread.main(ActivityThread.java:6494)
05-31 04:32:50.548   630   630 W StatusBar:     at java.lang.reflect.Method.invoke(Native Method)
05-31 04:32:50.548   630   630 W StatusBar:     at com.android.internal.os.RuntimeInit$MethodAndArgsCaller.run(RuntimeInit.java:438)
05-31 04:32:50.548   630   630 W StatusBar:     at com.android.internal.os.ZygoteInit.main(ZygoteInit.java:807)
05-31 04:32:50.571   630   630 D LocalBluetoothProfileManager: Adding local MAP profile
05-31 04:32:50.572   630   630 D BluetoothMap: Create BluetoothMap proxy object
05-31 04:32:50.572   630   630 E BluetoothMap: Could not bind to Bluetooth MAP Service with Intent { act=android.bluetooth.IBluetoothMap }
05-31 04:32:50.573   630   630 E BluetoothPbap: Could not bind to Bluetooth Pbap Service with Intent { act=android.bluetooth.IBluetoothPbap }
05-31 04:32:50.574   630   630 D LocalBluetoothProfileManager: LocalBluetoothProfileManager construction complete
05-31 04:32:50.610   630   630 I StatusBar: isKeyguardShowing() called before startKeyguard(), returning true
05-31 04:32:50.612   630   630 W StatusBar: isKeyguardSecure() called before startKeyguard(), returning false
05-31 04:32:50.612   630   630 W StatusBar: java.lang.Throwable
05-31 04:32:50.612   630   630 W StatusBar:     at com.android.systemui.statusbar.phone.StatusBar.isKeyguardSecure(StatusBar.java:7551)
05-31 04:32:50.612   630   630 W StatusBar:     at com.android.systemui.statusbar.phone.StatusBar.isCameraAllowedByAdmin(StatusBar.java:5436)
05-31 04:32:50.612   630   630 W StatusBar:     at com.android.systemui.statusbar.phone.KeyguardBottomAreaView$DefaultRightButton.getIcon(KeyguardBottomAreaView.java:856)
05-31 04:32:50.612   630   630 W StatusBar:     at com.android.systemui.statusbar.phone.KeyguardBottomAreaView.updateCameraVisibility(KeyguardBottomAreaView.java:382)
05-31 04:32:50.612   630   630 W StatusBar:     at com.android.systemui.statusbar.phone.KeyguardBottomAreaView.setUserSetupComplete(KeyguardBottomAreaView.java:360)
05-31 04:32:50.612   630   630 W StatusBar:     at com.android.systemui.statusbar.phone.NotificationPanelView.setUserSetupComplete(NotificationPanelView.java:2656)
05-31 04:32:50.612   630   630 W StatusBar:     at com.android.systemui.statusbar.phone.StatusBar$1.onUserSetupChanged(StatusBar.java:524)
05-31 04:32:50.612   630   630 W StatusBar:     at com.android.systemui.statusbar.policy.DeviceProvisionedControllerImpl.addCallback(DeviceProvisionedControllerImpl.java:69)
05-31 04:32:50.612   630   630 W StatusBar:     at com.android.systemui.statusbar.policy.DeviceProvisionedControllerImpl.addCallback(DeviceProvisionedControllerImpl.java:63)
05-31 04:32:50.612   630   630 W StatusBar:     at com.android.systemui.statusbar.phone.StatusBar.makeStatusBarView(StatusBar.java:1252)
05-31 04:32:50.612   630   630 W StatusBar:     at com.android.systemui.statusbar.phone.StatusBar.addStatusBarWindow(StatusBar.java:3664)
05-31 04:32:50.612   630   630 W StatusBar:     at com.android.systemui.statusbar.phone.StatusBar.createAndAddWindows(StatusBar.java:3660)
05-31 04:32:50.612   630   630 W StatusBar:     at com.android.systemui.statusbar.phone.StatusBar.start(StatusBar.java:889)
05-31 04:32:50.612   630   630 W StatusBar:     at com.android.systemui.SystemBars.createStatusBarFromConfig(SystemBars.java:71)
05-31 04:32:50.612   630   630 W StatusBar:     at com.android.systemui.SystemBars.start(SystemBars.java:42)
05-31 04:32:50.612   630   630 W StatusBar:     at com.android.systemui.SystemUIApplication.startServicesIfNeeded(SystemUIApplication.java:215)
05-31 04:32:50.612   630   630 W StatusBar:     at com.android.systemui.SystemUIApplication.startServicesIfNeeded(SystemUIApplication.java:164)
05-31 04:32:50.612   630   630 W StatusBar:     at com.android.systemui.SystemUIService.onCreate(SystemUIService.java:33)
05-31 04:32:50.612   630   630 W StatusBar:     at android.app.ActivityThread.handleCreateService(ActivityThread.java:3339)
05-31 04:32:50.612   630   630 W StatusBar:     at android.app.ActivityThread.-wrap4(Unknown Source:0)
05-31 04:32:50.612   630   630 W StatusBar:     at android.app.ActivityThread$H.handleMessage(ActivityThread.java:1677)
05-31 04:32:50.612   630   630 W StatusBar:     at android.os.Handler.dispatchMessage(Handler.java:106)
05-31 04:32:50.612   630   630 W StatusBar:     at android.os.Looper.loop(Looper.java:164)
05-31 04:32:50.612   630   630 W StatusBar:     at android.app.ActivityThread.main(ActivityThread.java:6494)
05-31 04:32:50.612   630   630 W StatusBar:     at java.lang.reflect.Method.invoke(Native Method)
05-31 04:32:50.612   630   630 W StatusBar:     at com.android.internal.os.RuntimeInit$MethodAndArgsCaller.run(RuntimeInit.java:438)
05-31 04:32:50.612   630   630 W StatusBar:     at com.android.internal.os.ZygoteInit.main(ZygoteInit.java:807)
05-31 04:32:50.613   630   906 D OpenGLRenderer: profile bars disabled
05-31 04:32:50.614   630   906 D OpenGLRenderer: ambientRatio = 1.50
05-31 04:32:50.620   630   630 D StatusBar: disable<e i a s b h r c s q >
05-31 04:32:50.644   630   630 D StatusBar: heads up is enabled
05-31 04:32:50.654   630   915 E ActivityThread: Failed to find provider info for com.android.contacts
05-31 04:32:50.659   630   630 D SystemUIBootTiming: StartServicesSystemBars took to complete: 387ms
05-31 04:32:50.664   630   630 D StorageNotification: Notifying about private volume: VolumeInfo{private}:
05-31 04:32:50.664   630   630 D StorageNotification:     type=PRIVATE diskId=null partGuid=null mountFlags=0 mountUserId=-1 
05-31 04:32:50.664   630   630 D StorageNotification:     state=MOUNTED 
05-31 04:32:50.664   630   630 D StorageNotification:     fsType=null fsUuid=null fsLabel=null 
05-31 04:32:50.664   630   630 D StorageNotification:     path=/data internalPath=null 
05-31 04:32:50.667   630   630 D SystemUIBootTiming: StartServicesStorageNotification took to complete: 8ms
05-31 04:32:50.675   470   482 E PowerManagerService: Failed to read last_reboot_reason file
05-31 04:32:50.675   470   482 E PowerManagerService: java.io.FileNotFoundException: /data/misc/reboot/last_reboot_reason (No such file or directory)
05-31 04:32:50.675   470   482 E PowerManagerService:   at java.io.FileInputStream.open0(Native Method)
05-31 04:32:50.675   470   482 E PowerManagerService:   at java.io.FileInputStream.open(FileInputStream.java:200)
05-31 04:32:50.675   470   482 E PowerManagerService:   at java.io.FileInputStream.<init>(FileInputStream.java:150)
05-31 04:32:50.675   470   482 E PowerManagerService:   at java.io.FileReader.<init>(FileReader.java:72)
05-31 04:32:50.675   470   482 E PowerManagerService:   at com.android.server.power.PowerManagerService.getLastShutdownReasonInternal(PowerManagerService.java:4651)
05-31 04:32:50.675   470   482 E PowerManagerService:   at com.android.server.power.PowerManagerService$BinderService.getLastShutdownReason(PowerManagerService.java:4408)
05-31 04:32:50.675   470   482 E PowerManagerService:   at android.os.IPowerManager$Stub.onTransact(IPowerManager.java:302)
05-31 04:32:50.675   470   482 E PowerManagerService:   at android.os.Binder.execTransact(Binder.java:697)
05-31 04:32:50.676   630   630 D SystemUIBootTiming: StartServicesPowerUI took to complete: 8ms
05-31 04:32:50.678   630   630 D SystemUIBootTiming: StartServicesRingtonePlayer took to complete: 2ms
05-31 04:32:50.679   630   630 D SystemUIBootTiming: StartServicesKeyboardUI took to complete: 1ms
05-31 04:32:50.696   630   630 D SystemUIBootTiming: StartServicesPipUI took to complete: 17ms
05-31 04:32:50.698   630   630 D SystemUIBootTiming: StartServicesShortcutKeyDispatcher took to complete: 2ms
05-31 04:32:50.698   630   630 D SystemUIBootTiming: StartServicesVendorServices took to complete: 0ms
05-31 04:32:50.699   630   630 D SystemUIBootTiming: StartServicesService took to complete: 0ms
05-31 04:32:50.700   630   630 D SystemUIBootTiming: StartServicesLatencyTester took to complete: 1ms
05-31 04:32:50.702   630   630 D SystemUIBootTiming: StartServicesGlobalActionsComponent took to complete: 2ms
05-31 04:32:50.705   630   630 D SystemUIBootTiming: StartServicesRoundedCorners took to complete: 3ms
05-31 04:32:50.705   630   630 D SystemUIBootTiming: StartServices took to complete: 1048ms
05-31 04:32:50.747   470   547 I InputReader: Reconfiguring input devices.  changes=0x00000004
05-31 04:32:50.764   470   547 I InputReader: Reconfiguring input devices.  changes=0x00000004
05-31 04:32:50.766   273   273 I [Gralloc]: Got fd 16 for handle 1
05-31 04:32:50.767   630   906 I mali_so : [File] : hardware/arm/maliT760/driver/product/base/src/mali_base_kbase.c; [Line] : 947; [Func] : base_context_deal_with_version_affairs_rk_ext;
05-31 04:32:50.767   630   906 I mali_so : arm_release_ver of this mali_so is 'r18p0-01rel0', rk_so_ver is '11@0'.
05-31 04:32:50.767   273   273 I [Gralloc]: leave, w : 1920, h : 68, format : 0x1,internal_format : 0x1, usage : 0x900. size=522240,pixel_stride=1920,byte_stride=7680
05-31 04:32:50.767   273   273 I [Gralloc]: leave: prime_fd=16,share_attr_fd=17
05-31 04:32:50.767   630   906 I mali_so : [File] : hardware/arm/maliT760/driver/product/base/src/mali_base_kbase.c; [Line] : 914; [Func] : determine_policy_against_patch_for_sf_memory_leak;
05-31 04:32:50.767   630   906 I mali_so : cmdline : com.android.systemui, we should GO THROUGH patch_for_sf_memory_leak.
05-31 04:32:50.767   630   906 D mali_so : [File] : hardware/arm/maliT760/driver/product/base/src/mali_base_kbase.c; [Line] : 955; [Func] : base_context_deal_with_version_affairs_rk_ext;
05-31 04:32:50.767   630   906 D mali_so : current process is NOT sf, to bail out.
05-31 04:32:50.767   282   854 I [Gralloc]: Got handle 11 for fd 89
05-31 04:32:50.767   282   854 I [Gralloc]: leave, w : 1920, h : 68, format : 0x1,internal_format : 0x1, usage : 0x900. size=522240,pixel_stride=1920,byte_stride=7680
05-31 04:32:50.767   282   854 I [Gralloc]: leave: prime_fd=89,share_attr_fd=90
05-31 04:32:50.769   273   273 I [Gralloc]: Got fd 16 for handle 1
05-31 04:32:50.769   273   273 I [Gralloc]: leave, w : 1920, h : 68, format : 0x1,internal_format : 0x1, usage : 0x900. size=522240,pixel_stride=1920,byte_stride=7680
05-31 04:32:50.769   273   273 I [Gralloc]: leave: prime_fd=16,share_attr_fd=17
05-31 04:32:50.770   282   854 I [Gralloc]: Got handle 12 for fd 92
05-31 04:32:50.770   282   854 I [Gralloc]: leave, w : 1920, h : 68, format : 0x1,internal_format : 0x1, usage : 0x900. size=522240,pixel_stride=1920,byte_stride=7680
05-31 04:32:50.770   282   854 I [Gralloc]: leave: prime_fd=92,share_attr_fd=93
05-31 04:32:50.771   273   273 I [Gralloc]: Got fd 16 for handle 1
05-31 04:32:50.771   273   273 I [Gralloc]: leave, w : 1920, h : 68, format : 0x1,internal_format : 0x1, usage : 0x900. size=522240,pixel_stride=1920,byte_stride=7680
05-31 04:32:50.771   273   273 I [Gralloc]: leave: prime_fd=16,share_attr_fd=17
05-31 04:32:50.772   282   854 I [Gralloc]: Got handle 13 for fd 95
05-31 04:32:50.772   282   854 I [Gralloc]: leave, w : 1920, h : 68, format : 0x1,internal_format : 0x1, usage : 0x900. size=522240,pixel_stride=1920,byte_stride=7680
05-31 04:32:50.772   282   854 I [Gralloc]: leave: prime_fd=95,share_attr_fd=96
05-31 04:32:50.773   273   273 I [Gralloc]: Got fd 16 for handle 1
05-31 04:32:50.773   273   273 I [Gralloc]: leave, w : 1920, h : 68, format : 0x1,internal_format : 0x1, usage : 0x900. size=522240,pixel_stride=1920,byte_stride=7680
05-31 04:32:50.773   273   273 I [Gralloc]: leave: prime_fd=16,share_attr_fd=17
05-31 04:32:50.773   282   854 I [Gralloc]: Got handle 14 for fd 98
05-31 04:32:50.774   282   854 I [Gralloc]: leave, w : 1920, h : 68, format : 0x1,internal_format : 0x1, usage : 0x900. size=522240,pixel_stride=1920,byte_stride=7680
05-31 04:32:50.774   282   854 I [Gralloc]: leave: prime_fd=98,share_attr_fd=99
05-31 04:32:50.776   630   630 D ViewRootImpl[StatusBar]: changeCanvasOpacity: opaque=true
05-31 04:32:50.776   630   906 I com.android.systemui: android::hardware::configstore::V1_0::ISurfaceFlingerConfigs::hasWideColorDisplay retrieved: 0
05-31 04:32:50.777   630   906 I OpenGLRenderer: Initialized EGL, version 1.4
05-31 04:32:50.777   630   906 D OpenGLRenderer: Swap behavior 2
05-31 04:32:50.786   630   906 D mali_winsys: EGLint new_window_surface(egl_winsys_display *, void *, EGLSurface, EGLConfig, egl_winsys_surface **, egl_color_buffer_format *, EGLBoolean) returns 0x3000
05-31 04:32:50.831   630   934 E ActivityThread: Failed to find provider info for com.android.contacts
05-31 04:32:50.846   630   936 E ActivityThread: Failed to find provider info for com.android.contacts
05-31 04:32:50.877   273   273 I [Gralloc]: Got fd 16 for handle 1
05-31 04:32:50.877   273   273 I [Gralloc]: leave, w : 1920, h : 34, format : 0x1,internal_format : 0x1, usage : 0x900. size=261120,pixel_stride=1920,byte_stride=7680
05-31 04:32:50.877   273   273 I [Gralloc]: leave: prime_fd=16,share_attr_fd=17
05-31 04:32:50.877   282   854 I [Gralloc]: Got handle 15 for fd 59
05-31 04:32:50.877   282   854 I [Gralloc]: leave, w : 1920, h : 34, format : 0x1,internal_format : 0x1, usage : 0x900. size=261120,pixel_stride=1920,byte_stride=7680
05-31 04:32:50.877   282   854 I [Gralloc]: leave: prime_fd=59,share_attr_fd=87
05-31 04:32:50.878   273   273 I [Gralloc]: Got fd 16 for handle 1
05-31 04:32:50.879   273   273 I [Gralloc]: leave, w : 1920, h : 34, format : 0x1,internal_format : 0x1, usage : 0x900. size=261120,pixel_stride=1920,byte_stride=7680
05-31 04:32:50.879   273   273 I [Gralloc]: leave: prime_fd=16,share_attr_fd=17
05-31 04:32:50.879   282   854 I [Gralloc]: Got handle 16 for fd 102
05-31 04:32:50.879   282   854 I [Gralloc]: leave, w : 1920, h : 34, format : 0x1,internal_format : 0x1, usage : 0x900. size=261120,pixel_stride=1920,byte_stride=7680
05-31 04:32:50.879   282   854 I [Gralloc]: leave: prime_fd=102,share_attr_fd=103
05-31 04:32:50.880   273   273 I [Gralloc]: Got fd 16 for handle 1
05-31 04:32:50.880   273   273 I [Gralloc]: leave, w : 1920, h : 34, format : 0x1,internal_format : 0x1, usage : 0x900. size=261120,pixel_stride=1920,byte_stride=7680
05-31 04:32:50.880   273   273 I [Gralloc]: leave: prime_fd=16,share_attr_fd=17
05-31 04:32:50.880   282   854 I [Gralloc]: Got handle 17 for fd 105
05-31 04:32:50.880   282   854 I [Gralloc]: leave, w : 1920, h : 34, format : 0x1,internal_format : 0x1, usage : 0x900. size=261120,pixel_stride=1920,byte_stride=7680
05-31 04:32:50.880   282   854 I [Gralloc]: leave: prime_fd=105,share_attr_fd=106
05-31 04:32:50.881   273   273 I [Gralloc]: Got fd 16 for handle 1
05-31 04:32:50.881   273   273 I [Gralloc]: leave, w : 1920, h : 34, format : 0x1,internal_format : 0x1, usage : 0x900. size=261120,pixel_stride=1920,byte_stride=7680
05-31 04:32:50.881   273   273 I [Gralloc]: leave: prime_fd=16,share_attr_fd=17
05-31 04:32:50.881   282   854 I [Gralloc]: Got handle 18 for fd 108
05-31 04:32:50.881   282   854 I [Gralloc]: leave, w : 1920, h : 34, format : 0x1,internal_format : 0x1, usage : 0x900. size=261120,pixel_stride=1920,byte_stride=7680
05-31 04:32:50.881   282   854 I [Gralloc]: leave: prime_fd=108,share_attr_fd=109
05-31 04:32:50.882   630   906 D mali_winsys: EGLint new_window_surface(egl_winsys_display *, void *, EGLSurface, EGLConfig, egl_winsys_surface **, egl_color_buffer_format *, EGLBoolean) returns 0x3000
05-31 04:32:50.886   470   547 I InputReader: Reconfiguring input devices.  changes=0x00000004
05-31 04:32:50.891   470   547 I InputReader: Reconfiguring input devices.  changes=0x00000004
05-31 04:32:50.899   470   557 D WifiService: New client listening to asynchronous messages
05-31 04:32:50.962   630   635 I zygote64: Do partial code cache collection, code=27KB, data=25KB
05-31 04:32:50.962   630   635 I zygote64: After code cache collection, code=27KB, data=25KB
05-31 04:32:50.962   630   635 I zygote64: Increasing code cache capacity to 128KB
05-31 04:32:51.023   470   588 D DhcpClient: Broadcasting DHCPDISCOVER
05-31 04:32:51.064   470   493 D EthernetNetworkFactory: interfaceLinkStateChanged: eth0
05-31 04:32:51.064   470   580 D EthernetNetworkFactory: updateInterface: eth0 link down
05-31 04:32:51.064   470   580 D EthernetNetworkFactory: sendEthernetStateChangedBroadcast: curState = DISCONNECTING
05-31 04:32:51.065   402   437 D CommandListener: Clearing all IP addresses on eth0
05-31 04:32:51.067   470   580 D EthernetNetworkFactory: sendEthernetStateChangedBroadcast: curState = DISCONNECTED
05-31 04:32:51.068   470   585 D DhcpClient: doQuit
05-31 04:32:51.070   470   590 D DhcpClient: Receive thread stopped
05-31 04:32:51.083   470   588 D DhcpClient: onQuitting
05-31 04:32:51.144   630   630 V StatusBar/NavBarView: PW=1920, PH=1080
05-31 04:32:51.167   630   630 W StatusBar/NavBarView: NBV updateRotatedViews mVertical= true, change rot0 rot90
05-31 04:32:51.203   401   843 I NuPlayerDecoder: [audio] saw output EOS
05-31 04:32:51.204   401   842 D AudioTrack: stop() called with 55902 frames delivered
05-31 04:32:51.217   630   635 I zygote64: Do partial code cache collection, code=59KB, data=42KB
05-31 04:32:51.217   630   635 I zygote64: After code cache collection, code=59KB, data=42KB
05-31 04:32:51.217   630   635 I zygote64: Increasing code cache capacity to 256KB
05-31 04:32:51.259   470   732 I ActivityManager: user 0 is still locked. Cannot load recents
05-31 04:32:51.261   630   630 I Choreographer: Skipped 31 frames!  The application may be doing too much work on its main thread.
05-31 04:32:51.292   273   273 I [Gralloc]: Got fd 16 for handle 1
05-31 04:32:51.293   273   273 I [Gralloc]: leave, w : 1920, h : 68, format : 0x1,internal_format : 0x1, usage : 0xb00. size=522240,pixel_stride=1920,byte_stride=7680
05-31 04:32:51.293   273   273 I [Gralloc]: leave: prime_fd=16,share_attr_fd=17
05-31 04:32:51.293   282   854 I [Gralloc]: Got handle 14 for fd 100
05-31 04:32:51.293   282   854 I [Gralloc]: leave, w : 1920, h : 68, format : 0x1,internal_format : 0x1, usage : 0xb00. size=522240,pixel_stride=1920,byte_stride=7680
05-31 04:32:51.293   282   854 I [Gralloc]: leave: prime_fd=100,share_attr_fd=111
05-31 04:32:51.301   630   906 I [Gralloc]: Got handle 1 for fd 90
05-31 04:32:51.301   630   906 I [Gralloc]: leave, w : 1920, h : 68, format : 0x1,internal_format : 0x1, usage : 0xb00. size=522240,pixel_stride=1920,byte_stride=7680
05-31 04:32:51.301   630   906 I [Gralloc]: leave: prime_fd=90,share_attr_fd=91
05-31 04:32:51.319   630   918 D skia    : JPEG Decode 82
05-31 04:32:51.353   273   273 I [Gralloc]: Got fd 16 for handle 1
05-31 04:32:51.353   273   273 I [Gralloc]: leave, w : 1920, h : 34, format : 0x1,internal_format : 0x1, usage : 0xb00. size=261120,pixel_stride=1920,byte_stride=7680
05-31 04:32:51.353   273   273 I [Gralloc]: leave: prime_fd=16,share_attr_fd=17
05-31 04:32:51.353   282   854 I [Gralloc]: Got handle 18 for fd 109
05-31 04:32:51.353   282   854 I [Gralloc]: leave, w : 1920, h : 34, format : 0x1,internal_format : 0x1, usage : 0xb00. size=261120,pixel_stride=1920,byte_stride=7680
05-31 04:32:51.353   282   854 I [Gralloc]: leave: prime_fd=109,share_attr_fd=110
05-31 04:32:51.354   630   906 I [Gralloc]: Got handle 2 for fd 88
05-31 04:32:51.354   630   906 I [Gralloc]: leave, w : 1920, h : 34, format : 0x1,internal_format : 0x1, usage : 0xb00. size=261120,pixel_stride=1920,byte_stride=7680
05-31 04:32:51.354   630   906 I [Gralloc]: leave: prime_fd=88,share_attr_fd=89
05-31 04:32:51.401   273   273 I [Gralloc]: Got fd 16 for handle 1
05-31 04:32:51.401   273   273 I [Gralloc]: leave, w : 1920, h : 68, format : 0x1,internal_format : 0x1, usage : 0xb00. size=522240,pixel_stride=1920,byte_stride=7680
05-31 04:32:51.401   273   273 I [Gralloc]: leave: prime_fd=16,share_attr_fd=17
05-31 04:32:51.401   282   854 I [Gralloc]: Got handle 13 for fd 96
05-31 04:32:51.401   282   854 I [Gralloc]: leave, w : 1920, h : 68, format : 0x1,internal_format : 0x1, usage : 0xb00. size=522240,pixel_stride=1920,byte_stride=7680
05-31 04:32:51.401   282   854 I [Gralloc]: leave: prime_fd=96,share_attr_fd=97
05-31 04:32:51.402   282   381 E BufferQueueProducer: [BootAnimation#0] disconnect: not connected (req=1)
05-31 04:32:51.402   630   906 I [Gralloc]: Got handle 3 for fd 95
05-31 04:32:51.402   630   906 I [Gralloc]: leave, w : 1920, h : 68, format : 0x1,internal_format : 0x1, usage : 0xb00. size=522240,pixel_stride=1920,byte_stride=7680
05-31 04:32:51.402   630   906 I [Gralloc]: leave: prime_fd=95,share_attr_fd=96
05-31 04:32:51.402   340   361 W libEGL  : EGLNativeWindowType 0x7755c3b010 disconnect failed
05-31 04:32:51.431   273   273 I [Gralloc]: Got fd 16 for handle 1
05-31 04:32:51.431   273   273 I [Gralloc]: leave, w : 1920, h : 34, format : 0x1,internal_format : 0x1, usage : 0xb00. size=261120,pixel_stride=1920,byte_stride=7680
05-31 04:32:51.431   273   273 I [Gralloc]: leave: prime_fd=16,share_attr_fd=17
05-31 04:32:51.431   282   854 I [Gralloc]: Got handle 1 for fd 33
05-31 04:32:51.431   282   854 I [Gralloc]: leave, w : 1920, h : 34, format : 0x1,internal_format : 0x1, usage : 0xb00. size=261120,pixel_stride=1920,byte_stride=7680
05-31 04:32:51.431   282   854 I [Gralloc]: leave: prime_fd=33,share_attr_fd=43
05-31 04:32:51.432   630   906 I [Gralloc]: Got handle 4 for fd 98
05-31 04:32:51.432   630   906 I [Gralloc]: leave, w : 1920, h : 34, format : 0x1,internal_format : 0x1, usage : 0xb00. size=261120,pixel_stride=1920,byte_stride=7680
05-31 04:32:51.432   630   906 I [Gralloc]: leave: prime_fd=98,share_attr_fd=99
05-31 04:32:51.434   274   274 I [Gralloc]: Got handle 1 for fd 47
05-31 04:32:51.434   274   274 I [Gralloc]: leave, w : 1920, h : 1080, format : 0x1,internal_format : 0x1, usage : 0xb00. size=8294400,pixel_stride=1920,byte_stride=7680
05-31 04:32:51.434   274   274 I [Gralloc]: leave: prime_fd=47,share_attr_fd=48
05-31 04:32:51.434   274   274 I [Gralloc]: Got handle 5 for fd 62
05-31 04:32:51.434   274   274 I [Gralloc]: leave, w : 1920, h : 34, format : 0x1,internal_format : 0x1, usage : 0xb00. size=261120,pixel_stride=1920,byte_stride=7680
05-31 04:32:51.434   274   274 I [Gralloc]: leave: prime_fd=62,share_attr_fd=63
05-31 04:32:51.434   274   274 I [Gralloc]: Got handle 7 for fd 66
05-31 04:32:51.434   274   274 I [Gralloc]: leave, w : 1920, h : 68, format : 0x1,internal_format : 0x1, usage : 0xb00. size=522240,pixel_stride=1920,byte_stride=7680
05-31 04:32:51.434   274   274 I [Gralloc]: leave: prime_fd=66,share_attr_fd=67
05-31 04:32:51.447   274   274 I [Gralloc]: Got handle 8 for fd 74
05-31 04:32:51.447   274   274 I [Gralloc]: leave, w : 1920, h : 34, format : 0x1,internal_format : 0x1, usage : 0xb00. size=261120,pixel_stride=1920,byte_stride=7680
05-31 04:32:51.447   274   274 I [Gralloc]: leave: prime_fd=74,share_attr_fd=75
05-31 04:32:51.458   273   273 I [Gralloc]: Got fd 16 for handle 1
05-31 04:32:51.459   273   273 I [Gralloc]: leave, w : 1920, h : 1920, format : 0x2,internal_format : 0x2, usage : 0x933. size=14745600,pixel_stride=1920,byte_stride=7680
05-31 04:32:51.459   273   273 I [Gralloc]: leave: prime_fd=16,share_attr_fd=17
05-31 04:32:51.459   282   854 I [Gralloc]: Got handle 2 for fd 99
05-31 04:32:51.459   282   854 I [Gralloc]: leave, w : 1920, h : 1920, format : 0x2,internal_format : 0x2, usage : 0x933. size=14745600,pixel_stride=1920,byte_stride=7680
05-31 04:32:51.459   282   854 I [Gralloc]: leave: prime_fd=99,share_attr_fd=105
05-31 04:32:51.460   630   630 I [Gralloc]: Got handle 5 for fd 101
05-31 04:32:51.460   630   630 I [Gralloc]: leave, w : 1920, h : 1920, format : 0x2,internal_format : 0x2, usage : 0x933. size=14745600,pixel_stride=1920,byte_stride=7680
05-31 04:32:51.460   630   630 I [Gralloc]: leave: prime_fd=101,share_attr_fd=102
05-31 04:32:51.467   278   278 I SensorsHal: set batch: handle = 0, period_ns = 66667000ns, timeout = 100000000ns
05-31 04:32:51.467   278   278 D SensorsHal: Couldn't open /dev/mma8452_daemon (No such file or directory)
05-31 04:32:51.467   278   278 I SensorsHal: MmaSensor update delay: 66ms
05-31 04:32:51.467   278   278 E SensorsHal: fail to perform GSENSOR_IOCTL_APP_SET_RATE, result = -1, error is 'Bad file descriptor'
05-31 04:32:51.468   470   486 E SensorService: sensor batch failed 0x7cbf01d960 0x00000000 66667000 100000000 err=Operation not permitted
05-31 04:32:51.468   278   278 I SensorsHal: set batch: handle = 0, period_ns = 66667000ns, timeout = 0ns
05-31 04:32:51.468   278   278 D SensorsHal: Couldn't open /dev/mma8452_daemon (No such file or directory)
05-31 04:32:51.468   278   278 I SensorsHal: MmaSensor update delay: 66ms
05-31 04:32:51.468   278   278 E SensorsHal: fail to perform GSENSOR_IOCTL_APP_SET_RATE, result = -1, error is 'Bad file descriptor'
05-31 04:32:51.468   470   486 E SensorService: sensor batch failed 0x7cbf01d960 0x00000000 66667000 0 err=Operation not permitted
05-31 04:32:51.496   273   273 I [Gralloc]: Got fd 16 for handle 1
05-31 04:32:51.496   273   273 I [Gralloc]: leave, w : 1920, h : 68, format : 0x1,internal_format : 0x1, usage : 0xb00. size=522240,pixel_stride=1920,byte_stride=7680
05-31 04:32:51.497   273   273 I [Gralloc]: leave: prime_fd=16,share_attr_fd=17
05-31 04:32:51.497   282   854 I [Gralloc]: Got handle 5 for fd 37
05-31 04:32:51.497   282   854 I [Gralloc]: leave, w : 1920, h : 68, format : 0x1,internal_format : 0x1, usage : 0xb00. size=522240,pixel_stride=1920,byte_stride=7680
05-31 04:32:51.497   282   854 I [Gralloc]: leave: prime_fd=37,share_attr_fd=38
05-31 04:32:51.498   630   906 I [Gralloc]: Got handle 6 for fd 104
05-31 04:32:51.498   274   274 I [Gralloc]: Got handle 3 for fd 33
05-31 04:32:51.498   274   274 I [Gralloc]: leave, w : 1920, h : 1920, format : 0x2,internal_format : 0x2, usage : 0x933. size=14745600,pixel_stride=1920,byte_stride=7680
05-31 04:32:51.498   274   274 I [Gralloc]: leave: prime_fd=33,share_attr_fd=34
05-31 04:32:51.499   630   906 I [Gralloc]: leave, w : 1920, h : 68, format : 0x1,internal_format : 0x1, usage : 0xb00. size=522240,pixel_stride=1920,byte_stride=7680
05-31 04:32:51.499   630   906 I [Gralloc]: leave: prime_fd=104,share_attr_fd=105
05-31 04:32:51.503   273   273 I [Gralloc]: Got fd 16 for handle 1
05-31 04:32:51.503   273   273 I [Gralloc]: leave, w : 1920, h : 34, format : 0x1,internal_format : 0x1, usage : 0xb00. size=261120,pixel_stride=1920,byte_stride=7680
05-31 04:32:51.503   273   273 I [Gralloc]: leave: prime_fd=16,share_attr_fd=17
05-31 04:32:51.503   282   381 I [Gralloc]: Got handle 12 for fd 29
05-31 04:32:51.503   282   381 I [Gralloc]: leave, w : 1920, h : 34, format : 0x1,internal_format : 0x1, usage : 0xb00. size=261120,pixel_stride=1920,byte_stride=7680
05-31 04:32:51.503   282   381 I [Gralloc]: leave: prime_fd=29,share_attr_fd=32
05-31 04:32:51.504   630   906 I [Gralloc]: Got handle 7 for fd 107
05-31 04:32:51.504   630   906 I [Gralloc]: leave, w : 1920, h : 34, format : 0x1,internal_format : 0x1, usage : 0xb00. size=261120,pixel_stride=1920,byte_stride=7680
05-31 04:32:51.504   630   906 I [Gralloc]: leave: prime_fd=107,share_attr_fd=108
05-31 04:32:51.509   273   273 I [Gralloc]: Got fd 16 for handle 1
05-31 04:32:51.509   273   273 I [Gralloc]: leave, w : 1920, h : 34, format : 0x1,internal_format : 0x1, usage : 0xb00. size=261120,pixel_stride=1920,byte_stride=7680
05-31 04:32:51.509   273   273 I [Gralloc]: leave: prime_fd=16,share_attr_fd=17
05-31 04:32:51.509   282   381 I [Gralloc]: Got handle 15 for fd 102
05-31 04:32:51.509   282   381 I [Gralloc]: leave, w : 1920, h : 34, format : 0x1,internal_format : 0x1, usage : 0xb00. size=261120,pixel_stride=1920,byte_stride=7680
05-31 04:32:51.509   282   381 I [Gralloc]: leave: prime_fd=102,share_attr_fd=103
05-31 04:32:51.510   630   906 I [Gralloc]: Got handle 8 for fd 110
