05-31 04:33:00.917  1828  1840 I com.google.android.gms.unstable: android::hardware::configstore::V1_0::ISurfaceFlingerConfigs::hasWideColorDisplay retrieved: 0
05-31 04:33:01.003   989  1851 W NearbyMessages: LocationProvider returns null
05-31 04:33:01.020   989  1865 I BeaconBle: Scan canceled successfully.
05-31 04:33:01.077  1519  1519 I CastSocket: 27 >= 18. Adding new CastClientAuthKeyManager.
05-31 04:33:01.081   470   734 I WifiService: startScan uid=10002
05-31 04:33:01.093  1519  1519 V MediaRouter: Adding route: RouteInfo{ name=Tablet, description=null, status=null, category=RouteCategory{ name=System types=ROUTE_TYPE_LIVE_AUDIO ROUTE_TYPE_LIVE_VIDEO  groupable=false }, supportedTypes=ROUTE_TYPE_LIVE_AUDIO ROUTE_TYPE_LIVE_VIDEO , presentationDisplay=null }
05-31 04:33:01.096  1519  1519 V MediaRouter: Selecting route: RouteInfo{ name=Tablet, description=null, status=null, category=RouteCategory{ name=System types=ROUTE_TYPE_LIVE_AUDIO ROUTE_TYPE_LIVE_VIDEO  groupable=false }, supportedTypes=ROUTE_TYPE_LIVE_AUDIO ROUTE_TYPE_LIVE_VIDEO , presentationDisplay=null }
05-31 04:33:01.096  1519  1524 I zygote64: Do full code cache collection, code=126KB, data=90KB
05-31 04:33:01.097  1519  1524 I zygote64: After code cache collection, code=119KB, data=72KB
05-31 04:33:01.098  1519  1519 I MediaRouter: Found default route: MediaRouter.RouteInfo{ uniqueId=android/acf:DEFAULT_ROUTE, name=Tablet, description=null, iconUri=null, enabled=true, connecting=false, connectionState=0, canDisconnect=false, playbackType=0, playbackStream=3, deviceType=0, volumeHandling=1, volume=5, volumeMax=15, presentationDisplayId=-1, extras=null, settingsIntent=null, providerPackageName=android }
05-31 04:33:01.098  1519  1519 I MediaRouter: Unselecting the current route because it is no longer selectable: null
05-31 04:33:01.111  1519  1519 V MediaRouter: Selecting route: RouteInfo{ name=Tablet, description=null, status=null, category=RouteCategory{ name=System types=ROUTE_TYPE_LIVE_AUDIO ROUTE_TYPE_LIVE_VIDEO  groupable=false }, supportedTypes=ROUTE_TYPE_LIVE_AUDIO ROUTE_TYPE_LIVE_VIDEO , presentationDisplay=null }
05-31 04:33:01.111  1519  1685 I CheckinUtil: Classify the device as Tablet.
05-31 04:33:01.122   470   734 I WifiService: getWifiEnabledState uid=10002
05-31 04:33:01.201   989  1710 E NetworkScheduler: Trying to release unacquired lock: CLIENT_LIB
05-31 04:33:01.218   989  1710 E NetworkScheduler: Trying to release unacquired lock: CLIENT_LIB
05-31 04:33:01.224  1519  1685 I ProcessCheckinRequest: cookie is null
05-31 04:33:01.231  1519  1685 E ProcessCheckinRequest: CheckinNowTaskTag : Checkin failed: https://android.clients.google.com/checkin (request #0): java.net.UnknownHostException: Unable to resolve host "android.clients.google.com": No address associated with hostname
05-31 04:33:01.231   989  1710 E NetworkScheduler: Trying to release unacquired lock: CLIENT_LIB
05-31 04:33:01.356   989  1710 I chatty  : uid=10002(com.google.android.gms) netscheduler-qu identical 12 lines
05-31 04:33:01.364   989  1710 E NetworkScheduler: Trying to release unacquired lock: CLIENT_LIB
05-31 04:33:01.370   989   997 I zygote64: Do partial code cache collection, code=124KB, data=81KB
05-31 04:33:01.370   989   997 I zygote64: After code cache collection, code=120KB, data=79KB
05-31 04:33:01.370   989   997 I zygote64: Increasing code cache capacity to 512KB
05-31 04:33:01.371   989  1710 E NetworkScheduler: Trying to release unacquired lock: CLIENT_LIB
05-31 04:33:01.419   989  1710 I chatty  : uid=10002(com.google.android.gms) netscheduler-qu identical 5 lines
05-31 04:33:01.431   989  1710 E NetworkScheduler: Trying to release unacquired lock: CLIENT_LIB
05-31 04:33:01.445   989  1629 E GCM     : Missing checkin config file
05-31 04:33:01.449   989  1710 E NetworkScheduler: Trying to release unacquired lock: CLIENT_LIB
05-31 04:33:01.458   989  1629 W GCM     : GCM FAILED TO INITIALIZE - missing checkin
05-31 04:33:01.460   989  1710 E NetworkScheduler: Trying to release unacquired lock: CLIENT_LIB
05-31 04:33:01.464   989  1815 E GcmPushIntentOperation: Failed to subscribe to GCM: com.google.android.gms.people
05-31 04:33:01.464   989  1815 E GcmPushIntentOperation: java.io.IOException: AUTHENTICATION_FAILED
05-31 04:33:01.464   989  1815 E GcmPushIntentOperation:        at vpa.b(:com.google.android.gms@11976940:39)
05-31 04:33:01.464   989  1815 E GcmPushIntentOperation:        at vpa.a(:com.google.android.gms@11976940:47)
05-31 04:33:01.464   989  1815 E GcmPushIntentOperation:        at vox.b(:com.google.android.gms@11976940:11)
05-31 04:33:01.464   989  1815 E GcmPushIntentOperation:        at vox.a(:com.google.android.gms@11976940:29)
05-31 04:33:01.464   989  1815 E GcmPushIntentOperation:        at com.google.android.gms.phenotype.gcmpush.GcmPushIntentOperation.a(:com.google.android.gms@11976940:13)
05-31 04:33:01.464   989  1815 E GcmPushIntentOperation:        at com.google.android.gms.phenotype.gcmpush.GcmPushIntentOperation.onHandleIntent(:com.google.android.gms@11976940:6)
05-31 04:33:01.464   989  1815 E GcmPushIntentOperation:        at com.google.android.chimera.IntentOperation.onHandleIntent(:com.google.android.gms@11976940:2)
05-31 04:33:01.464   989  1815 E GcmPushIntentOperation:        at crw.run(:com.google.android.gms@11976940:10)
05-31 04:33:01.464   989  1815 E GcmPushIntentOperation:        at crt.run(:com.google.android.gms@11976940:9)
05-31 04:33:01.464   989  1815 E GcmPushIntentOperation:        at java.util.concurrent.ThreadPoolExecutor.runWorker(ThreadPoolExecutor.java:1162)
05-31 04:33:01.464   989  1815 E GcmPushIntentOperation:        at java.util.concurrent.ThreadPoolExecutor$Worker.run(ThreadPoolExecutor.java:636)
05-31 04:33:01.464   989  1815 E GcmPushIntentOperation:        at java.lang.Thread.run(Thread.java:764)
05-31 04:33:01.480   989  1635 E GCM     : Missing checkin config file
05-31 04:33:01.481   989  1635 W GCM     : GCM FAILED TO INITIALIZE - missing checkin
05-31 04:33:01.482   989  1815 E GcmPushIntentOperation: Failed to subscribe to GCM: com.google.android.gms.people.ui
05-31 04:33:01.482   989  1815 E GcmPushIntentOperation: java.io.IOException: AUTHENTICATION_FAILED
05-31 04:33:01.482   989  1815 E GcmPushIntentOperation:        at vpa.b(:com.google.android.gms@11976940:39)
05-31 04:33:01.482   989  1815 E GcmPushIntentOperation:        at vpa.a(:com.google.android.gms@11976940:46)
05-31 04:33:01.482   989  1815 E GcmPushIntentOperation:        at vox.b(:com.google.android.gms@11976940:11)
05-31 04:33:01.482   989  1815 E GcmPushIntentOperation:        at vox.a(:com.google.android.gms@11976940:29)
05-31 04:33:01.482   989  1815 E GcmPushIntentOperation:        at com.google.android.gms.phenotype.gcmpush.GcmPushIntentOperation.a(:com.google.android.gms@11976940:13)
05-31 04:33:01.482   989  1815 E GcmPushIntentOperation:        at com.google.android.gms.phenotype.gcmpush.GcmPushIntentOperation.onHandleIntent(:com.google.android.gms@11976940:6)
05-31 04:33:01.482   989  1815 E GcmPushIntentOperation:        at com.google.android.chimera.IntentOperation.onHandleIntent(:com.google.android.gms@11976940:2)
05-31 04:33:01.482   989  1815 E GcmPushIntentOperation:        at crw.run(:com.google.android.gms@11976940:10)
05-31 04:33:01.482   989  1815 E GcmPushIntentOperation:        at crt.run(:com.google.android.gms@11976940:9)
05-31 04:33:01.482   989  1815 E GcmPushIntentOperation:        at java.util.concurrent.ThreadPoolExecutor.runWorker(ThreadPoolExecutor.java:1162)
05-31 04:33:01.482   989  1815 E GcmPushIntentOperation:        at java.util.concurrent.ThreadPoolExecutor$Worker.run(ThreadPoolExecutor.java:636)
05-31 04:33:01.482   989  1815 E GcmPushIntentOperation:        at java.lang.Thread.run(Thread.java:764)
05-31 04:33:01.489   989  1710 E NetworkScheduler: Trying to release unacquired lock: CLIENT_LIB
05-31 04:33:01.501   989  1635 E GCM     : Missing checkin config file
05-31 04:33:01.501   989  1635 W GCM     : GCM FAILED TO INITIALIZE - missing checkin
05-31 04:33:01.502   989  1815 E GcmPushIntentOperation: Failed to subscribe to GCM: com.google.android.gms.walletp2p
05-31 04:33:01.502   989  1815 E GcmPushIntentOperation: java.io.IOException: AUTHENTICATION_FAILED
05-31 04:33:01.502   989  1815 E GcmPushIntentOperation:        at vpa.b(:com.google.android.gms@11976940:39)
05-31 04:33:01.502   989  1815 E GcmPushIntentOperation:        at vpa.a(:com.google.android.gms@11976940:46)
05-31 04:33:01.502   989  1815 E GcmPushIntentOperation:        at vox.b(:com.google.android.gms@11976940:11)
05-31 04:33:01.502   989  1815 E GcmPushIntentOperation:        at vox.a(:com.google.android.gms@11976940:29)
05-31 04:33:01.502   989  1815 E GcmPushIntentOperation:        at com.google.android.gms.phenotype.gcmpush.GcmPushIntentOperation.a(:com.google.android.gms@11976940:13)
05-31 04:33:01.502   989  1815 E GcmPushIntentOperation:        at com.google.android.gms.phenotype.gcmpush.GcmPushIntentOperation.onHandleIntent(:com.google.android.gms@11976940:6)
05-31 04:33:01.502   989  1815 E GcmPushIntentOperation:        at com.google.android.chimera.IntentOperation.onHandleIntent(:com.google.android.gms@11976940:2)
05-31 04:33:01.502   989  1815 E GcmPushIntentOperation:        at crw.run(:com.google.android.gms@11976940:10)
05-31 04:33:01.502   989  1815 E GcmPushIntentOperation:        at crt.run(:com.google.android.gms@11976940:9)
05-31 04:33:01.502   989  1815 E GcmPushIntentOperation:        at java.util.concurrent.ThreadPoolExecutor.runWorker(ThreadPoolExecutor.java:1162)
05-31 04:33:01.502   989  1815 E GcmPushIntentOperation:        at java.util.concurrent.ThreadPoolExecutor$Worker.run(ThreadPoolExecutor.java:636)
05-31 04:33:01.502   989  1815 E GcmPushIntentOperation:        at java.lang.Thread.run(Thread.java:764)
05-31 04:33:01.512   989  1635 E GCM     : Missing checkin config file
05-31 04:33:01.513   989  1635 W GCM     : GCM FAILED TO INITIALIZE - missing checkin
05-31 04:33:01.513   989  1815 E GcmPushIntentOperation: Failed to subscribe to GCM: com.google.android.gms.lockbox
05-31 04:33:01.513   989  1815 E GcmPushIntentOperation: java.io.IOException: AUTHENTICATION_FAILED
05-31 04:33:01.513   989  1815 E GcmPushIntentOperation:        at vpa.b(:com.google.android.gms@11976940:39)
05-31 04:33:01.513   989  1815 E GcmPushIntentOperation:        at vpa.a(:com.google.android.gms@11976940:46)
05-31 04:33:01.513   989  1815 E GcmPushIntentOperation:        at vox.b(:com.google.android.gms@11976940:11)
05-31 04:33:01.513   989  1815 E GcmPushIntentOperation:        at vox.a(:com.google.android.gms@11976940:29)
05-31 04:33:01.513   989  1815 E GcmPushIntentOperation:        at com.google.android.gms.phenotype.gcmpush.GcmPushIntentOperation.a(:com.google.android.gms@11976940:13)
05-31 04:33:01.513   989  1815 E GcmPushIntentOperation:        at com.google.android.gms.phenotype.gcmpush.GcmPushIntentOperation.onHandleIntent(:com.google.android.gms@11976940:6)
05-31 04:33:01.513   989  1815 E GcmPushIntentOperation:        at com.google.android.chimera.IntentOperation.onHandleIntent(:com.google.android.gms@11976940:2)
05-31 04:33:01.513   989  1815 E GcmPushIntentOperation:        at crw.run(:com.google.android.gms@11976940:10)
05-31 04:33:01.513   989  1815 E GcmPushIntentOperation:        at crt.run(:com.google.android.gms@11976940:9)
05-31 04:33:01.513   989  1815 E GcmPushIntentOperation:        at java.util.concurrent.ThreadPoolExecutor.runWorker(ThreadPoolExecutor.java:1162)
05-31 04:33:01.513   989  1815 E GcmPushIntentOperation:        at java.util.concurrent.ThreadPoolExecutor$Worker.run(ThreadPoolExecutor.java:636)
05-31 04:33:01.513   989  1815 E GcmPushIntentOperation:        at java.lang.Thread.run(Thread.java:764)
05-31 04:33:01.522   989  1635 I zygote64: Deoptimizing java.lang.Object ru.a(java.lang.Object) due to JIT inline cache
05-31 04:33:02.403   470   484 E memtrack: Couldn't load memtrack module
05-31 04:33:02.403   470   484 W android.os.Debug: failed to get memory consumption info: -1
05-31 04:33:02.532   722   722 I com.android.phone: Looking for service android.hardware.radio@1.0::IRadio/slot1
05-31 04:33:02.535   722   722 I com.android.phone: Looking for service android.hardware.radio.deprecated@1.0::IOemHook/slot1
05-31 04:33:03.737  1640  1664 I zygote64: Waiting for a blocking GC ProfileSaver
05-31 04:33:03.756  1640  1664 I zygote64: WaitForGcToComplete blocked ProfileSaver on HeapTrim for 19.531ms
05-31 04:33:04.875   989   989 I WearableService: Wearable Services stopping
05-31 04:33:06.256  1426  1446 I zygote  : Deoptimizing java.lang.String com.google.android.flib.log.a.a(java.lang.String, java.lang.Object[]) due to JIT inline cache
05-31 04:33:06.256  1426  1446 E Finsky  : [26] com.google.android.finsky.ao.c.a(34): Unable to build selector: /storage/emulated/0/Download/marketenvs.csv (No such file or directory)
05-31 04:33:06.398  1426  1471 I Finsky  : [49] com.google.android.finsky.cw.a.a.a.a(13): Triggered update for experiment package com.google.android.finsky.stable.
05-31 04:33:06.400  1426  1469 I Finsky  : [47] com.google.android.finsky.cw.a.a.a.a(13): Triggered update for experiment package com.google.android.finsky.regular.
05-31 04:33:06.506   989  1710 E NetworkScheduler: Trying to release unacquired lock: ALARM_MANAGER
05-31 04:33:06.540  1426  1471 E Finsky  : [49] com.google.android.finsky.ae.d.a(8): Unexpected android-id = 0
05-31 04:33:06.540   722   722 I com.android.phone: Looking for service android.hardware.radio@1.0::IRadio/slot1
05-31 04:33:06.541  1426  1469 E Finsky  : [47] com.google.android.finsky.ae.d.a(8): Unexpected android-id = 0
05-31 04:33:06.543   722   722 I com.android.phone: Looking for service android.hardware.radio.deprecated@1.0::IOemHook/slot1
05-31 04:33:06.579  1426  1471 E Finsky  : [49] com.google.android.finsky.deviceconfig.k.a(19): Unable to fetch checkin consistency token: empty token
05-31 04:33:06.580  1426  1469 E Finsky  : [47] com.google.android.finsky.deviceconfig.k.a(19): Unable to fetch checkin consistency token: empty token
05-31 04:33:06.649  1426  1471 W Finsky  : [49] com.google.android.finsky.application.impl.a.dh(867): No account configured on this device.
05-31 04:33:06.654  1426  1469 W Finsky  : [47] com.google.android.finsky.application.impl.a.dh(867): No account configured on this device.
05-31 04:33:06.689  1426  1471 W Finsky  : [49] com.google.android.finsky.application.impl.a.dh(867): No account configured on this device.
05-31 04:33:06.690  1426  1471 E Finsky  : [49] com.google.android.finsky.cw.a.a.a.a(34): Failed to registerSync with Phenotype for experiment package com.google.android.finsky.stable.
05-31 04:33:06.691  1426  1469 W Finsky  : [47] com.google.android.finsky.application.impl.a.dh(867): No account configured on this device.
05-31 04:33:06.692  1426  1469 E Finsky  : [47] com.google.android.finsky.cw.a.a.a.a(34): Failed to registerSync with Phenotype for experiment package com.google.android.finsky.regular.
05-31 04:33:06.982  1426  1470 I Finsky  : [48] com.google.android.finsky.verifier.impl.aq.a(6): Restoring notifications
05-31 04:33:06.985  1426  1470 W Finsky  : [48] com.google.android.finsky.application.impl.a.dh(867): No account configured on this device.
05-31 04:33:07.001  1426  1426 I Finsky  : [2] com.google.android.finsky.verifier.impl.aq.c(55): Done restoring notifications
05-31 04:33:08.265   470   734 I ActivityManager: Killing 1117:com.android.keychain/1000 (adj 906): empty #17
05-31 04:33:08.266   470   487 W system_server: kill(-1117, 9) failed: No such process
05-31 04:33:08.312   470   487 I chatty  : uid=1000(system) ActivityManager identical 1 line
05-31 04:33:08.356   470   487 W system_server: kill(-1117, 9) failed: No such process
05-31 04:33:08.357   470   487 I system_server: Successfully killed process cgroup uid 1000 pid 1117 in 90ms
05-31 04:33:08.818  1519  1667 I CheckinCompat: No service .checkin.CheckinService to disable
05-31 04:33:08.819  1519  1667 I CheckinCompat: No service .update.SystemUpdateActivity to disable
05-31 04:33:08.820  1519  1667 I CheckinCompat: No service .update.SystemUpdateService$SecretCodeReceiver to disable
05-31 04:33:08.822  1519  1667 I CheckinCompat: No service .update.SystemUpdateService$Receiver to disable
05-31 04:33:09.604   989  1697 I zygote64: Deoptimizing void mve.execute(java.lang.Runnable) due to JIT inline cache
05-31 04:33:09.674   470   485 I ActivityManager: Waited long enough for: ServiceRecord{ceb321f u0 android.rockchip.update.service/.RKUpdateService}
05-31 04:33:09.863   470   485 I ActivityManager: Waited long enough for: ServiceRecord{3c09a22 u0 com.android.calendar/.alerts.InitAlarmsService}
05-31 04:33:10.362   722   722 E PhoneInterfaceManager: [PhoneIntfMgr] getCarrierPackageNamesForIntent: No UICC
05-31 04:33:10.362   722   722 D CarrierSvcBindHelper: No carrier app for: 0
05-31 04:33:10.362   722   722 D ImsResolver: maybeAddedImsService, packageName: com.google.android.gms
05-31 04:33:10.385   470   547 I InputReader: Reconfiguring input devices.  changes=0x00000010
05-31 04:33:10.404   470   470 I Telecom : DefaultDialerCache: Refreshing default dialer for user 0: now null: DDC.oR@AA0
05-31 04:33:10.410   470   484 W VoiceInteractionManagerService: no available voice interaction services found for user 0
05-31 04:33:10.410   470   484 W LocationProviderProxy-network: com.google.android.gms resolves service com.android.location.service.v3.NetworkLocationProvider, but has wrong signature, ignoring
05-31 04:33:10.410   470   484 W LocationProviderProxy-network: Odd, no component found for service com.android.location.service.v3.NetworkLocationProvider
05-31 04:33:10.411   470   484 W LocationProviderProxy-fused: com.google.android.gms resolves service com.android.location.service.FusedLocationProvider, but has wrong signature, ignoring
05-31 04:33:10.411   470   484 W GeocoderProxy: com.google.android.gms resolves service com.android.location.service.GeocodeProvider, but has wrong signature, ignoring
05-31 04:33:10.411   470   484 W GeocoderProxy: Odd, no component found for service com.android.location.service.GeocodeProvider
05-31 04:33:10.412   470   484 W GeofenceProxy: com.google.android.gms resolves service com.android.location.service.GeofenceProvider, but has wrong signature, ignoring
05-31 04:33:10.412   470   484 W GeofenceProxy: Odd, no component found for service com.android.location.service.GeofenceProvider
05-31 04:33:10.412   470   484 W ActivityRecognitionProxy: com.google.android.gms resolves service com.android.location.service.ActivityRecognitionProvider, but has wrong signature, ignoring
05-31 04:33:10.412   470   484 W ActivityRecognitionProxy: Odd, no component found for service com.android.location.service.ActivityRecognitionProvider
05-31 04:33:10.546   722   722 I com.android.phone: Looking for service android.hardware.radio@1.0::IRadio/slot1
05-31 04:33:10.549   722   722 I com.android.phone: Looking for service android.hardware.radio.deprecated@1.0::IOemHook/slot1
05-31 04:33:10.836   470   484 E memtrack: Couldn't load memtrack module
05-31 04:33:10.836   470   484 W android.os.Debug: failed to get memory consumption info: -1
05-31 04:33:13.717   470   484 E memtrack: Couldn't load memtrack module
05-31 04:33:13.717   470   484 W android.os.Debug: failed to get memory consumption info: -1
05-31 04:33:13.718   470   734 I ActivityManager: Killing 746:com.android.settings/1000 (adj 906): empty #17
05-31 04:33:13.720   470   487 W system_server: kill(-746, 9) failed: No such process
05-31 04:33:13.765   470   487 I chatty  : uid=1000(system) ActivityManager identical 1 line
05-31 04:33:13.790   470   487 W system_server: kill(-746, 9) failed: No such process
05-31 04:33:13.794   470   484 E memtrack: Couldn't load memtrack module
05-31 04:33:13.794   470   484 W android.os.Debug: failed to get memory consumption info: -1
05-31 04:33:13.803   470   495 W ActivityManager: setHasOverlayUi called on unknown pid: 746
05-31 04:33:13.834   470   487 W system_server: kill(-746, 9) failed: No such process
05-31 04:33:13.835   470   487 I system_server: Successfully killed process cgroup uid 1000 pid 746 in 115ms
05-31 04:33:14.554   722   722 I com.android.phone: Looking for service android.hardware.radio@1.0::IRadio/slot1
05-31 04:33:14.558   722   722 I com.android.phone: Looking for service android.hardware.radio.deprecated@1.0::IOemHook/slot1
05-31 04:33:14.754  1195  1289 D RKUpdateService: WorkHandler::handleMessage() : To perform 'COMMAND_CHECK_LOCAL_UPDATING'.
05-31 04:33:14.754  1195  1289 D RKUpdateService: getValidFirmwareImageFile() : Target image file path : /data/media/0/update.zip
05-31 04:33:14.755  1195  1289 D RKUpdateService: getValidFirmwareImageFile() : Target image file path : /storage/emulated/0/update.zip
05-31 04:33:15.602   470   484 E memtrack: Couldn't load memtrack module
05-31 04:33:15.602   470   484 W android.os.Debug: failed to get memory consumption info: -1
05-31 04:33:15.605   470  1940 I ActivityManager: Killing 1306:com.android.contacts/u0a22 (adj 906): empty #17
05-31 04:33:15.606   470   487 W system_server: kill(-1306, 9) failed: No such process
05-31 04:33:15.633   470   487 W system_server: kill(-1306, 9) failed: No such process
05-31 04:33:15.652   470   484 E memtrack: Couldn't load memtrack module
05-31 04:33:15.652   470   484 W android.os.Debug: failed to get memory consumption info: -1
05-31 04:33:15.678   470   487 W system_server: kill(-1306, 9) failed: No such process
05-31 04:33:15.678   470   487 I system_server: Successfully killed process cgroup uid 10022 pid 1306 in 73ms
05-31 04:33:18.380   470   494 I ActivityManager: Start proc 1948:android.ext.services/u0a31 for service android.ext.services/.storage.CacheQuotaServiceImpl
05-31 04:33:18.399   470  1042 I ActivityManager: Killing 966:com.android.deskclock/u0a47 (adj 906): empty #17
05-31 04:33:18.400   470   487 W system_server: kill(-966, 9) failed: No such process
05-31 04:33:18.418  1948  1948 I zygote64: The ClassLoaderContext is a special shared library.
05-31 04:33:18.446   470   487 W system_server: kill(-966, 9) failed: No such process
05-31 04:33:18.446   470   487 I system_server: Successfully killed process cgroup uid 10047 pid 966 in 46ms
05-31 04:33:18.455   470  1940 I ActivityManager: Killing 1372:com.android.managedprovisioning/u0a15 (adj 906): empty #17
05-31 04:33:18.456   470   487 W system_server: kill(-1372, 9) failed: No such process
05-31 04:33:18.500   470   487 W system_server: kill(-1372, 9) failed: No such process
05-31 04:33:18.500   470   487 I system_server: Successfully killed process cgroup uid 10015 pid 1372 in 44ms
05-31 04:33:18.561   722   722 I com.android.phone: Looking for service android.hardware.radio@1.0::IRadio/slot1
05-31 04:33:18.564   722   722 I com.android.phone: Looking for service android.hardware.radio.deprecated@1.0::IOemHook/slot1
05-31 04:33:18.861  1519  1667 I CheckinCompat: No service .update.SystemUpdateService to disable
05-31 04:33:18.863  1519  1667 I CheckinCompat: No service .checkin.EventLogService to disable
05-31 04:33:18.864  1519  1667 I CheckinCompat: No service .checkin.EventLogService$Receiver to disable
05-31 04:33:18.865  1519  1667 I CheckinCompat: Done disabling old GoogleServicesFramework version
05-31 04:33:19.775  1195  1289 D NetworkSecurityConfig: No Network Security Config specified, using platform default
05-31 04:33:19.800  1195  1289 D RKUpdateService: request remote server error...
05-31 04:33:20.537   470   481 I ActivityManager: Start proc 1973:com.android.keychain/1000 for service com.android.keychain/.KeyChainService
05-31 04:33:20.560   470   481 I ActivityManager: Killing 1387:com.android.onetimeinitializer/u0a19 (adj 906): empty #17
05-31 04:33:20.562   470   487 W system_server: kill(-1387, 9) failed: No such process
05-31 04:33:20.590  1973  1973 I zygote64: The ClassLoaderContext is a special shared library.
05-31 04:33:20.608   470   487 W system_server: kill(-1387, 9) failed: No such process
05-31 04:33:20.608   470   487 I system_server: Successfully killed process cgroup uid 10019 pid 1387 in 46ms
05-31 04:33:20.618   470   481 I ActivityManager: Killing 1407:com.android.packageinstaller/u0a23 (adj 906): empty #17
05-31 04:33:20.618   470   487 W system_server: kill(-1407, 9) failed: No such process
05-31 04:33:20.663   470   487 W system_server: kill(-1407, 9) failed: No such process
05-31 04:33:20.663   470   487 I system_server: Successfully killed process cgroup uid 10023 pid 1407 in 44ms
05-31 04:33:21.489   470   484 I ActivityManager: Killing 1210:android.process.media/u0a17 (adj 906): empty #17
05-31 04:33:21.490   470   487 W system_server: kill(-1210, 9) failed: No such process
05-31 04:33:21.546   470   481 I ActivityManager: Killing 1075:com.android.printspooler/u0a42 (adj 906): empty #17
05-31 04:33:21.527   470   487 I chatty  : uid=1000(system) ActivityManager identical 1 line
05-31 04:33:21.570   470   487 W system_server: kill(-1210, 9) failed: No such process
05-31 04:33:21.570   470   487 I system_server: Successfully killed process cgroup uid 10017 pid 1210 in 79ms
05-31 04:33:21.570   470   487 W system_server: kill(-1075, 9) failed: No such process
05-31 04:33:21.613   470   487 W system_server: kill(-1075, 9) failed: No such process
05-31 04:33:21.613   470   487 I system_server: Successfully killed process cgroup uid 10042 pid 1075 in 43ms
05-31 04:33:22.568   722   722 I com.android.phone: Looking for service android.hardware.radio@1.0::IRadio/slot1
05-31 04:33:22.570   722   722 I com.android.phone: Looking for service android.hardware.radio.deprecated@1.0::IOemHook/slot1
05-31 04:33:23.470  1948  1963 I zygote64: Waiting for a blocking GC ProfileSaver
05-31 04:33:23.488  1948  1963 I zygote64: WaitForGcToComplete blocked ProfileSaver on HeapTrim for 18.257ms
05-31 04:33:24.665   470   484 E memtrack: Couldn't load memtrack module
05-31 04:33:24.665   470   484 W android.os.Debug: failed to get memory consumption info: -1
05-31 04:33:24.822  1195  1289 D RKUpdateService: request remote server error...
05-31 04:33:24.915  1276  1323 D InitAlarmsService: Clearing and rescheduling alarms.
05-31 04:33:26.575   722   722 I com.android.phone: Looking for service android.hardware.radio@1.0::IRadio/slot1
05-31 04:33:26.579   722   722 I com.android.phone: Looking for service android.hardware.radio.deprecated@1.0::IOemHook/slot1
05-31 04:33:29.834   470   484 E memtrack: Couldn't load memtrack module
05-31 04:33:29.834   470   484 W android.os.Debug: failed to get memory consumption info: -1
05-31 04:33:29.887   470   484 E memtrack: Couldn't load memtrack module
05-31 04:33:29.887   470   484 W android.os.Debug: failed to get memory consumption info: -1
05-31 04:33:29.919   470   484 E memtrack: Couldn't load memtrack module
05-31 04:33:29.919   470   484 W android.os.Debug: failed to get memory consumption info: -1
05-31 04:33:29.938   470   484 E memtrack: Couldn't load memtrack module
05-31 04:33:29.938   470   484 W android.os.Debug: failed to get memory consumption info: -1
05-31 04:33:29.957   470   484 E memtrack: Couldn't load memtrack module
05-31 04:33:29.957   470   484 W android.os.Debug: failed to get memory consumption info: -1
05-31 04:33:29.976   470   484 E memtrack: Couldn't load memtrack module
05-31 04:33:29.976   470   484 W android.os.Debug: failed to get memory consumption info: -1
05-31 04:33:30.126  1426  1426 W Finsky  : [2] com.google.android.finsky.application.impl.a.dh(867): No account configured on this device.
05-31 04:33:30.133  1426  1426 I chatty  : uid=10014(com.android.vending) identical 1 line
05-31 04:33:30.135  1426  1426 W Finsky  : [2] com.google.android.finsky.application.impl.a.dh(867): No account configured on this device.
05-31 04:33:30.137  1426  1426 I Finsky  : [2] com.google.android.finsky.hygiene.DailyHygiene$DailyHygieneService.onStartCommand(50): Beginning daily hygiene, foreground = false, reason = 5
05-31 04:33:30.139  1426  1426 W Finsky  : [2] com.google.android.finsky.application.impl.a.dh(867): No account configured on this device.
05-31 04:33:30.140  1426  1426 W Finsky  : [2] com.google.android.finsky.application.impl.a.b(488): No account configured on this device.
05-31 04:33:30.140   989  1710 E NetworkScheduler: Trying to release unacquired lock: ALARM_MANAGER
05-31 04:33:30.183  1426  1426 I Finsky  : [2] com.google.android.finsky.hygiene.p.a(66): Probe unauthenticated for hygiene pass
05-31 04:33:30.193  1426  1452 E Finsky  : [32] com.google.android.finsky.ae.d.a(8): Unexpected android-id = 0
05-31 04:33:30.243  1426  1452 D NetworkSecurityConfig: No Network Security Config specified, using platform default
05-31 04:33:30.252  1426  1426 W Finsky  : [2] com.google.android.finsky.hygiene.s.a(55): Self-update check failed with error: com.android.volley.NoConnectionError: java.net.UnknownHostException: Unable to resolve host "android.clients.google.com": No address associated with hostname
05-31 04:33:30.258  1426  1426 W Finsky  : [2] com.google.android.finsky.application.impl.a.dh(867): No account configured on this device.
05-31 04:33:30.258  1426  1426 W Finsky  : [2] com.google.android.finsky.application.impl.a.b(488): No account configured on this device.
05-31 04:33:30.260  1426  1426 W Finsky  : [2] com.google.android.finsky.application.impl.a.dh(867): No account configured on this device.
05-31 04:33:30.300   470   766 I ActivityManager: Start proc 2006:com.google.android.gms:car/u0a2 for service com.google.android.gms/.car.CarService
05-31 04:33:30.267  1426  1426 W Finsky  : [2] com.google.android.finsky.application.impl.a.dh(867): No account configured on this device.
05-31 04:33:30.306  1426  2011 I Finsky  : [62] com.google.android.finsky.heterodyne.HeterodyneSyncService.onHandleIntent(6): Triggered Heterodyne Sync.
05-31 04:33:30.319  1426  2011 E Finsky  : [62] com.google.android.finsky.ae.d.a(8): Unexpected android-id = 0
05-31 04:33:30.342  1426  2011 E Finsky  : [62] com.google.android.finsky.deviceconfig.k.a(19): Unable to fetch checkin consistency token: empty token
05-31 04:33:30.368  2006  2006 I zygote64: The ClassLoaderContext is a special shared library.
05-31 04:33:30.371  2006  2006 I zygote64: The ClassLoaderContext is a special shared library.
05-31 04:33:30.374  1426  2011 W Finsky  : [62] com.google.android.finsky.application.impl.a.dh(867): No account configured on this device.
05-31 04:33:30.388  2006  2006 I zygote64: The ClassLoaderContext is a special shared library.
05-31 04:33:30.392  1426  2011 W Finsky  : [62] com.google.android.finsky.application.impl.a.dh(867): No account configured on this device.
05-31 04:33:30.393  1426  2011 E Finsky  : [62] com.google.android.finsky.heterodyne.b.c(59): Failed to sync Heterodyne.
05-31 04:33:30.430  2006  2006 I LoadedApk: No resource references to update in package FFFFFFFFFFFFFFFFFFFFFF
05-31 04:33:30.436  2025  2025 I sh      : type=1400 audit(0.0:26): avc: denied { execute_no_trans } for path="/vendor/bin/toybox_vendor" dev="dm-1" ino=53 scontext=u:r:pwm_fan_autorun:s0 tcontext=u:object_r:vendor_toolbox_exec:s0 tclass=file permissive=1
05-31 04:33:30.484  2006  2006 W linker  : "/data/user_de/0/com.google.android.gms/app_extracted_libs/arm64-v8a/libconscrypt_gmscore_jni.so" unused DT entry: type 0xf arg 0x8a
05-31 04:33:30.487  2006  2006 V NativeCrypto: Registering com/google/android/gms/org/conscrypt/NativeCrypto's 276 native methods...
05-31 04:33:30.505  2006  2006 D NetworkSecurityConfig: No Network Security Config specified, using platform default
05-31 04:33:30.508  2006  2006 I ProviderInstaller: Installed default security provider GmsCore_OpenSSL
05-31 04:33:30.584   722   722 I com.android.phone: Looking for service android.hardware.radio@1.0::IRadio/slot1
05-31 04:33:30.586   722   722 I com.android.phone: Looking for service android.hardware.radio.deprecated@1.0::IOemHook/slot1
05-31 04:33:30.648   989  1011 W ConfigurationChimeraPro: Got null configs for com.google.android.gms.car
05-31 04:33:30.827  1426  1426 W Finsky  : [2] com.google.android.finsky.bk.g.a(2): Could not connect to GMS for Auto connection state: ConnectionResult{statusCode=SERVICE_MISSING_PERMISSION, resolution=PendingIntent{fe60421: android.os.BinderProxy@cb80046}, message=null}
05-31 04:33:30.834  1426  1426 W Finsky  : [2] com.google.android.finsky.application.impl.a.dh(867): No account configured on this device.
05-31 04:33:30.867  1426  1426 I chatty  : uid=10014(com.android.vending) identical 8 lines
05-31 04:33:30.874  1426  1426 W Finsky  : [2] com.google.android.finsky.application.impl.a.dh(867): No account configured on this device.
05-31 04:33:30.876  1426  1426 I Finsky  : [2] com.google.android.finsky.hygiene.DailyHygiene.b(140): Logging device features
05-31 04:33:30.895  1426  1426 W Finsky  : [2] com.google.android.finsky.application.impl.a.dh(867): No account configured on this device.
05-31 04:33:30.940  1426  1426 I chatty  : uid=10014(com.android.vending) identical 7 lines
05-31 04:33:30.980  1426  1426 W Finsky  : [2] com.google.android.finsky.application.impl.a.dh(867): No account configured on this device.
05-31 04:33:31.000  1426  2037 I Finsky  : [64] com.google.android.finsky.datasync.p.a(14): [Cache and Sync] mode not available for any accounts.
05-31 04:33:31.003  1426  1426 W Finsky  : [2] com.google.android.finsky.application.impl.a.dh(867): No account configured on this device.
05-31 04:33:31.006  1426  1426 W Finsky  : [2] com.google.android.finsky.application.impl.a.dh(867): No account configured on this device.
05-31 04:33:31.007  1426  2037 W Finsky  : [64] com.google.android.finsky.application.impl.a.dh(867): No account configured on this device.
05-31 04:33:31.008  1426  2037 D Volley  : [64] c.b: Cache cleared.
05-31 04:33:31.012  1426  1426 W Finsky  : [2] com.google.android.finsky.application.impl.a.dh(867): No account configured on this device.
05-31 04:33:31.013  1426  1426 W Settings: Setting install_non_market_apps has moved from android.provider.Settings.Global to android.provider.Settings.Secure, returning read-only value.
05-31 04:33:31.016  1426  1426 W Settings: Setting download_manager_max_bytes_over_mobile has moved from android.provider.Settings.Secure to android.provider.Settings.Global.
05-31 04:33:31.032  1426  1426 W Finsky  : [2] com.google.android.finsky.application.impl.a.dh(867): No account configured on this device.
05-31 04:33:31.039  1426  1426 W Finsky  : [2] com.google.android.finsky.application.impl.a.dh(867): No account configured on this device.
05-31 04:33:31.061  1426  2039 W Finsky  : [65] com.google.android.finsky.application.impl.a.dh(867): No account configured on this device.
05-31 04:33:31.070  1426  1426 W Finsky  : [2] com.google.android.finsky.application.impl.a.dh(867): No account configured on this device.
05-31 04:33:31.071  1426  1426 I Finsky  : [2] com.google.android.finsky.hygiene.a.d.a(137): Scheduling new run in 262 minutes (failures=4)
05-31 04:33:31.075  1426  1426 W Finsky  : [2] com.google.android.finsky.application.impl.a.dh(867): No account configured on this device.
05-31 04:33:31.087  1426  1469 W Finsky  : [47] com.google.android.finsky.application.impl.a.dh(867): No account configured on this device.
05-31 04:33:31.094  1426  2039 W Finsky  : [65] com.google.android.finsky.application.impl.a.dh(867): No account configured on this device.
05-31 04:33:31.112  1426  1426 I Finsky  : [2] com.google.android.finsky.wear.WearSupportService.onStartCommand(29): Starting WearSupportService for hygiene
05-31 04:33:31.115  1426  1426 I Finsky  : [2] com.google.android.finsky.wear.am.a(78): Connecting to wearable; initiated by: com.google.android.finsky.wear.WearSupportService
05-31 04:33:31.132  1426  1426 I Finsky  : [2] com.google.android.finsky.verifier.impl.VerifyInstalledPackagesReceiver.onReceive(24): Skipping verification because network inactive
05-31 04:33:31.151   989   989 I WearableService: Wearable Services not starting - Wear is not available on this device.
05-31 04:33:31.174   989  1011 D WearableService: onGetService - Wear is not available on this device.
05-31 04:33:31.186  1426  1426 E Finsky  : [2] com.google.android.finsky.wear.ap.a(3): onConnectionFailed: ConnectionResult{statusCode=API_UNAVAILABLE, resolution=null, message=null}
05-31 04:33:31.187  1426  1426 W Finsky  : [2] com.google.android.finsky.wear.bu.run(12): Dropping command=hygiene due to Gms not connected
05-31 04:33:31.187  1426  1426 I Finsky  : [2] com.google.android.finsky.wear.WearSupportService.b(75): Stopping WearSupportService
05-31 04:33:31.194   989  1710 E NetworkScheduler: Trying to release unacquired lock: CLIENT_LIB
05-31 04:33:31.199   989  1710 E NetworkScheduler: Trying to release unacquired lock: CLIENT_LIB
05-31 04:33:31.213  1426  1447 I PlayCommon: [27] com.google.android.play.b.h.e(262): Preparing logs for uploading
05-31 04:33:31.222  1426  1447 W PlayCommon: [27] com.google.android.play.b.h.a(672): No account for auth token provided
05-31 04:33:31.224  1426  1447 I PlayCommon: [27] com.google.android.play.b.h.a(519): Connecting to server: https://play.googleapis.com/play/log?format=raw&proto_v2=true
05-31 04:33:31.235  1426  1447 E PlayCommon: [27] com.google.android.play.b.h.a(549): Failed to connect to server: java.net.UnknownHostException: Unable to resolve host "play.googleapis.com": No address associated with hostname
05-31 04:33:31.566  1519  1524 I zygote64: Do partial code cache collection, code=125KB, data=79KB
05-31 04:33:31.567  1519  1524 I zygote64: After code cache collection, code=125KB, data=79KB
05-31 04:33:31.567  1519  1524 I zygote64: Increasing code cache capacity to 512KB
05-31 04:33:31.620  1828  1842 I com.google.android.gms.unstable: android::hardware::configstore::V1_0::ISurfaceFlingerConfigs::hasWideColorDisplay retrieved: 0
05-31 04:33:34.590   722   722 I com.android.phone: Looking for service android.hardware.radio@1.0::IRadio/slot1
05-31 04:33:34.593   722   722 I com.android.phone: Looking for service android.hardware.radio.deprecated@1.0::IOemHook/slot1
05-31 04:33:35.838  2006  2006 I CAR.SERVICE: Skip, no clients bound.
05-31 04:33:36.229   989   989 I WearableService: Wearable Services stopping
05-31 04:33:38.596   722   722 I com.android.phone: Looking for service android.hardware.radio@1.0::IRadio/slot1
05-31 04:33:38.599   722   722 I com.android.phone: Looking for service android.hardware.radio.deprecated@1.0::IOemHook/slot1
05-31 04:33:41.510   470   484 E memtrack: Couldn't load memtrack module
05-31 04:33:41.510   470   484 W android.os.Debug: failed to get memory consumption info: -1
05-31 04:33:42.604   722   722 I com.android.phone: Looking for service android.hardware.radio@1.0::IRadio/slot1
05-31 04:33:42.608   722   722 I com.android.phone: Looking for service android.hardware.radio.deprecated@1.0::IOemHook/slot1
05-31 04:33:45.409  1828  1843 W zygote64: Couldn't lock the profile file /data/data/com.google.android.gms/app_fb/oat/f.apk.cur.prof: Failed to open file '/data/data/com.google.android.gms/app_fb/oat/f.apk.cur.prof': No such file or directory
05-31 04:33:45.409  1828  1843 W zygote64: Could not forcefully load profile /data/data/com.google.android.gms/app_fb/oat/f.apk.cur.prof
05-31 04:33:46.613   722   722 I com.android.phone: Looking for service android.hardware.radio@1.0::IRadio/slot1
05-31 04:33:46.617   722   722 I com.android.phone: Looking for service android.hardware.radio.deprecated@1.0::IOemHook/slot1
05-31 04:33:48.930   470   484 E memtrack: Couldn't load memtrack module
05-31 04:33:48.930   470   484 W android.os.Debug: failed to get memory consumption info: -1
05-31 04:33:49.204   470  2074 I BackgroundDexOptService: Pinning optimized code {}
05-31 04:33:50.621   722   722 I com.android.phone: Looking for service android.hardware.radio@1.0::IRadio/slot1
05-31 04:33:50.625   722   722 I com.android.phone: Looking for service android.hardware.radio.deprecated@1.0::IOemHook/slot1
05-31 04:33:54.630   722   722 I com.android.phone: Looking for service android.hardware.radio@1.0::IRadio/slot1
05-31 04:33:54.633   722   722 I com.android.phone: Looking for service android.hardware.radio.deprecated@1.0::IOemHook/slot1
05-31 04:33:58.637   722   722 I com.android.phone: Looking for service android.hardware.radio@1.0::IRadio/slot1
05-31 04:33:58.641   722   722 I com.android.phone: Looking for service android.hardware.radio.deprecated@1.0::IOemHook/slot1
05-31 04:34:00.003   470   470 I ActivityManager: Killing 1473:com.google.android.configupdater/u0a24 (adj 906): empty #17
05-31 04:34:00.003   470   470 I ActivityManager: Killing 1276:com.android.calendar/u0a38 (adj 906): empty #18
05-31 04:34:00.004   470   487 W system_server: kill(-1473, 9) failed: No such process
05-31 04:34:00.006   470   484 E memtrack: Couldn't load memtrack module
05-31 04:34:00.006   470   484 W android.os.Debug: failed to get memory consumption info: -1
05-31 04:34:00.045   470   487 W system_server: kill(-1473, 9) failed: No such process
05-31 04:34:00.078   470   484 E memtrack: Couldn't load memtrack module
05-31 04:34:00.078   470   484 W android.os.Debug: failed to get memory consumption info: -1
05-31 04:34:00.090   470   487 W system_server: kill(-1473, 9) failed: No such process
05-31 04:34:00.090   470   487 I system_server: Successfully killed process cgroup uid 10024 pid 1473 in 86ms
05-31 04:34:00.090   470   487 W system_server: kill(-1276, 9) failed: No such process
05-31 04:34:00.090   470   487 I system_server: Successfully killed process cgroup uid 10038 pid 1276 in 0ms
05-31 04:34:01.291   470   484 E memtrack: Couldn't load memtrack module
05-31 04:34:01.291   470   484 W android.os.Debug: failed to get memory consumption info: -1
05-31 04:34:01.295   989  1710 E NetworkScheduler: Trying to release unacquired lock: ALARM_MANAGER
05-31 04:34:01.329   470   484 E memtrack: Couldn't load memtrack module
05-31 04:34:01.329   470   484 W android.os.Debug: failed to get memory consumption info: -1
05-31 04:34:02.645   722   722 I com.android.phone: Looking for service android.hardware.radio@1.0::IRadio/slot1
05-31 04:34:02.649   722   722 I com.android.phone: Looking for service android.hardware.radio.deprecated@1.0::IOemHook/slot1
05-31 04:34:06.654   722   722 I com.android.phone: Looking for service android.hardware.radio@1.0::IRadio/slot1
05-31 04:34:06.658   722   722 I com.android.phone: Looking for service android.hardware.radio.deprecated@1.0::IOemHook/slot1
05-31 04:34:10.662   722   722 I com.android.phone: Looking for service android.hardware.radio@1.0::IRadio/slot1
05-31 04:34:10.666   722   722 I com.android.phone: Looking for service android.hardware.radio.deprecated@1.0::IOemHook/slot1
05-31 04:34:11.469   470   484 E memtrack: Couldn't load memtrack module
05-31 04:34:11.469   470   484 W android.os.Debug: failed to get memory consumption info: -1
05-31 04:34:11.546   470   484 E memtrack: Couldn't load memtrack module
05-31 04:34:11.546   470   484 W android.os.Debug: failed to get memory consumption info: -1
05-31 04:34:11.590   470   484 E memtrack: Couldn't load memtrack module
05-31 04:34:11.590   470   484 W android.os.Debug: failed to get memory consumption info: -1
05-31 04:34:11.631   470   484 E memtrack: Couldn't load memtrack module
05-31 04:34:11.631   470   484 W android.os.Debug: failed to get memory consumption info: -1
05-31 04:34:14.670   722   722 I com.android.phone: Looking for service android.hardware.radio@1.0::IRadio/slot1
05-31 04:34:14.674   722   722 I com.android.phone: Looking for service android.hardware.radio.deprecated@1.0::IOemHook/slot1
05-31 04:34:16.210  1519  1621 I CastDatabase: Saving the database
05-31 04:34:16.224  1519  1621 I SQLiteCastStore: [CastNetworkInfo] saved: 0, skipped: 0, [CastDeviceInfo]: saved 0, skipped 0, Paired Guest Mode DeviceInfo] saved: 0, skipped: 0.
05-31 04:34:18.679   722   722 I com.android.phone: Looking for service android.hardware.radio@1.0::IRadio/slot1
05-31 04:34:18.682   722   722 I com.android.phone: Looking for service android.hardware.radio.deprecated@1.0::IOemHook/slot1
05-31 04:34:22.687   722   722 I com.android.phone: Looking for service android.hardware.radio@1.0::IRadio/slot1
05-31 04:34:22.690   722   722 I com.android.phone: Looking for service android.hardware.radio.deprecated@1.0::IOemHook/slot1
05-31 04:34:26.695   722   722 I com.android.phone: Looking for service android.hardware.radio@1.0::IRadio/slot1
05-31 04:34:26.699   722   722 I com.android.phone: Looking for service android.hardware.radio.deprecated@1.0::IOemHook/slot1
05-31 04:34:30.703   722   722 I com.android.phone: Looking for service android.hardware.radio@1.0::IRadio/slot1
05-31 04:34:30.707   722   722 I com.android.phone: Looking for service android.hardware.radio.deprecated@1.0::IOemHook/slot1
05-31 04:34:34.712   722   722 I com.android.phone: Looking for service android.hardware.radio@1.0::IRadio/slot1
05-31 04:34:34.716   722   722 I com.android.phone: Looking for service android.hardware.radio.deprecated@1.0::IOemHook/slot1
05-31 04:34:38.721   722   722 I com.android.phone: Looking for service android.hardware.radio@1.0::IRadio/slot1
05-31 04:34:38.724   722   722 I com.android.phone: Looking for service android.hardware.radio.deprecated@1.0::IOemHook/slot1
05-31 04:34:42.729   722   722 I com.android.phone: Looking for service android.hardware.radio@1.0::IRadio/slot1
05-31 04:34:42.733   722   722 I com.android.phone: Looking for service android.hardware.radio.deprecated@1.0::IOemHook/slot1
05-31 04:34:46.737   722   722 I com.android.phone: Looking for service android.hardware.radio@1.0::IRadio/slot1
05-31 04:34:46.741   722   722 I com.android.phone: Looking for service android.hardware.radio.deprecated@1.0::IOemHook/slot1
05-31 04:34:50.746   722   722 I com.android.phone: Looking for service android.hardware.radio@1.0::IRadio/slot1
05-31 04:34:50.750   722   722 I com.android.phone: Looking for service android.hardware.radio.deprecated@1.0::IOemHook/slot1
05-31 04:34:54.755   722   722 I com.android.phone: Looking for service android.hardware.radio@1.0::IRadio/slot1
05-31 04:34:54.759   722   722 I com.android.phone: Looking for service android.hardware.radio.deprecated@1.0::IOemHook/slot1
05-31 04:34:58.763   722   722 I com.android.phone: Looking for service android.hardware.radio@1.0::IRadio/slot1
05-31 04:34:58.766   722   722 I com.android.phone: Looking for service android.hardware.radio.deprecated@1.0::IOemHook/slot1
05-31 04:35:00.003   470   484 E memtrack: Couldn't load memtrack module
05-31 04:35:00.003   470   484 W android.os.Debug: failed to get memory consumption info: -1
05-31 04:35:00.089   470   484 E memtrack: Couldn't load memtrack module
05-31 04:35:00.089   470   484 W android.os.Debug: failed to get memory consumption info: -1
05-31 04:35:00.118   470   484 E memtrack: Couldn't load memtrack module
05-31 04:35:00.118   470   484 W android.os.Debug: failed to get memory consumption info: -1
05-31 04:35:00.137   470   484 E memtrack: Couldn't load memtrack module
05-31 04:35:00.137   470   484 W android.os.Debug: failed to get memory consumption info: -1
05-31 04:35:01.213   470   533 W ActivityManager: Unable to start service Intent { act=com.google.android.gms.drive.ApiService.RESET_AFTER_BOOT flg=0x4 cmp=com.google.android.gms/.drive.api.ApiService (has extras) } U=0: not found
05-31 04:35:01.231   989  1710 E NetworkScheduler: Trying to release unacquired lock: ALARM_MANAGER
05-31 04:35:02.770   722   722 I com.android.phone: Looking for service android.hardware.radio@1.0::IRadio/slot1
05-31 04:35:02.773   722   722 I com.android.phone: Looking for service android.hardware.radio.deprecated@1.0::IOemHook/slot1
05-31 04:35:06.233   470   484 E memtrack: Couldn't load memtrack module
05-31 04:35:06.233   470   484 W android.os.Debug: failed to get memory consumption info: -1
05-31 04:35:06.351   989  1710 E NetworkScheduler: Trying to release unacquired lock: ALARM_MANAGER
05-31 04:35:06.380   989  1011 E NetworkScheduler.ATC: Trying to release unacquired lock: com.google.android.gms/.udc.service.UdcContextInitService
05-31 04:35:06.405   989  1710 E NetworkScheduler: Trying to release unacquired lock: EXECUTION_CALLBACK
05-31 04:35:06.462   989  1710 E NetworkScheduler: Trying to release unacquired lock: EXECUTION_CALLBACK
05-31 04:35:06.489   989  2156 I NetRec  : [175] zvx.<init>: Generating AES key
05-31 04:35:06.489   989  2156 I NetRec  : [175] zvx.<init>: Generating HMAC key
05-31 04:35:06.505   989  2156 W NetRec  : [175] zwb.a: Setting current/known encrypter
05-31 04:35:06.506   989  2156 I NetRec  : [175] zvc.a: Running CleanupDatabaseTask GCM task
05-31 04:35:06.529   989  2156 I NetRec  : [175] zvc.a: Removed 0 records from the database
05-31 04:35:06.529   989  2156 E NetworkScheduler.ATC: Trying to release unacquired lock: com.google.android.gms/.netrec.module.NetRecGcmTaskService
05-31 04:35:06.538   989  1710 E NetworkScheduler: Trying to release unacquired lock: EXECUTION_CALLBACK
05-31 04:35:06.543   989  1710 E NetworkScheduler: Trying to release unacquired lock: EXECUTION_CALLBACK
05-31 04:35:06.777   722   722 I com.android.phone: Looking for service android.hardware.radio@1.0::IRadio/slot1
05-31 04:35:06.781   722   722 I com.android.phone: Looking for service android.hardware.radio.deprecated@1.0::IOemHook/slot1
05-31 04:35:10.785   722   722 I com.android.phone: Looking for service android.hardware.radio@1.0::IRadio/slot1
05-31 04:35:10.789   722   722 I com.android.phone: Looking for service android.hardware.radio.deprecated@1.0::IOemHook/slot1
05-31 04:35:14.794   722   722 I com.android.phone: Looking for service android.hardware.radio@1.0::IRadio/slot1
