05-31 04:32:51.830   746   808 I [Gralloc]: leave: prime_fd=69,share_attr_fd=70
05-31 04:32:51.838   470   485 I ActivityManager: Start proc 989:com.google.android.gms.persistent/u0a2 for service com.google.android.gms/.backup.BackupTransportService
05-31 04:32:51.838   470   485 D BackupTransportManager: Binding to transport: com.google.android.gms/.backup.component.D2dTransportService
05-31 04:32:51.839   966   966 I zygote64: The ClassLoaderContext is a special shared library.
05-31 04:32:51.842   470   485 I BackupManagerService: Backup enabled => false
05-31 04:32:51.850   470   485 W SystemServiceManager: Service com.android.server.backup.BackupManagerService$Lifecycle took 107 ms in onUnlockUser 
05-31 04:32:51.852   470   485 W VoiceInteractionManagerService: no available voice interaction services found for user 0
05-31 04:32:51.853   470   485 W VoiceInteractionManagerService: no available voice recognition services found for user 0
05-31 04:32:51.854   273   273 I [Gralloc]: Got fd 16 for handle 1
05-31 04:32:51.856   273   273 I [Gralloc]: leave, w : 1920, h : 1080, format : 0x1,internal_format : 0x1, usage : 0xb00. size=8294400,pixel_stride=1920,byte_stride=7680
05-31 04:32:51.856   273   273 I [Gralloc]: leave: prime_fd=16,share_attr_fd=17
05-31 04:32:51.856   470   470 D BackupTransportManager: Bound to transport: android/com.android.internal.backup.LocalTransportService
05-31 04:32:51.857   282   306 I [Gralloc]: Got handle 8 for fd 87
05-31 04:32:51.857   282   306 I [Gralloc]: leave, w : 1920, h : 1080, format : 0x1,internal_format : 0x1, usage : 0xb00. size=8294400,pixel_stride=1920,byte_stride=7680
05-31 04:32:51.857   282   306 I [Gralloc]: leave: prime_fd=87,share_attr_fd=98
05-31 04:32:51.857   746   808 I [Gralloc]: Got handle 3 for fd 72
05-31 04:32:51.857   746   808 I [Gralloc]: leave, w : 1920, h : 1080, format : 0x1,internal_format : 0x1, usage : 0xb00. size=8294400,pixel_stride=1920,byte_stride=7680
05-31 04:32:51.857   746   808 I [Gralloc]: leave: prime_fd=72,share_attr_fd=73
05-31 04:32:51.857   470   965 V KeyValueBackupJob: Scheduling k/v pass in 245 minutes
05-31 04:32:51.863   274   274 I [Gralloc]: Got handle 12 for fd 70
05-31 04:32:51.864   274   274 I [Gralloc]: leave, w : 1920, h : 1080, format : 0x1,internal_format : 0x1, usage : 0xb00. size=8294400,pixel_stride=1920,byte_stride=7680
05-31 04:32:51.864   274   274 I [Gralloc]: leave: prime_fd=70,share_attr_fd=71
05-31 04:32:51.871   470   485 D AutofillManagerServiceImpl: Reset component for user 0
05-31 04:32:51.878   607   607 I InputAttributes: InputType.TYPE_NULL is specified
05-31 04:32:51.883   274   274 I [Gralloc]: Got handle 13 for fd 73
05-31 04:32:51.883   274   274 I [Gralloc]: leave, w : 1920, h : 1080, format : 0x1,internal_format : 0x1, usage : 0xb00. size=8294400,pixel_stride=1920,byte_stride=7680
05-31 04:32:51.883   274   274 I [Gralloc]: leave: prime_fd=73,share_attr_fd=86
05-31 04:32:51.890   470   965 I BackupManagerService: Found stale backup journal, scheduling
05-31 04:32:51.891   470   486 D AutofillUI: destroySaveUiUiThread(): already destroyed
05-31 04:32:51.891   470   485 D AutofillManagerServiceImpl: Reset component for user 0
05-31 04:32:51.892   470   485 I ActivityManager: Loading recents for user 0 into memory.
05-31 04:32:51.900   273   273 I [Gralloc]: Got fd 16 for handle 1
05-31 04:32:51.903   273   273 I [Gralloc]: leave, w : 1920, h : 1080, format : 0x1,internal_format : 0x1, usage : 0xb00. size=8294400,pixel_stride=1920,byte_stride=7680
05-31 04:32:51.903   273   273 I [Gralloc]: leave: prime_fd=16,share_attr_fd=17
05-31 04:32:51.904   282   548 I [Gralloc]: Got handle 7 for fd 51
05-31 04:32:51.904   282   548 I [Gralloc]: leave, w : 1920, h : 1080, format : 0x1,internal_format : 0x1, usage : 0xb00. size=8294400,pixel_stride=1920,byte_stride=7680
05-31 04:32:51.904   282   548 I [Gralloc]: leave: prime_fd=51,share_attr_fd=52
05-31 04:32:51.904   746   808 I [Gralloc]: Got handle 4 for fd 75
05-31 04:32:51.904   746   808 I [Gralloc]: leave, w : 1920, h : 1080, format : 0x1,internal_format : 0x1, usage : 0xb00. size=8294400,pixel_stride=1920,byte_stride=7680
05-31 04:32:51.904   746   808 I [Gralloc]: leave: prime_fd=75,share_attr_fd=76
05-31 04:32:51.927   470   485 I ActivityManager: Start proc 1012:com.cghs.stresstest/1000 for added application com.cghs.stresstest
05-31 04:32:51.930   274   274 I [Gralloc]: Got handle 14 for fd 44
05-31 04:32:51.931   274   274 I [Gralloc]: leave, w : 1920, h : 1080, format : 0x1,internal_format : 0x1, usage : 0xb00. size=8294400,pixel_stride=1920,byte_stride=7680
05-31 04:32:51.931   274   274 I [Gralloc]: leave: prime_fd=44,share_attr_fd=45
05-31 04:32:51.935   470   485 I ActivityManager: User 0 state changed from RUNNING_UNLOCKING to RUNNING_UNLOCKED
05-31 04:32:51.937   470   485 I ActivityManager: Sending BOOT_COMPLETE user #0
05-31 04:32:51.953   470   493 I AppWidgetServiceImpl: Async processing of onUserUnlocked u0 took 102 ms
05-31 04:32:51.959   989   989 I zygote64: The ClassLoaderContext is a special shared library.
05-31 04:32:51.960   470  1005 W ResourceType: No known package when getting value for resource number 0x7f080140
05-31 04:32:51.960   470  1005 W ResourceType: No known package when getting value for resource number 0x7f120e61
05-31 04:32:51.961   470  1005 W ResourceType: No known package when getting value for resource number 0x7f08013f
05-31 04:32:51.961   470  1005 W ResourceType: No known package when getting value for resource number 0x7f1203e9
05-31 04:32:51.961   989   989 I zygote64: The ClassLoaderContext is a special shared library.
05-31 04:32:51.961   470  1005 W ResourceType: No known package when getting value for resource number 0x7f08013e
05-31 04:32:51.961   470  1005 W ResourceType: No known package when getting value for resource number 0x7f1208c1
05-31 04:32:51.978   470   555 I WifiService: getConfiguredNetworks uid=1000
05-31 04:32:51.982   722   722 D CarrierSvcBindHelper: Received android.intent.action.USER_UNLOCKED
05-31 04:32:51.983   722   722 E PhoneInterfaceManager: [PhoneIntfMgr] getCarrierPackageNamesForIntent: No UICC
05-31 04:32:51.983   722   722 D CarrierSvcBindHelper: No carrier app for: 0
05-31 04:32:51.989   746   746 D FallbackHome: User unlocked and real home found; let's go!
05-31 04:32:51.994   470   470 V NotificationListeners: enabling notification listener for 0: ComponentInfo{com.android.launcher3/com.android.launcher3.notification.NotificationListener}
05-31 04:32:52.014   470  1005 W ResourceType: No known package when getting value for resource number 0x7f020066
05-31 04:32:52.014   470  1005 W ResourceType: No known package when getting value for resource number 0x7f0e0065
05-31 04:32:52.025   989   989 I zygote64: The ClassLoaderContext is a special shared library.
05-31 04:32:52.032   470  1005 W ResourceType: No known package when getting value for resource number 0x7f0200e2
05-31 04:32:52.032   470  1005 W ResourceType: No known package when getting value for resource number 0x7f17000c
05-31 04:32:52.034   470   732 I ActivityManager: Start proc 1043:com.android.smspush/u0a58 for service com.android.smspush/.WapPushManager
05-31 04:32:52.035   470   470 V NotificationListeners: binding: Intent { act=android.service.notification.NotificationListenerService cmp=com.android.launcher3/.notification.NotificationListener (has extras) }
05-31 04:32:52.040   470   480 I zygote64: Background concurrent copying GC freed 34518(2MB) AllocSpace objects, 12(496KB) LOS objects, 42% free, 7MB/13MB, paused 875us total 238.484ms
05-31 04:32:52.049   470  1005 W ResourceType: No known package when getting value for resource number 0x7f07008c
05-31 04:32:52.049   470  1005 W ResourceType: No known package when getting value for resource number 0x7f0f0061
05-31 04:32:52.053   470   478 W MediaPlayer-JNI: MediaPlayer finalized without being released
05-31 04:32:52.055   401   834 D NuPlayerDriver: reset(0xe8c272a0) at state 6
05-31 04:32:52.057   401   834 D NuPlayerDriver: notifyListener_l(0xe8c272a0), (8, 0, 0, -1), loop setting(0, 0)
05-31 04:32:52.069   401   814 D NuPlayerDriver: notifyResetComplete(0xe8c272a0)
05-31 04:32:52.072   470   478 V MediaPlayer: resetDrmState:  mDrmInfo=null mDrmProvisioningThread=null mPrepareDrmInProgress=false mActiveDrmScheme=false
05-31 04:32:52.072   470   478 V MediaPlayer: cleanDrmObj: mDrmObj=null mDrmSessionId=null
05-31 04:32:52.083   470   582 D EthernetNetworkFactory: eth0 carrier = 0
05-31 04:32:52.085   470   470 I ActivityManager: Start proc 1060:com.android.launcher3/u0a26 for service com.android.launcher3/.notification.NotificationListener
05-31 04:32:52.089   470   933 I ActivityManager: START u0 {act=android.intent.action.MAIN cat=[android.intent.category.HOME] flg=0x10000100 cmp=com.android.launcher3/.Launcher} from uid 0
05-31 04:32:52.093  1012  1012 I zygote64: The ClassLoaderContext is a special shared library.
05-31 04:32:52.105   470   933 E ActivityManager: getPackageFerformanceMode--ComponentInfo{com.android.launcher3/com.android.launcher3.Launcher}----com.android.launcher3
05-31 04:32:52.110   470   485 E ActivityManager: getPackageFerformanceMode--ComponentInfo{com.android.launcher3/com.android.launcher3.Launcher}----com.android.launcher3
05-31 04:32:52.122   470   470 I AccountManagerService: User 0 is unlocked - opening CE database
05-31 04:32:52.141   470   484 I ActivityManager: Start proc 1075:com.android.printspooler/u0a42 for service com.android.printspooler/.model.PrintSpoolerService
05-31 04:32:52.203  1060  1060 I zygote64: The ClassLoaderContext is a special shared library.
05-31 04:32:52.218  1075  1075 I zygote64: The ClassLoaderContext is a special shared library.
05-31 04:32:52.239   266   454 D AudioHardwareTiny: adev_set_parameters: kvpairs = A2dpSuspended=false
05-31 04:32:52.242   266   454 D AudioHardwareTiny: adev_set_parameters: kvpairs = BT_SCO=off
05-31 04:32:52.245  1043  1043 I zygote64: The ClassLoaderContext is a special shared library.
05-31 04:32:52.304   966   966 I AlarmClock: AlarmInitReceiver android.intent.action.LOCKED_BOOT_COMPLETED
05-31 04:32:52.319  1060  1060 V Launcher: LauncherAppState initiated
05-31 04:32:52.340   966  1116 I AlarmClock: Fixing alarm instances
05-31 04:32:52.349   989   989 I LoadedApk: No resource references to update in package FFFFFFFFFFFFFFFFFFFFFF
05-31 04:32:52.352   470   484 I ActivityManager: Start proc 1117:com.android.keychain/1000 for service com.android.keychain/.KeyChainService
05-31 04:32:52.406  1117  1117 I zygote64: The ClassLoaderContext is a special shared library.
05-31 04:32:52.425   470   734 I ActivityManager: Start proc 1134:com.google.process.gservices/u0a2 for content provider com.google.android.gsf/.gservices.GservicesProvider
05-31 04:32:52.435   966  1116 V AlarmClock: AlarmInitReceiver finished
05-31 04:32:52.441  1012  1012 E VRMountReceiver: ---------------- action = android.intent.action.MEDIA_MOUNTED
05-31 04:32:52.441  1012  1012 E VRMountReceiver: ------------- mount path = /storage/emulated/0
05-31 04:32:52.443  1012  1012 E VRMountReceiver: ---------------- pathUri is null 
05-31 04:32:52.447   470   484 W LocationProviderProxy-network: com.google.android.gms resolves service com.android.location.service.v3.NetworkLocationProvider, but has wrong signature, ignoring
05-31 04:32:52.447   470   484 W LocationProviderProxy-network: Odd, no component found for service com.android.location.service.v3.NetworkLocationProvider
05-31 04:32:52.449   470   484 W LocationProviderProxy-fused: com.google.android.gms resolves service com.android.location.service.FusedLocationProvider, but has wrong signature, ignoring
05-31 04:32:52.452   470   484 W GeocoderProxy: com.google.android.gms resolves service com.android.location.service.GeocodeProvider, but has wrong signature, ignoring
05-31 04:32:52.452   470   484 W GeocoderProxy: Odd, no component found for service com.android.location.service.GeocodeProvider
05-31 04:32:52.453   470   484 W GeofenceProxy: com.google.android.gms resolves service com.android.location.service.GeofenceProvider, but has wrong signature, ignoring
05-31 04:32:52.453   470   484 W GeofenceProxy: Odd, no component found for service com.android.location.service.GeofenceProvider
05-31 04:32:52.454   470   484 W ActivityRecognitionProxy: com.google.android.gms resolves service com.android.location.service.ActivityRecognitionProvider, but has wrong signature, ignoring
05-31 04:32:52.454   470   484 W ActivityRecognitionProxy: Odd, no component found for service com.android.location.service.ActivityRecognitionProvider
05-31 04:32:52.465   470   484 I SyncManager: Loaded persisted syncs: 0 periodic syncs, 0 oneshot syncs, 7 total system server jobs, JobStats: FirstLoad: 1/0/0 LastSave: -1/-1/-1
05-31 04:32:52.478  1134  1134 I zygote64: The ClassLoaderContext is a special shared library.
05-31 04:32:52.484   470   484 E memtrack: Couldn't load memtrack module
05-31 04:32:52.484   470   484 W android.os.Debug: failed to get memory consumption info: -1
05-31 04:32:52.487   470   484 E memtrack: Couldn't load memtrack module
05-31 04:32:52.487   470   484 W android.os.Debug: failed to get memory consumption info: -1
05-31 04:32:52.488   470   484 E memtrack: Couldn't load memtrack module
05-31 04:32:52.488   470   484 W android.os.Debug: failed to get memory consumption info: -1
05-31 04:32:52.492   470   484 E memtrack: Couldn't load memtrack module
05-31 04:32:52.492   470   484 W android.os.Debug: failed to get memory consumption info: -1
05-31 04:32:52.495   470   484 E memtrack: Couldn't load memtrack module
05-31 04:32:52.495   470   484 W android.os.Debug: failed to get memory consumption info: -1
05-31 04:32:52.500   470   484 E memtrack: Couldn't load memtrack module
05-31 04:32:52.500   470   484 W android.os.Debug: failed to get memory consumption info: -1
05-31 04:32:52.502   470   484 E memtrack: Couldn't load memtrack module
05-31 04:32:52.503   470   484 W android.os.Debug: failed to get memory consumption info: -1
05-31 04:32:52.507   470   484 E memtrack: Couldn't load memtrack module
05-31 04:32:52.507   470   484 W android.os.Debug: failed to get memory consumption info: -1
05-31 04:32:52.511  1134  1134 I GservicesProvider: Gservices pushing to system: true; secure/global: true
05-31 04:32:52.514   470   484 E memtrack: Couldn't load memtrack module
05-31 04:32:52.514   470   484 W android.os.Debug: failed to get memory consumption info: -1
05-31 04:32:52.517   470   484 E memtrack: Couldn't load memtrack module
05-31 04:32:52.518   470   484 W android.os.Debug: failed to get memory consumption info: -1
05-31 04:32:52.525   470   484 E memtrack: Couldn't load memtrack module
05-31 04:32:52.525   470   484 W android.os.Debug: failed to get memory consumption info: -1
05-31 04:32:52.529   470   484 E memtrack: Couldn't load memtrack module
05-31 04:32:52.529   470   484 W android.os.Debug: failed to get memory consumption info: -1
05-31 04:32:52.538  1060  1060 W System  : ClassLoader referenced unknown path: 
05-31 04:32:52.544   470   484 E memtrack: Couldn't load memtrack module
05-31 04:32:52.544   470   484 W android.os.Debug: failed to get memory consumption info: -1
05-31 04:32:52.550   470   484 E memtrack: Couldn't load memtrack module
05-31 04:32:52.550   470   484 W android.os.Debug: failed to get memory consumption info: -1
05-31 04:32:52.554   470   484 E memtrack: Couldn't load memtrack module
05-31 04:32:52.554   470   484 W android.os.Debug: failed to get memory consumption info: -1
05-31 04:32:52.559   470   484 E memtrack: Couldn't load memtrack module
05-31 04:32:52.559   470   484 W android.os.Debug: failed to get memory consumption info: -1
05-31 04:32:52.563   470   484 E memtrack: Couldn't load memtrack module
05-31 04:32:52.563   470   484 W android.os.Debug: failed to get memory consumption info: -1
05-31 04:32:52.569   470   484 E memtrack: Couldn't load memtrack module
05-31 04:32:52.569   470   484 W android.os.Debug: failed to get memory consumption info: -1
05-31 04:32:52.578   470   484 E memtrack: Couldn't load memtrack module
05-31 04:32:52.578   470   484 W android.os.Debug: failed to get memory consumption info: -1
05-31 04:32:52.582  1060  1118 D LoaderTask: loadWorkspace: loading default favorites
05-31 04:32:52.582   470   484 E memtrack: Couldn't load memtrack module
05-31 04:32:52.582   470   484 W android.os.Debug: failed to get memory consumption info: -1
05-31 04:32:52.584  1060  1154 D OpenGLRenderer: HWUI GL Pipeline
05-31 04:32:52.589   470   484 E memtrack: Couldn't load memtrack module
05-31 04:32:52.590   470   484 W android.os.Debug: failed to get memory consumption info: -1
05-31 04:32:52.594   470   484 E memtrack: Couldn't load memtrack module
05-31 04:32:52.594   470   484 W android.os.Debug: failed to get memory consumption info: -1
05-31 04:32:52.598   470   484 E memtrack: Couldn't load memtrack module
05-31 04:32:52.598   470   484 W android.os.Debug: failed to get memory consumption info: -1
05-31 04:32:52.602   470   484 E memtrack: Couldn't load memtrack module
05-31 04:32:52.603   470   484 W android.os.Debug: failed to get memory consumption info: -1
05-31 04:32:52.607   470   484 E memtrack: Couldn't load memtrack module
05-31 04:32:52.607   470   484 W android.os.Debug: failed to get memory consumption info: -1
05-31 04:32:52.609   470   484 E memtrack: Couldn't load memtrack module
05-31 04:32:52.609   470   484 W android.os.Debug: failed to get memory consumption info: -1
05-31 04:32:52.611   470   734 D AutofillManagerServiceImpl: Reset component for user 0
05-31 04:32:52.623   989   989 W linker  : "/data/user_de/0/com.google.android.gms/app_extracted_libs/arm64-v8a/libconscrypt_gmscore_jni.so" unused DT entry: type 0xf arg 0x8a
05-31 04:32:52.627   470   484 E memtrack: Couldn't load memtrack module
05-31 04:32:52.627   470   484 W android.os.Debug: failed to get memory consumption info: -1
05-31 04:32:52.632   470   484 E memtrack: Couldn't load memtrack module
05-31 04:32:52.633   470   484 W android.os.Debug: failed to get memory consumption info: -1
05-31 04:32:52.635  1060  1154 I mali_so : [File] : hardware/arm/maliT760/driver/product/base/src/mali_base_kbase.c; [Line] : 947; [Func] : base_context_deal_with_version_affairs_rk_ext;
05-31 04:32:52.635  1060  1154 I mali_so : arm_release_ver of this mali_so is 'r18p0-01rel0', rk_so_ver is '11@0'.
05-31 04:32:52.635  1060  1154 I mali_so : [File] : hardware/arm/maliT760/driver/product/base/src/mali_base_kbase.c; [Line] : 914; [Func] : determine_policy_against_patch_for_sf_memory_leak;
05-31 04:32:52.635  1060  1154 I mali_so : cmdline : com.android.launcher3, we should GO THROUGH patch_for_sf_memory_leak.
05-31 04:32:52.635  1060  1154 D mali_so : [File] : hardware/arm/maliT760/driver/product/base/src/mali_base_kbase.c; [Line] : 955; [Func] : base_context_deal_with_version_affairs_rk_ext;
05-31 04:32:52.635  1060  1154 D mali_so : current process is NOT sf, to bail out.
05-31 04:32:52.639   470   484 E memtrack: Couldn't load memtrack module
05-31 04:32:52.639   470   484 W android.os.Debug: failed to get memory consumption info: -1
05-31 04:32:52.642   470   484 E memtrack: Couldn't load memtrack module
05-31 04:32:52.642   470   484 W android.os.Debug: failed to get memory consumption info: -1
05-31 04:32:52.642   470   484 E memtrack: Couldn't load memtrack module
05-31 04:32:52.642   470   484 W android.os.Debug: failed to get memory consumption info: -1
05-31 04:32:52.647   989   989 V NativeCrypto: Registering com/google/android/gms/org/conscrypt/NativeCrypto's 276 native methods...
05-31 04:32:52.649   470   484 E memtrack: Couldn't load memtrack module
05-31 04:32:52.649   470   484 W android.os.Debug: failed to get memory consumption info: -1
05-31 04:32:52.651  1060  1154 I com.android.launcher3: android::hardware::configstore::V1_0::ISurfaceFlingerConfigs::hasWideColorDisplay retrieved: 0
05-31 04:32:52.651  1060  1154 I OpenGLRenderer: Initialized EGL, version 1.4
05-31 04:32:52.651  1060  1154 D OpenGLRenderer: Swap behavior 2
05-31 04:32:52.656   273   273 I [Gralloc]: Got fd 16 for handle 1
05-31 04:32:52.658   273   273 I [Gralloc]: leave, w : 1920, h : 1080, format : 0x1,internal_format : 0x1, usage : 0x900. size=8294400,pixel_stride=1920,byte_stride=7680
05-31 04:32:52.658   273   273 I [Gralloc]: leave: prime_fd=16,share_attr_fd=17
05-31 04:32:52.659   282   854 I [Gralloc]: Got handle 16 for fd 70
05-31 04:32:52.659   282   854 I [Gralloc]: leave, w : 1920, h : 1080, format : 0x1,internal_format : 0x1, usage : 0x900. size=8294400,pixel_stride=1920,byte_stride=7680
05-31 04:32:52.659   282   854 I [Gralloc]: leave: prime_fd=70,share_attr_fd=118
05-31 04:32:52.670   273   385 I [Gralloc]: Got fd 16 for handle 1
05-31 04:32:52.672   273   385 I [Gralloc]: leave, w : 1920, h : 1080, format : 0x1,internal_format : 0x1, usage : 0x900. size=8294400,pixel_stride=1920,byte_stride=7680
05-31 04:32:52.672   273   385 I [Gralloc]: leave: prime_fd=16,share_attr_fd=17
05-31 04:32:52.672   282   854 I [Gralloc]: Got handle 17 for fd 117
05-31 04:32:52.672   282   854 I [Gralloc]: leave, w : 1920, h : 1080, format : 0x1,internal_format : 0x1, usage : 0x900. size=8294400,pixel_stride=1920,byte_stride=7680
05-31 04:32:52.672   282   854 I [Gralloc]: leave: prime_fd=117,share_attr_fd=122
05-31 04:32:52.675   989   989 D NetworkSecurityConfig: No Network Security Config specified, using platform default
05-31 04:32:52.679   989   989 I ProviderInstaller: Installed default security provider GmsCore_OpenSSL
05-31 04:32:52.685   273   273 I [Gralloc]: Got fd 16 for handle 1
05-31 04:32:52.686   273   273 I [Gralloc]: leave, w : 1920, h : 1080, format : 0x1,internal_format : 0x1, usage : 0x900. size=8294400,pixel_stride=1920,byte_stride=7680
05-31 04:32:52.686   273   273 I [Gralloc]: leave: prime_fd=16,share_attr_fd=17
05-31 04:32:52.693   470   484 E memtrack: Couldn't load memtrack module
05-31 04:32:52.693   470   484 W android.os.Debug: failed to get memory consumption info: -1
05-31 04:32:52.713   470   484 E memtrack: Couldn't load memtrack module
05-31 04:32:52.713   470   484 W android.os.Debug: failed to get memory consumption info: -1
05-31 04:32:52.716   282   854 I [Gralloc]: Got handle 19 for fd 132
05-31 04:32:52.716   282   854 I [Gralloc]: leave, w : 1920, h : 1080, format : 0x1,internal_format : 0x1, usage : 0x900. size=8294400,pixel_stride=1920,byte_stride=7680
05-31 04:32:52.716   282   854 I [Gralloc]: leave: prime_fd=132,share_attr_fd=133
05-31 04:32:52.720   470   484 E memtrack: Couldn't load memtrack module
05-31 04:32:52.720   470   484 W android.os.Debug: failed to get memory consumption info: -1
05-31 04:32:52.725   470   484 E memtrack: Couldn't load memtrack module
05-31 04:32:52.725   470   484 W android.os.Debug: failed to get memory consumption info: -1
05-31 04:32:52.727   273   385 I [Gralloc]: Got fd 16 for handle 1
05-31 04:32:52.728   273   385 I [Gralloc]: leave, w : 1920, h : 1080, format : 0x1,internal_format : 0x1, usage : 0x900. size=8294400,pixel_stride=1920,byte_stride=7680
05-31 04:32:52.728   273   385 I [Gralloc]: leave: prime_fd=16,share_attr_fd=17
05-31 04:32:52.729   282   854 I [Gralloc]: Got handle 20 for fd 84
05-31 04:32:52.729   282   854 I [Gralloc]: leave, w : 1920, h : 1080, format : 0x1,internal_format : 0x1, usage : 0x900. size=8294400,pixel_stride=1920,byte_stride=7680
05-31 04:32:52.729   282   854 I [Gralloc]: leave: prime_fd=84,share_attr_fd=108
05-31 04:32:52.730  1060  1154 D mali_winsys: EGLint new_window_surface(egl_winsys_display *, void *, EGLSurface, EGLConfig, egl_winsys_surface **, egl_color_buffer_format *, EGLBoolean) returns 0x3000
05-31 04:32:52.731   470   484 E memtrack: Couldn't load memtrack module
05-31 04:32:52.731   470   484 W android.os.Debug: failed to get memory consumption info: -1
05-31 04:32:52.735  1060  1060 W View    : requestLayout() improperly called by com.android.launcher3.graphics.GradientView{1087760 V.ED..... ......I. 0,0-0,0 #7f0b0033 app:id/gradient_bg} during layout: running second layout pass
05-31 04:32:52.736   470   484 E memtrack: Couldn't load memtrack module
05-31 04:32:52.736   470   484 W android.os.Debug: failed to get memory consumption info: -1
05-31 04:32:52.741   470   484 E memtrack: Couldn't load memtrack module
05-31 04:32:52.741   470   484 W android.os.Debug: failed to get memory consumption info: -1
05-31 04:32:52.747   470   484 E memtrack: Couldn't load memtrack module
05-31 04:32:52.747   470   484 W android.os.Debug: failed to get memory consumption info: -1
05-31 04:32:52.755   470   484 E memtrack: Couldn't load memtrack module
05-31 04:32:52.755   470   484 W android.os.Debug: failed to get memory consumption info: -1
05-31 04:32:52.759   470   484 E memtrack: Couldn't load memtrack module
05-31 04:32:52.759   470   484 W android.os.Debug: failed to get memory consumption info: -1
05-31 04:32:52.769   470   484 E memtrack: Couldn't load memtrack module
05-31 04:32:52.769   470   484 W android.os.Debug: failed to get memory consumption info: -1
05-31 04:32:52.773   470   484 E memtrack: Couldn't load memtrack module
05-31 04:32:52.773   273   385 I [Gralloc]: Got fd 16 for handle 1
05-31 04:32:52.773   470   484 W android.os.Debug: failed to get memory consumption info: -1
05-31 04:32:52.774   273   385 I [Gralloc]: leave, w : 1920, h : 1080, format : 0x1,internal_format : 0x1, usage : 0xb00. size=8294400,pixel_stride=1920,byte_stride=7680
05-31 04:32:52.774   273   385 I [Gralloc]: leave: prime_fd=16,share_attr_fd=17
05-31 04:32:52.775   282   381 I [Gralloc]: Got handle 20 for fd 114
05-31 04:32:52.775   282   381 I [Gralloc]: leave, w : 1920, h : 1080, format : 0x1,internal_format : 0x1, usage : 0xb00. size=8294400,pixel_stride=1920,byte_stride=7680
05-31 04:32:52.775   282   381 I [Gralloc]: leave: prime_fd=114,share_attr_fd=115
05-31 04:32:52.775   989   989 I DynamiteModule: Considering local module com.google.android.gms.googlecertificates:4 and remote module com.google.android.gms.googlecertificates:4
05-31 04:32:52.775   989   989 I DynamiteModule: Selected local version of com.google.android.gms.googlecertificates
05-31 04:32:52.775   470   484 E memtrack: Couldn't load memtrack module
05-31 04:32:52.775   470   484 W android.os.Debug: failed to get memory consumption info: -1
05-31 04:32:52.777   470   484 E memtrack: Couldn't load memtrack module
05-31 04:32:52.778   470   484 W android.os.Debug: failed to get memory consumption info: -1
05-31 04:32:52.781  1060  1154 I [Gralloc]: Got handle 1 for fd 60
05-31 04:32:52.781  1060  1154 I [Gralloc]: leave, w : 1920, h : 1080, format : 0x1,internal_format : 0x1, usage : 0xb00. size=8294400,pixel_stride=1920,byte_stride=7680
05-31 04:32:52.781  1060  1154 I [Gralloc]: leave: prime_fd=60,share_attr_fd=61
05-31 04:32:52.784   470   484 E memtrack: Couldn't load memtrack module
05-31 04:32:52.784   470   484 W android.os.Debug: failed to get memory consumption info: -1
05-31 04:32:52.786   470   484 E memtrack: Couldn't load memtrack module
05-31 04:32:52.786   470   484 W android.os.Debug: failed to get memory consumption info: -1
05-31 04:32:52.787   470   484 E memtrack: Couldn't load memtrack module
05-31 04:32:52.787   470   484 W android.os.Debug: failed to get memory consumption info: -1
05-31 04:32:52.789   470   484 E memtrack: Couldn't load memtrack module
05-31 04:32:52.789   470   484 W android.os.Debug: failed to get memory consumption info: -1
05-31 04:32:52.790   470   484 E memtrack: Couldn't load memtrack module
05-31 04:32:52.790   470   484 W android.os.Debug: failed to get memory consumption info: -1
05-31 04:32:52.790   470   484 E memtrack: Couldn't load memtrack module
05-31 04:32:52.790   470   484 W android.os.Debug: failed to get memory consumption info: -1
05-31 04:32:52.809   983   984 I adbd    : functionfs successfully initialized
05-31 04:32:52.809   983   984 I adbd    : registering usb transport
05-31 04:32:52.818   470   495 I ActivityManager: Displayed com.android.launcher3/.Launcher: +709ms
05-31 04:32:52.842   282   306 E BufferQueueProducer: [com.android.settings/com.android.settings.FallbackHome#0] disconnect: not connected (req=1)
05-31 04:32:52.842   746   808 W libEGL  : EGLNativeWindowType 0x7cbc4a3010 disconnect failed
05-31 04:32:52.847   274   335 I [Gralloc]: Got handle 15 for fd 89
05-31 04:32:52.847   274   335 I [Gralloc]: leave, w : 1920, h : 1080, format : 0x1,internal_format : 0x1, usage : 0xb00. size=8294400,pixel_stride=1920,byte_stride=7680
05-31 04:32:52.847   274   335 I [Gralloc]: leave: prime_fd=89,share_attr_fd=100
05-31 04:32:52.850   273   385 I [Gralloc]: Got fd 16 for handle 1
05-31 04:32:52.851   273   385 I [Gralloc]: leave, w : 1920, h : 1080, format : 0x1,internal_format : 0x1, usage : 0xb00. size=8294400,pixel_stride=1920,byte_stride=7680
05-31 04:32:52.851   273   385 I [Gralloc]: leave: prime_fd=16,share_attr_fd=17
05-31 04:32:52.851   282   548 I [Gralloc]: Got handle 19 for fd 71
05-31 04:32:52.851   282   548 I [Gralloc]: leave, w : 1920, h : 1080, format : 0x1,internal_format : 0x1, usage : 0xb00. size=8294400,pixel_stride=1920,byte_stride=7680
05-31 04:32:52.851   282   548 I [Gralloc]: leave: prime_fd=71,share_attr_fd=73
05-31 04:32:52.870  1060  1154 I [Gralloc]: Got handle 2 for fd 65
05-31 04:32:52.870  1060  1154 I [Gralloc]: leave, w : 1920, h : 1080, format : 0x1,internal_format : 0x1, usage : 0xb00. size=8294400,pixel_stride=1920,byte_stride=7680
05-31 04:32:52.870  1060  1154 I [Gralloc]: leave: prime_fd=65,share_attr_fd=66
05-31 04:32:52.902   274   335 I [Gralloc]: Got handle 16 for fd 99
05-31 04:32:52.903   274   335 I [Gralloc]: leave, w : 1920, h : 1080, format : 0x1,internal_format : 0x1, usage : 0xb00. size=8294400,pixel_stride=1920,byte_stride=7680
05-31 04:32:52.903   274   335 I [Gralloc]: leave: prime_fd=99,share_attr_fd=108
05-31 04:32:52.911   273   385 I [Gralloc]: Got fd 16 for handle 1
05-31 04:32:52.911   273   385 I [Gralloc]: leave, w : 1920, h : 1080, format : 0x1,internal_format : 0x1, usage : 0xb00. size=8294400,pixel_stride=1920,byte_stride=7680
05-31 04:32:52.911   273   385 I [Gralloc]: leave: prime_fd=16,share_attr_fd=17
05-31 04:32:52.912   282   548 I [Gralloc]: Got handle 17 for fd 119
05-31 04:32:52.912   282   548 I [Gralloc]: leave, w : 1920, h : 1080, format : 0x1,internal_format : 0x1, usage : 0xb00. size=8294400,pixel_stride=1920,byte_stride=7680
05-31 04:32:52.912   282   548 I [Gralloc]: leave: prime_fd=119,share_attr_fd=122
05-31 04:32:52.912  1060  1154 I [Gralloc]: Got handle 3 for fd 69
05-31 04:32:52.912  1060  1154 I [Gralloc]: leave, w : 1920, h : 1080, format : 0x1,internal_format : 0x1, usage : 0xb00. size=8294400,pixel_stride=1920,byte_stride=7680
05-31 04:32:52.912  1060  1154 I [Gralloc]: leave: prime_fd=69,share_attr_fd=70
05-31 04:32:52.957   989   989 W ConfigurationChimeraPro: Got null configs for com.google.android.gms.backup
05-31 04:32:52.996   273   385 I [Gralloc]: Got fd 16 for handle 1
05-31 04:32:52.997   273   385 I [Gralloc]: leave, w : 1920, h : 1080, format : 0x1,internal_format : 0x1, usage : 0xb00. size=8294400,pixel_stride=1920,byte_stride=7680
05-31 04:32:52.997   273   385 I [Gralloc]: leave: prime_fd=16,share_attr_fd=17
05-31 04:32:52.997   282   548 I [Gralloc]: Got handle 16 for fd 135
05-31 04:32:52.997   282   548 I [Gralloc]: leave, w : 1920, h : 1080, format : 0x1,internal_format : 0x1, usage : 0xb00. size=8294400,pixel_stride=1920,byte_stride=7680
05-31 04:32:52.997   282   548 I [Gralloc]: leave: prime_fd=135,share_attr_fd=136
05-31 04:32:52.998  1060  1154 I [Gralloc]: Got handle 4 for fd 68
05-31 04:32:52.998  1060  1154 I [Gralloc]: leave, w : 1920, h : 1080, format : 0x1,internal_format : 0x1, usage : 0xb00. size=8294400,pixel_stride=1920,byte_stride=7680
05-31 04:32:52.998  1060  1154 I [Gralloc]: leave: prime_fd=68,share_attr_fd=72
05-31 04:32:52.998   274   335 I [Gralloc]: Got handle 17 for fd 111
05-31 04:32:52.998   274   335 I [Gralloc]: leave, w : 1920, h : 1080, format : 0x1,internal_format : 0x1, usage : 0xb00. size=8294400,pixel_stride=1920,byte_stride=7680
05-31 04:32:52.998   274   335 I [Gralloc]: leave: prime_fd=111,share_attr_fd=113
05-31 04:32:53.015   274   335 I [Gralloc]: Got handle 18 for fd 46
05-31 04:32:53.015   274   335 I [Gralloc]: leave, w : 1920, h : 1080, format : 0x1,internal_format : 0x1, usage : 0xb00. size=8294400,pixel_stride=1920,byte_stride=7680
05-31 04:32:53.015   274   335 I [Gralloc]: leave: prime_fd=46,share_attr_fd=56
05-31 04:32:53.019  1060  1060 E SchedPolicy: set_timerslack_ns write failed: Operation not permitted
05-31 04:32:53.072   470   470 W Binder  : Outgoing transactions from this process must be FLAG_ONEWAY
05-31 04:32:53.072   470   470 W Binder  : java.lang.Throwable
05-31 04:32:53.072   470   470 W Binder  :      at android.os.BinderProxy.transact(Binder.java:752)
05-31 04:32:53.072   470   470 W Binder  :      at com.android.internal.backup.IBackupTransport$Stub$Proxy.name(IBackupTransport.java:369)
05-31 04:32:53.072   470   470 W Binder  :      at com.android.server.backup.TransportManager$TransportConnection.onServiceConnected(TransportManager.java:339)
05-31 04:32:53.072   470   470 W Binder  :      at android.app.LoadedApk$ServiceDispatcher.doConnected(LoadedApk.java:1652)
05-31 04:32:53.072   470   470 W Binder  :      at android.app.LoadedApk$ServiceDispatcher$RunConnection.run(LoadedApk.java:1681)
05-31 04:32:53.072   470   470 W Binder  :      at android.os.Handler.handleCallback(Handler.java:790)
05-31 04:32:53.072   470   470 W Binder  :      at android.os.Handler.dispatchMessage(Handler.java:99)
05-31 04:32:53.072   470   470 W Binder  :      at android.os.Looper.loop(Looper.java:164)
05-31 04:32:53.072   470   470 W Binder  :      at com.android.server.SystemServer.run(SystemServer.java:419)
05-31 04:32:53.072   470   470 W Binder  :      at com.android.server.SystemServer.main(SystemServer.java:270)
05-31 04:32:53.072   470   470 W Binder  :      at java.lang.reflect.Method.invoke(Native Method)
05-31 04:32:53.072   470   470 W Binder  :      at com.android.internal.os.RuntimeInit$MethodAndArgsCaller.run(RuntimeInit.java:438)
05-31 04:32:53.072   470   470 W Binder  :      at com.android.internal.os.ZygoteInit.main(ZygoteInit.java:787)
05-31 04:32:53.078   470   470 D BackupTransportManager: Bound to transport: com.google.android.gms/.backup.BackupTransportService
05-31 04:32:53.118   470   470 W Binder  : Outgoing transactions from this process must be FLAG_ONEWAY
05-31 04:32:53.118   470   470 W Binder  : java.lang.Throwable
05-31 04:32:53.118   470   470 W Binder  :      at android.os.BinderProxy.transact(Binder.java:752)
05-31 04:32:53.118   470   470 W Binder  :      at com.android.internal.backup.IBackupTransport$Stub$Proxy.name(IBackupTransport.java:369)
05-31 04:32:53.118   470   470 W Binder  :      at com.android.server.backup.TransportManager$TransportConnection.onServiceConnected(TransportManager.java:339)
05-31 04:32:53.118   470   470 W Binder  :      at android.app.LoadedApk$ServiceDispatcher.doConnected(LoadedApk.java:1652)
05-31 04:32:53.118   470   470 W Binder  :      at android.app.LoadedApk$ServiceDispatcher$RunConnection.run(LoadedApk.java:1681)
05-31 04:32:53.118   470   470 W Binder  :      at android.os.Handler.handleCallback(Handler.java:790)
05-31 04:32:53.118   470   470 W Binder  :      at android.os.Handler.dispatchMessage(Handler.java:99)
05-31 04:32:53.118   470   470 W Binder  :      at android.os.Looper.loop(Looper.java:164)
05-31 04:32:53.118   470   470 W Binder  :      at com.android.server.SystemServer.run(SystemServer.java:419)
05-31 04:32:53.118   470   470 W Binder  :      at com.android.server.SystemServer.main(SystemServer.java:270)
05-31 04:32:53.118   470   470 W Binder  :      at java.lang.reflect.Method.invoke(Native Method)
05-31 04:32:53.118   470   470 W Binder  :      at com.android.internal.os.RuntimeInit$MethodAndArgsCaller.run(RuntimeInit.java:438)
05-31 04:32:53.118   470   470 W Binder  :      at com.android.internal.os.ZygoteInit.main(ZygoteInit.java:787)
05-31 04:32:53.120  1060  1060 E SchedPolicy: set_timerslack_ns write failed: Operation not permitted
05-31 04:32:53.133   470   470 D BackupTransportManager: Bound to transport: com.google.android.gms/.backup.component.D2dTransportService
05-31 04:32:53.176   989   989 V Backup  : [BackupTransportCS] accounts changed
05-31 04:32:53.178   989   989 I Backup  : [GmsBackupAccountManager] Backup account not found in gmscore.
05-31 04:32:53.181   989   989 D Backup  : [BackupScheduler] Setting backup scheduler enabled=false due to desired state 4
05-31 04:32:53.183   989   989 V Backup  : [BackupTransportCS] no backup now: [OperationScheduler: enabledState=false moratoriumSet=2020-05-31/04:32:53 moratorium=1970-01-01/00:00:00]
05-31 04:32:53.197   989   989 W ChimeraUtils: Module com.google.android.gms.backup has empty metadata display_name_string_id
05-31 04:32:53.580  1193  1193 I sh      : type=1400 audit(0.0:21): avc: denied { execute_no_trans } for path="/vendor/bin/toybox_vendor" dev="dm-1" ino=53 scontext=u:r:pwm_fan_autorun:s0 tcontext=u:object_r:vendor_toolbox_exec:s0 tclass=file permissive=1
05-31 04:32:53.925   607   607 I LatinIME: Timeout waiting for dictionary load
05-31 04:32:53.957  1012  1012 D RecoveryReceiver: RECOVERY_STATE_FILE_TF:/mnt/external_sd/Recovery_state
05-31 04:32:53.982   470   612 I ActivityManager: Start proc 1195:android.rockchip.update.service/1000 for broadcast android.rockchip.update.service/.RKUpdateReceiver
05-31 04:32:54.051  1195  1195 I zygote64: The ClassLoaderContext is a special shared library.
05-31 04:32:54.088  1195  1195 D RKUpdateReceiver: action = android.intent.action.MEDIA_MOUNTED
05-31 04:32:54.119   470   753 I ActivityManager: Start proc 1210:android.process.media/u0a17 for broadcast com.android.providers.downloads/.DownloadReceiver
05-31 04:32:54.178  1210  1210 I zygote64: The ClassLoaderContext is a special shared library.
05-31 04:32:54.220  1210  1210 I zygote64: The ClassLoaderContext is a special shared library.
05-31 04:32:54.374  1210  1210 D MediaScannerReceiver: action: android.intent.action.MEDIA_MOUNTED path: /storage/emulated/0
05-31 04:32:54.402   470   612 I ActivityManager: Start proc 1230:com.android.quicksearchbox/u0a63 for broadcast com.android.quicksearchbox/.SearchWidgetProvider
05-31 04:32:54.457  1230  1230 I zygote64: The ClassLoaderContext is a special shared library.
05-31 04:32:54.519   722   722 I com.android.phone: Looking for service android.hardware.radio@1.0::IRadio/slot1
05-31 04:32:54.522   722   722 I com.android.phone: Looking for service android.hardware.radio.deprecated@1.0::IOemHook/slot1
05-31 04:32:54.534   266   454 D alsa_route: route_set_controls() set route 24
05-31 04:32:54.535   266   454 D AudioHardwareTiny: close device
05-31 04:32:54.601   470  1254 I RecoverySystem: No recovery log file
05-31 04:32:54.607  1012  1012 D StressTest: =========onReceive===rebootFlag:0
05-31 04:32:54.610   470  1254 I BootReceiver: Copying audit failures to DropBox
05-31 04:32:54.612   470  1254 I BootReceiver: Checking for fsck errors
05-31 04:32:54.612   470   470 I Telecom : DefaultDialerCache: Refreshing default dialer for user 0: now null: DDC.oR@AAo
05-31 04:32:54.613   470  1254 I BootReceiver: fs_stat, partition:oem stat:0x3
05-31 04:32:54.613   470  1254 I BootReceiver: fs_stat, partition:cache stat:0x4b
05-31 04:32:54.614   470  1254 I BootReceiver: fs_stat, partition:metadata stat:0xb
05-31 04:32:54.618   722   722 D CarrierConfigLoader: mHandler: 13 phoneId: 0
05-31 04:32:54.634   470  1257 I ActivityManager: Start proc 1258:android.process.acore/u0a4 for content provider com.android.providers.contacts/.CallLogProvider
05-31 04:32:54.666  1195  1195 D RKUpdateReceiver: action = android.intent.action.BOOT_COMPLETED
05-31 04:32:54.666  1195  1195 D RKUpdateReceiver: RKUpdateReceiver recv ACTION_BOOT_COMPLETED.
05-31 04:32:54.668  1195  1195 W ContextImpl: Calling a method in the system process without a qualified user: android.app.ContextImpl.startService:1476 android.content.ContextWrapper.startService:650 android.content.ContextWrapper.startService:650 android.rockchip.update.service.RKUpdateReceiver.onReceive:59 android.app.ActivityThread.handleReceiver:3187 
05-31 04:32:54.672  1195  1195 W ContextImpl: Calling a method in the system process without a qualified user: android.app.ContextImpl.startService:1476 android.content.ContextWrapper.startService:650 android.content.ContextWrapper.startService:650 android.rockchip.update.service.RKUpdateReceiver.onReceive:65 android.app.ActivityThread.handleReceiver:3187 
05-31 04:32:54.682  1195  1195 I android_rockchip_update_UpdateService.cpp: JNI_OnLoad
05-31 04:32:54.688  1258  1258 I zygote64: The ClassLoaderContext is a special shared library.
05-31 04:32:54.690  1195  1195 I .update.service: type=1400 audit(0.0:22): avc: denied { open } for path="/dev/__properties__/u:object_r:serialno_prop:s0" dev="tmpfs" ino=15158 scontext=u:r:system_app:s0 tcontext=u:object_r:serialno_prop:s0 tclass=file permissive=1
05-31 04:32:54.690  1195  1195 I .update.service: type=1400 audit(0.0:23): avc: denied { getattr } for path="/dev/__properties__/u:object_r:serialno_prop:s0" dev="tmpfs" ino=15158 scontext=u:r:system_app:s0 tcontext=u:object_r:serialno_prop:s0 tclass=file permissive=1
05-31 04:32:54.692   470   612 I ActivityManager: Start proc 1276:com.android.calendar/u0a38 for broadcast com.android.calendar/.alerts.AlertReceiver
05-31 04:32:54.693  1195  1195 D RKUpdateService: starting RKUpdateService, version is 1.8.2
05-31 04:32:54.695  1195  1195 D RKUpdateService: remote uri is http://www.rockchip.com:2300/OtaUpdater/android?product=NanoPC-T4(RK3399)&version=1.0.0&sn=1VI03UD5M2&country=US&language=en
05-31 04:32:54.695  1195  1195 D RKUpdateService: remote uri backup is http://192.168.1.143:2300/OtaUpdater/android?product=NanoPC-T4(RK3399)&version=1.0.0&sn=1VI03UD5M2&country=US&language=en
05-31 04:32:54.698   722  1285 D SIP     : [SipPreferences] isReceivingCallsEnabled, option not set; use default value, exception: android.provider.Settings$SettingNotFoundException: sip_receive_calls
05-31 04:32:54.700  1195  1195 D RKUpdateService: first startup!!!
05-31 04:32:54.713  1195  1195 D RKUpdateService: onStartCommand.......
05-31 04:32:54.713  1195  1195 D RKUpdateService: command = 1 delaytime = 20000
05-31 04:32:54.722  1195  1195 D RKUpdateService: onStartCommand.......
05-31 04:32:54.722  1195  1195 D RKUpdateService: command = 2 delaytime = 25000
05-31 04:32:54.732  1276  1276 I zygote64: The ClassLoaderContext is a special shared library.
05-31 04:32:54.747  1258  1258 I ContactsPerf: VoicemailContentProvider.onCreate start
05-31 04:32:54.751  1258  1258 I ContactsPerf: VoicemailContentProvider.onCreate finish
05-31 04:32:54.761  1258  1258 I zygote64: The ClassLoaderContext is a special shared library.
05-31 04:32:54.766  1258  1296 D ContactsDatabaseHelper: WAL enabled for contacts2.db: true
05-31 04:32:54.777  1276  1276 D ExtensionsFactory: No custom extensions.
05-31 04:32:54.779  1258  1258 I zygote64: The ClassLoaderContext is a special shared library.
05-31 04:32:54.783  1276  1276 D AlertReceiver: onReceive: a=android.intent.action.BOOT_COMPLETED Intent { act=android.intent.action.BOOT_COMPLETED flg=0x9000010 cmp=com.android.calendar/.alerts.AlertReceiver (has extras) }
05-31 04:32:54.819   470   612 I ActivityManager: Start proc 1306:com.android.contacts/u0a22 for broadcast com.android.contacts/.interactions.OnBootOrUpgradeReceiver
05-31 04:32:54.835  1258  1296 I ContactLocale: AddressBook Labels [[en_US]]: […, A, B, C, D, E, F, G, H, I, J, K, L, M, N, O, P, Q, R, S, T, U, V, W, X, Y, Z, Α, Β, Γ, Δ, Ε, Ζ, Η, Θ, Ι, Κ, Λ, Μ, Ν, Ξ, Ο, Π, Ρ, Σ, Τ, Υ, Φ, Χ, Ψ, Ω, …, А, Б, В, Г, Д, Ђ, Е, Є, Ж, З, И, І, Й, Ј, К, Л, Љ, М, Н, Њ, О, П, Р, С, Т, Ћ, У, Ф, Х, Ц, Ч, Џ, Ш, Щ, Ю, Я, …, א, ב, ג, ד, ה, ו, ז, ח, ט, י, כ, ל, מ, נ, ס, ע, פ, צ, ק, ר, ש, ת, …, ا, ب, ت, ث, ج, ح, خ, د, ذ, ر, ز, س, ش, ص, ض, ط, ظ, ع, غ, ف, ق, ك, ل, م, ن, ه, و, ي, …, ก, ข, ฃ, ค, ฅ, ฆ, ง, จ, ฉ, ช, ซ, ฌ, ญ, ฎ, ฏ, ฐ, ฑ, ฒ, ณ, ด, ต, ถ, ท, ธ, น, บ, ป, ผ, ฝ, พ, ฟ, ภ, ม, ย, ร, ฤ, ล, ฦ, ว, ศ, ษ, ส, ห, ฬ, อ, ฮ, …, ㄱ, ㄴ, ㄷ, ㄹ, ㅁ, ㅂ, ㅅ, ㅇ, ㅈ, ㅊ, ㅋ, ㅌ, ㅍ, ㅎ, …, あ, か, さ, た, な, は, ま, や, ら, わ, #, …]
05-31 04:32:54.860  1276  1320 D AlertService: 0 Action = android.intent.action.BOOT_COMPLETED
05-31 04:32:54.874  1276  1320 D AlertService: Scheduling next alarm with AlarmScheduler. sEventReminderReceived: null
05-31 04:32:54.878  1306  1306 I zygote64: The ClassLoaderContext is a special shared library.
05-31 04:32:54.912  1258  1296 D ContactsDatabaseHelper: WAL enabled for profile.db: false
05-31 04:32:54.916   470   612 I ActivityManager: Start proc 1325:com.android.providers.calendar/u0a10 for content provider com.android.providers.calendar/.CalendarProvider2
05-31 04:32:54.984   966   966 I AlarmClock: AlarmInitReceiver android.intent.action.BOOT_COMPLETED
05-31 04:32:54.987  1325  1325 I zygote64: The ClassLoaderContext is a special shared library.
05-31 04:32:55.000  1325  1325 I zygote64: The ClassLoaderContext is a special shared library.
05-31 04:32:55.003   966  1116 I AlarmClock: Fixing alarm instances
05-31 04:32:55.013  1325  1325 I zygote64: The ClassLoaderContext is a special shared library.
05-31 04:32:55.019   966  1116 V AlarmClock: AlarmInitReceiver finished
05-31 04:32:55.040   470   734 I ActivityManager: Start proc 1343:com.android.email/u0a43 for broadcast com.android.email/.service.EmailBroadcastReceiver
05-31 04:32:55.091   470   766 W Binder  : Outgoing transactions from this process must be FLAG_ONEWAY
05-31 04:32:55.091   470   766 W Binder  : java.lang.Throwable
05-31 04:32:55.091   470   766 W Binder  :      at android.os.BinderProxy.transact(Binder.java:752)
05-31 04:32:55.091   470   766 W Binder  :      at android.content.ContentProviderProxy.getType(ContentProviderNative.java:451)
05-31 04:32:55.091   470   766 W Binder  :      at com.android.server.am.ActivityManagerService.getProviderMimeType(ActivityManagerService.java:12294)
05-31 04:32:55.091   470   766 W Binder  :      at android.app.IActivityManager$Stub.onTransact(IActivityManager.java:1799)
05-31 04:32:55.091   470   766 W Binder  :      at com.android.server.am.ActivityManagerService.onTransact(ActivityManagerService.java:2922)
05-31 04:32:55.091   470   766 W Binder  :      at android.os.Binder.execTransact(Binder.java:697)
05-31 04:32:55.096  1343  1343 I zygote64: The ClassLoaderContext is a special shared library.
05-31 04:32:55.106  1325  1325 I CalendarProvider2: Created com.android.providers.calendar.CalendarAlarmManager@2c64a6f(com.android.providers.calendar.CalendarProvider2@9f5b37c)
05-31 04:32:55.184  1276  1320 D AlarmScheduler: No events found starting within 1 week.
05-31 04:32:55.188   470   734 W ActivityManager: Unable to start service Intent { act=com.android.email.EXCHANGE_INTENT pkg=com.android.exchange } U=0: not found
05-31 04:32:55.205  1343  1364 D ActivityThread: Loading provider com.android.email.provider;com.android.email.notifier: com.android.email.provider.EmailProvider
05-31 04:32:55.206   470   734 W ActivityManager: Unable to start service Intent { act=com.android.email.EXCHANGE_INTENT pkg=com.android.exchange } U=0: not found
05-31 04:32:55.257   607   607 I SystemBroadcastReceiver: Boot has been completed
05-31 04:32:55.257   607   607 I SystemBroadcastReceiver: toggleAppIcon() : FLAG_SYSTEM = true
05-31 04:32:55.289   470   766 I ActivityManager: Start proc 1372:com.android.managedprovisioning/u0a15 for broadcast com.android.managedprovisioning/.preprovisioning.BootReminder
05-31 04:32:55.335  1372  1372 I zygote64: The ClassLoaderContext is a special shared library.
05-31 04:32:55.390   470   612 I ActivityManager: Start proc 1387:com.android.onetimeinitializer/u0a19 for broadcast com.android.onetimeinitializer/.OneTimeInitializerReceiver
05-31 04:32:55.391  1210  1229 V MediaProvider: pruneThumbnails 
05-31 04:32:55.401   470   612 W ActivityManager: Unable to start service Intent { cmp=com.android.email/.service.AttachmentService } U=0: not found
05-31 04:32:55.402   470   766 W ActivityManager: Unable to start service Intent { act=com.android.email.EXCHANGE_INTENT pkg=com.android.exchange } U=0: not found
05-31 04:32:55.402   470   734 W ActivityManager: Unable to start service Intent { cmp=com.android.email/.service.AttachmentService } U=0: not found
05-31 04:32:55.404  1210  1229 V MediaProvider: /pruneDeadThumbnailFiles... 
05-31 04:32:55.411  1343  1371 W zygote64: Long monitor contention with owner AsyncTask #2 (1365) at long android.database.sqlite.SQLiteConnection.nativePrepareStatement(long, java.lang.String)(SQLiteConnection.java:-2) waiters=0 in void com.android.email.provider.AccountReconciler.reconcileAccounts(android.content.Context) for 139ms
05-31 04:32:55.420   470   612 W ActivityManager: Unable to start service Intent { act=com.android.email.EXCHANGE_INTENT pkg=com.android.exchange } U=0: not found
05-31 04:32:55.420  1343  1402 I Email   : Observing account changes for notifications
05-31 04:32:55.422   470   612 W ActivityManager: Unable to start service Intent { act=com.android.email.EXCHANGE_INTENT pkg=com.android.exchange } U=0: not found
05-31 04:32:55.428  1343  1343 E ActivityThread: Service com.android.email.service.EmailBroadcastProcessorService has leaked ServiceConnection com.android.emailcommon.service.ServiceProxy$ProxyConnection@970c07b that was originally bound here
