05-31 04:37:04.185   274   274 I [Gralloc]: Got handle 15 for fd 131
05-31 04:37:04.185   274   274 I [Gralloc]: leave, w : 1920, h : 1080, format : 0x1,internal_format : 0x1, usage : 0xb00. size=8294400,pixel_stride=1920,byte_stride=7680
05-31 04:37:04.185   274   274 I [Gralloc]: leave: prime_fd=131,share_attr_fd=134
05-31 04:37:04.185   274   274 I [Gralloc]: Got handle 15 for fd 136
05-31 04:37:04.185   274   274 I [Gralloc]: leave, w : 1920, h : 1080, format : 0x1,internal_format : 0x1, usage : 0xb00. size=8294400,pixel_stride=1920,byte_stride=7680
05-31 04:37:04.185   274   274 I [Gralloc]: leave: prime_fd=136,share_attr_fd=139
05-31 04:37:04.186   273   273 I [Gralloc]: Got fd 16 for handle 1
05-31 04:37:04.186   273   273 I [Gralloc]: leave, w : 1920, h : 1080, format : 0x1,internal_format : 0x1, usage : 0xb00. size=8294400,pixel_stride=1920,byte_stride=7680
05-31 04:37:04.186   273   273 I [Gralloc]: leave: prime_fd=16,share_attr_fd=17
05-31 04:37:04.186   282   381 I [Gralloc]: Got handle 20 for fd 114
05-31 04:37:04.186   282   381 I [Gralloc]: leave, w : 1920, h : 1080, format : 0x1,internal_format : 0x1, usage : 0xb00. size=8294400,pixel_stride=1920,byte_stride=7680
05-31 04:37:04.186   282   381 I [Gralloc]: leave: prime_fd=114,share_attr_fd=117
05-31 04:37:04.187  2295  2322 I [Gralloc]: Got handle 3 for fd 75
05-31 04:37:04.187  2295  2322 I [Gralloc]: leave, w : 1920, h : 1080, format : 0x1,internal_format : 0x1, usage : 0xb00. size=8294400,pixel_stride=1920,byte_stride=7680
05-31 04:37:04.187  2295  2322 I [Gralloc]: leave: prime_fd=75,share_attr_fd=76
05-31 04:37:04.187   274   274 E HWC2On1Adapter: Validate was called more than once!
05-31 04:37:04.202   274   274 E HWC2On1Adapter: Validate was called more than once!
05-31 04:37:04.217   274   274 I [Gralloc]: Got handle 16 for fd 110
05-31 04:37:04.217   274   274 I [Gralloc]: leave, w : 1920, h : 1080, format : 0x1,internal_format : 0x1, usage : 0xb00. size=8294400,pixel_stride=1920,byte_stride=7680
05-31 04:37:04.217   274   274 I [Gralloc]: leave: prime_fd=110,share_attr_fd=126
05-31 04:37:04.217   274   274 I [Gralloc]: Got handle 16 for fd 169
05-31 04:37:04.217   274   274 I [Gralloc]: leave, w : 1920, h : 1080, format : 0x1,internal_format : 0x1, usage : 0xb00. size=8294400,pixel_stride=1920,byte_stride=7680
05-31 04:37:04.217   274   274 I [Gralloc]: leave: prime_fd=169,share_attr_fd=170
05-31 04:37:04.219   274   274 E HWC2On1Adapter: Validate was called more than once!
05-31 04:37:04.221  2295  2300 I zygote64: Do partial code cache collection, code=26KB, data=27KB
05-31 04:37:04.221  2295  2300 I zygote64: After code cache collection, code=22KB, data=24KB
05-31 04:37:04.221  2295  2300 I zygote64: Increasing code cache capacity to 128KB
05-31 04:37:04.232   273   273 I [Gralloc]: Got fd 16 for handle 1
05-31 04:37:04.234   274   274 E HWC2On1Adapter: Validate was called more than once!
05-31 04:37:04.234   273   273 I [Gralloc]: leave, w : 1920, h : 1080, format : 0x1,internal_format : 0x1, usage : 0xb00. size=8294400,pixel_stride=1920,byte_stride=7680
05-31 04:37:04.234   273   273 I [Gralloc]: leave: prime_fd=16,share_attr_fd=17
05-31 04:37:04.234   282   381 I [Gralloc]: Got handle 22 for fd 119
05-31 04:37:04.234   282   381 I [Gralloc]: leave, w : 1920, h : 1080, format : 0x1,internal_format : 0x1, usage : 0xb00. size=8294400,pixel_stride=1920,byte_stride=7680
05-31 04:37:04.234   282   381 I [Gralloc]: leave: prime_fd=119,share_attr_fd=121
05-31 04:37:04.235  2295  2322 I [Gralloc]: Got handle 4 for fd 78
05-31 04:37:04.235  2295  2322 I [Gralloc]: leave, w : 1920, h : 1080, format : 0x1,internal_format : 0x1, usage : 0xb00. size=8294400,pixel_stride=1920,byte_stride=7680
05-31 04:37:04.235  2295  2322 I [Gralloc]: leave: prime_fd=78,share_attr_fd=79
05-31 04:37:04.260   274   274 E HWC2On1Adapter: Validate was called more than once!
05-31 04:37:04.274   274   274 I [Gralloc]: Got handle 17 for fd 130
05-31 04:37:04.274   274   274 I [Gralloc]: leave, w : 1920, h : 1080, format : 0x1,internal_format : 0x1, usage : 0xb00. size=8294400,pixel_stride=1920,byte_stride=7680
05-31 04:37:04.274   274   274 I [Gralloc]: leave: prime_fd=130,share_attr_fd=150
05-31 04:37:04.275   274   274 I [Gralloc]: Got handle 17 for fd 162
05-31 04:37:04.275   274   274 I [Gralloc]: leave, w : 1920, h : 1080, format : 0x1,internal_format : 0x1, usage : 0xb00. size=8294400,pixel_stride=1920,byte_stride=7680
05-31 04:37:04.275   274   274 I [Gralloc]: leave: prime_fd=162,share_attr_fd=163
05-31 04:37:04.276   274   274 E HWC2On1Adapter: Validate was called more than once!
05-31 04:37:04.899   274   274 I chatty  : uid=1000(system) composer@2.1-se identical 38 lines
05-31 04:37:04.916   274   274 E HWC2On1Adapter: Validate was called more than once!
05-31 04:37:04.923  2295  2300 I zygote64: Do partial code cache collection, code=61KB, data=43KB
05-31 04:37:04.924  2295  2300 I zygote64: After code cache collection, code=54KB, data=39KB
05-31 04:37:04.924  2295  2300 I zygote64: Increasing code cache capacity to 256KB
05-31 04:37:04.932   274   274 E HWC2On1Adapter: Validate was called more than once!
05-31 04:37:05.209   470   933 I ActivityManager: START u0 {flg=0x8000 cmp=com.android.settings/.Settings$NetworkDashboardActivity (has extras)} from uid 1000
05-31 04:37:05.183   274   274 I chatty  : uid=1000(system) composer@2.1-se identical 15 lines
05-31 04:37:05.199   274   274 E HWC2On1Adapter: Validate was called more than once!
05-31 04:37:05.212   470   933 E ActivityManager: getPackageFerformanceMode--ComponentInfo{com.android.settings/com.android.settings.Settings$NetworkDashboardActivity}----com.android.settings
05-31 04:37:05.216   274   274 E HWC2On1Adapter: Validate was called more than once!
05-31 04:37:05.222   470   933 E ActivityManager: getPackageFerformanceMode--ComponentInfo{com.android.settings/com.android.settings.Settings$NetworkDashboardActivity}----com.android.settings
05-31 04:37:05.232   274   274 E HWC2On1Adapter: Validate was called more than once!
05-31 04:37:05.298   274   274 I chatty  : uid=1000(system) composer@2.1-se identical 4 lines
05-31 04:37:05.315   274   274 E HWC2On1Adapter: Validate was called more than once!
05-31 04:37:05.326  2295  2295 D MobilePlanPrefContr: onCreate: mMobilePlanDialogMessage=null
05-31 04:37:05.331   274   274 E HWC2On1Adapter: Validate was called more than once!
05-31 04:37:05.335  2295  2295 I zygote64: Deoptimizing int android.support.v4.util.SimpleArrayMap.indexOfKey(java.lang.Object) due to JIT inline cache
05-31 04:37:05.348   274   274 E HWC2On1Adapter: Validate was called more than once!
05-31 04:37:05.348   470   933 E UserRestrictionsUtils: Unknown restriction: no_ethernet_settings
05-31 04:37:05.364   274   274 E HWC2On1Adapter: Validate was called more than once!
05-31 04:37:05.366  2295  2339 W DataUsageController: Failed to get data usage, no subscriber id
05-31 04:37:05.381   274   274 E HWC2On1Adapter: Validate was called more than once!
05-31 04:37:05.398   274   274 E HWC2On1Adapter: Validate was called more than once!
05-31 04:37:05.399  2295  2295 I zygote64: Deoptimizing int android.support.v7.widget.RecyclerView$5.getChildCount() due to JIT inline cache
05-31 04:37:05.401  2295  2295 I zygote64: Deoptimizing int android.support.v7.widget.RecyclerView$LayoutManager.getChildCount() due to JIT inline cache
05-31 04:37:05.402   470   933 I WifiService: getWifiEnabledState uid=1000
05-31 04:37:05.402   470   933 I WifiService: getWifiApEnabledState uid=1000
05-31 04:37:05.404  2295  2320 I zygote64: Deoptimizing java.util.List com.android.settingslib.drawer.TileUtils.getCategories(android.content.Context, java.util.Map, boolean, java.lang.String, java.lang.String) due to JIT inline cache
05-31 04:37:05.415   274   274 E HWC2On1Adapter: Validate was called more than once!
05-31 04:37:05.415  2295  2320 W TileUtils: Found com.android.settings.backup.BackupSettingsActivity for intent Intent { act=com.android.settings.action.SETTINGS pkg=com.android.settings } missing metadata com.android.settings.category
05-31 04:37:05.422  2295  2295 D DashboardSummary: Stopped listening for condition changes
05-31 04:37:05.426  2295  2320 D Settings: No enabled state changed, skipping updateCategory call
05-31 04:37:05.431   274   274 E HWC2On1Adapter: Validate was called more than once!
05-31 04:37:05.448   274   274 E HWC2On1Adapter: Validate was called more than once!
05-31 04:37:05.450   273   273 I [Gralloc]: Got fd 16 for handle 1
05-31 04:37:05.451   273   273 I [Gralloc]: leave, w : 1920, h : 1080, format : 0x1,internal_format : 0x1, usage : 0x900. size=8294400,pixel_stride=1920,byte_stride=7680
05-31 04:37:05.451   273   273 I [Gralloc]: leave: prime_fd=16,share_attr_fd=17
05-31 04:37:05.451   282   381 I [Gralloc]: Got handle 10 for fd 131
05-31 04:37:05.451   282   381 I [Gralloc]: leave, w : 1920, h : 1080, format : 0x1,internal_format : 0x1, usage : 0x900. size=8294400,pixel_stride=1920,byte_stride=7680
05-31 04:37:05.451   282   381 I [Gralloc]: leave: prime_fd=131,share_attr_fd=140
05-31 04:37:05.460   273   385 I [Gralloc]: Got fd 16 for handle 1
05-31 04:37:05.461   273   385 I [Gralloc]: leave, w : 1920, h : 1080, format : 0x1,internal_format : 0x1, usage : 0x900. size=8294400,pixel_stride=1920,byte_stride=7680
05-31 04:37:05.461   273   385 I [Gralloc]: leave: prime_fd=16,share_attr_fd=17
05-31 04:37:05.461   282   381 I [Gralloc]: Got handle 19 for fd 143
05-31 04:37:05.461   282   381 I [Gralloc]: leave, w : 1920, h : 1080, format : 0x1,internal_format : 0x1, usage : 0x900. size=8294400,pixel_stride=1920,byte_stride=7680
05-31 04:37:05.461   282   381 I [Gralloc]: leave: prime_fd=143,share_attr_fd=147
05-31 04:37:05.465   274   274 E HWC2On1Adapter: Validate was called more than once!
05-31 04:37:05.473   273   273 I [Gralloc]: Got fd 16 for handle 1
05-31 04:37:05.474   273   273 I [Gralloc]: leave, w : 1920, h : 1080, format : 0x1,internal_format : 0x1, usage : 0x900. size=8294400,pixel_stride=1920,byte_stride=7680
05-31 04:37:05.474   273   273 I [Gralloc]: leave: prime_fd=16,share_attr_fd=17
05-31 04:37:05.474   282   381 I [Gralloc]: Got handle 23 for fd 134
05-31 04:37:05.474   282   381 I [Gralloc]: leave, w : 1920, h : 1080, format : 0x1,internal_format : 0x1, usage : 0x900. size=8294400,pixel_stride=1920,byte_stride=7680
05-31 04:37:05.474   282   381 I [Gralloc]: leave: prime_fd=134,share_attr_fd=142
05-31 04:37:05.482   274   274 E HWC2On1Adapter: Validate was called more than once!
05-31 04:37:05.485   273   385 I [Gralloc]: Got fd 16 for handle 1
05-31 04:37:05.485   273   385 I [Gralloc]: leave, w : 1920, h : 1080, format : 0x1,internal_format : 0x1, usage : 0x900. size=8294400,pixel_stride=1920,byte_stride=7680
05-31 04:37:05.485   273   385 I [Gralloc]: leave: prime_fd=16,share_attr_fd=17
05-31 04:37:05.486   282   381 I [Gralloc]: Got handle 24 for fd 128
05-31 04:37:05.486   282   381 I [Gralloc]: leave, w : 1920, h : 1080, format : 0x1,internal_format : 0x1, usage : 0x900. size=8294400,pixel_stride=1920,byte_stride=7680
05-31 04:37:05.486   282   381 I [Gralloc]: leave: prime_fd=128,share_attr_fd=130
05-31 04:37:05.486  2295  2322 D mali_winsys: EGLint new_window_surface(egl_winsys_display *, void *, EGLSurface, EGLConfig, egl_winsys_surface **, egl_color_buffer_format *, EGLBoolean) returns 0x3000
05-31 04:37:05.487  2295  2295 I zygote64: Deoptimizing int android.support.v7.widget.ChildHelper.getChildCount() due to JIT inline cache
05-31 04:37:05.488  2295  2295 I zygote64: Deoptimizing int android.support.v7.widget.RecyclerView$LayoutManager.getPaddingTop() due to JIT inline cache
05-31 04:37:05.488  2295  2295 I zygote64: Deoptimizing int android.support.v7.widget.RecyclerView$LayoutManager.getPaddingBottom() due to JIT inline cache
05-31 04:37:05.498   274   274 E HWC2On1Adapter: Validate was called more than once!
05-31 04:37:05.505  2295  2295 I zygote64: Deoptimizing void android.support.v7.widget.RecyclerView$LayoutManager.addViewInt(android.view.View, int, boolean) due to JIT inline cache
05-31 04:37:05.506  2295  2295 I zygote64: Deoptimizing void android.support.v7.widget.RecyclerView$LayoutManager.measureChildWithMargins(android.view.View, int, int) due to JIT inline cache
05-31 04:37:05.515   274   274 E HWC2On1Adapter: Validate was called more than once!
05-31 04:37:05.532   274   274 E HWC2On1Adapter: Validate was called more than once!
05-31 04:37:05.542  2295  2295 I zygote64: Deoptimizing int android.support.v7.widget.ChildHelper.getOffset(int) due to JIT inline cache
05-31 04:37:05.542  2295  2295 I zygote64: Deoptimizing android.view.View android.support.v7.widget.RecyclerView$LayoutManager.getChildAt(int) due to JIT inline cache
05-31 04:37:05.542  2295  2295 I zygote64: Deoptimizing android.view.View android.support.v7.widget.ChildHelper.getChildAt(int) due to JIT inline cache
05-31 04:37:05.542  2295  2295 I zygote64: Deoptimizing android.view.View android.support.v7.widget.RecyclerView$5.getChildAt(int) due to JIT inline cache
05-31 04:37:05.545  2295  2295 I zygote64: Deoptimizing int android.support.v7.widget.LinearLayoutManager.computeScrollRange(android.support.v7.widget.RecyclerView$State) due to JIT inline cache
05-31 04:37:05.545  2295  2295 I zygote64: Deoptimizing android.view.View android.support.v7.widget.LinearLayoutManager.findFirstVisibleChildClosestToStart(boolean, boolean) due to JIT inline cache
05-31 04:37:05.545  2295  2295 I zygote64: Deoptimizing android.view.View android.support.v7.widget.ViewBoundsCheck.findOneViewWithinBoundFlags(int, int, int, int) due to JIT inline cache
05-31 04:37:05.545  2295  2295 I zygote64: Deoptimizing android.view.View android.support.v7.widget.LinearLayoutManager.findFirstVisibleChildClosestToEnd(boolean, boolean) due to JIT inline cache
05-31 04:37:05.545  2295  2295 I zygote64: Deoptimizing int android.support.v7.widget.ScrollbarHelper.computeScrollRange(android.support.v7.widget.RecyclerView$State, android.support.v7.widget.OrientationHelper, android.view.View, android.view.View, android.support.v7.widget.RecyclerView$LayoutManager, boolean) due to JIT inline cache
05-31 04:37:05.545  2295  2295 I zygote64: Deoptimizing int android.support.v7.widget.LinearLayoutManager.computeScrollOffset(android.support.v7.widget.RecyclerView$State) due to JIT inline cache
05-31 04:37:05.545  2295  2295 I zygote64: Deoptimizing int android.support.v7.widget.ScrollbarHelper.computeScrollOffset(android.support.v7.widget.RecyclerView$State, android.support.v7.widget.OrientationHelper, android.view.View, android.view.View, android.support.v7.widget.RecyclerView$LayoutManager, boolean, boolean) due to JIT inline cache
05-31 04:37:05.546  2295  2295 I zygote64: Deoptimizing int android.support.v7.widget.LinearLayoutManager.computeScrollExtent(android.support.v7.widget.RecyclerView$State) due to JIT inline cache
05-31 04:37:05.546  2295  2295 I zygote64: Deoptimizing int android.support.v7.widget.ScrollbarHelper.computeScrollExtent(android.support.v7.widget.RecyclerView$State, android.support.v7.widget.OrientationHelper, android.view.View, android.view.View, android.support.v7.widget.RecyclerView$LayoutManager, boolean) due to JIT inline cache
05-31 04:37:05.548   470  1771 I WifiService: getWifiEnabledState uid=1000
05-31 04:37:05.548   274   274 E HWC2On1Adapter: Validate was called more than once!
05-31 04:37:05.548   470  1771 I WifiService: getWifiApEnabledState uid=1000
05-31 04:37:05.559  2295  2340 W DataUsageController: Failed to get data usage, no subscriber id
05-31 04:37:05.560  2295  2295 I zygote64: Deoptimizing int android.support.v4.util.SimpleArrayMap.indexOf(java.lang.Object, int) due to JIT inline cache
05-31 04:37:05.565   274   274 E HWC2On1Adapter: Validate was called more than once!
05-31 04:37:05.584   274   274 E HWC2On1Adapter: Validate was called more than once!
05-31 04:37:05.590   273   385 I [Gralloc]: Got fd 16 for handle 1
05-31 04:37:05.591   273   385 I [Gralloc]: leave, w : 1920, h : 1080, format : 0x1,internal_format : 0x1, usage : 0xb00. size=8294400,pixel_stride=1920,byte_stride=7680
05-31 04:37:05.591   273   385 I [Gralloc]: leave: prime_fd=16,share_attr_fd=17
05-31 04:37:05.591   282   307 I [Gralloc]: Got handle 24 for fd 145
05-31 04:37:05.591   282   307 I [Gralloc]: leave, w : 1920, h : 1080, format : 0x1,internal_format : 0x1, usage : 0xb00. size=8294400,pixel_stride=1920,byte_stride=7680
05-31 04:37:05.591   282   307 I [Gralloc]: leave: prime_fd=145,share_attr_fd=153
05-31 04:37:05.592  2295  2322 I [Gralloc]: Got handle 5 for fd 86
05-31 04:37:05.592  2295  2322 I [Gralloc]: leave, w : 1920, h : 1080, format : 0x1,internal_format : 0x1, usage : 0xb00. size=8294400,pixel_stride=1920,byte_stride=7680
05-31 04:37:05.592  2295  2322 I [Gralloc]: leave: prime_fd=86,share_attr_fd=87
05-31 04:37:05.598   274   274 E HWC2On1Adapter: Validate was called more than once!
05-31 04:37:05.614   274   274 E HWC2On1Adapter: Validate was called more than once!
05-31 04:37:05.631   470   495 I ActivityManager: Displayed com.android.settings/.Settings$NetworkDashboardActivity: +405ms
05-31 04:37:05.632   274   274 E HWC2On1Adapter: Validate was called more than once!
05-31 04:37:05.650   274   274 I [Gralloc]: Got handle 18 for fd 225
05-31 04:37:05.650   274   274 I [Gralloc]: leave, w : 1920, h : 1080, format : 0x1,internal_format : 0x1, usage : 0xb00. size=8294400,pixel_stride=1920,byte_stride=7680
05-31 04:37:05.650   274   274 I [Gralloc]: leave: prime_fd=225,share_attr_fd=226
05-31 04:37:05.650   274   274 I [Gralloc]: Got handle 18 for fd 229
05-31 04:37:05.650   274   274 I [Gralloc]: leave, w : 1920, h : 1080, format : 0x1,internal_format : 0x1, usage : 0xb00. size=8294400,pixel_stride=1920,byte_stride=7680
05-31 04:37:05.650   274   274 I [Gralloc]: leave: prime_fd=229,share_attr_fd=231
05-31 04:37:05.650   274   274 E hwc_rk  : hwc_get_handle_layername:cann't get value from gralloc
05-31 04:37:05.651   274   274 E hwc_rk  : hwc_get_handle_layername:cann't get value from gralloc
05-31 04:37:05.651   274   274 E HWC2On1Adapter: Validate was called more than once!
05-31 04:37:05.658   273   385 I [Gralloc]: Got fd 16 for handle 1
05-31 04:37:05.660   273   385 I [Gralloc]: leave, w : 1920, h : 1080, format : 0x1,internal_format : 0x1, usage : 0xb00. size=8294400,pixel_stride=1920,byte_stride=7680
05-31 04:37:05.660   273   385 I [Gralloc]: leave: prime_fd=16,share_attr_fd=17
05-31 04:37:05.661   282   548 I [Gralloc]: Got handle 23 for fd 70
05-31 04:37:05.661   282   548 I [Gralloc]: leave, w : 1920, h : 1080, format : 0x1,internal_format : 0x1, usage : 0xb00. size=8294400,pixel_stride=1920,byte_stride=7680
05-31 04:37:05.661   282   548 I [Gralloc]: leave: prime_fd=70,share_attr_fd=130
05-31 04:37:05.661  2295  2322 I [Gralloc]: Got handle 6 for fd 89
05-31 04:37:05.661  2295  2322 I [Gralloc]: leave, w : 1920, h : 1080, format : 0x1,internal_format : 0x1, usage : 0xb00. size=8294400,pixel_stride=1920,byte_stride=7680
05-31 04:37:05.661  2295  2322 I [Gralloc]: leave: prime_fd=89,share_attr_fd=90
05-31 04:37:05.670   274   274 E hwc_rk  : hwc_get_handle_layername:cann't get value from gralloc
05-31 04:37:05.671   274   274 E hwc_rk  : hwc_get_handle_layername:cann't get value from gralloc
05-31 04:37:05.672   274   274 E HWC2On1Adapter: Validate was called more than once!
05-31 04:37:05.688   274   274 I [Gralloc]: Got handle 19 for fd 213
05-31 04:37:05.688   274   274 I [Gralloc]: leave, w : 1920, h : 1080, format : 0x1,internal_format : 0x1, usage : 0xb00. size=8294400,pixel_stride=1920,byte_stride=7680
05-31 04:37:05.688   274   274 I [Gralloc]: leave: prime_fd=213,share_attr_fd=214
05-31 04:37:05.688   274   274 I [Gralloc]: Got handle 19 for fd 216
05-31 04:37:05.688   274   274 I [Gralloc]: leave, w : 1920, h : 1080, format : 0x1,internal_format : 0x1, usage : 0xb00. size=8294400,pixel_stride=1920,byte_stride=7680
05-31 04:37:05.688   274   274 I [Gralloc]: leave: prime_fd=216,share_attr_fd=217
05-31 04:37:05.688   274   274 E hwc_rk  : hwc_get_handle_layername:cann't get value from gralloc
05-31 04:37:05.689   274   274 E hwc_rk  : hwc_get_handle_layername:cann't get value from gralloc
05-31 04:37:05.689   274   274 E HWC2On1Adapter: Validate was called more than once!
05-31 04:37:05.700   282   307 E BufferQueueProducer: [com.android.settings/com.android.settings.Settings#0] disconnect: not connected (req=1)
05-31 04:37:05.701  2295  2322 W libEGL  : EGLNativeWindowType 0x7cbc5d3010 disconnect failed
05-31 04:37:05.701  2295  2322 D OpenGLRenderer: endAllActiveAnimators on 0x7cad6f1000 (RippleDrawable) with handle 0x7cac38ee20
05-31 04:37:05.717   274   334 E hwc_rk  : hwc_get_handle_layername:cann't get value from gralloc
05-31 04:37:05.718   274   334 E hwc_rk  : hwc_get_handle_layername:cann't get value from gralloc
05-31 04:37:05.719   274   334 E HWC2On1Adapter: Validate was called more than once!
05-31 04:37:05.732   273   385 I [Gralloc]: Got fd 16 for handle 1
05-31 04:37:05.734   273   385 I [Gralloc]: leave, w : 1920, h : 1080, format : 0x1,internal_format : 0x1, usage : 0xb00. size=8294400,pixel_stride=1920,byte_stride=7680
05-31 04:37:05.734   273   385 I [Gralloc]: leave: prime_fd=16,share_attr_fd=17
05-31 04:37:05.734   282   307 I [Gralloc]: Got handle 19 for fd 127
05-31 04:37:05.734   282   307 I [Gralloc]: leave, w : 1920, h : 1080, format : 0x1,internal_format : 0x1, usage : 0xb00. size=8294400,pixel_stride=1920,byte_stride=7680
05-31 04:37:05.734   282   307 I [Gralloc]: leave: prime_fd=127,share_attr_fd=128
05-31 04:37:05.735  2295  2322 I [Gralloc]: Got handle 1 for fd 72
05-31 04:37:05.735  2295  2322 I [Gralloc]: leave, w : 1920, h : 1080, format : 0x1,internal_format : 0x1, usage : 0xb00. size=8294400,pixel_stride=1920,byte_stride=7680
05-31 04:37:05.735  2295  2322 I [Gralloc]: leave: prime_fd=72,share_attr_fd=73
05-31 04:37:05.740   274   334 E hwc_rk  : hwc_get_handle_layername:cann't get value from gralloc
05-31 04:37:05.740   274   334 E hwc_rk  : hwc_get_handle_layername:cann't get value from gralloc
05-31 04:37:05.742   274   334 E HWC2On1Adapter: Validate was called more than once!
05-31 04:37:05.759   274   334 I [Gralloc]: Got handle 22 for fd 189
05-31 04:37:05.759   274   334 I [Gralloc]: leave, w : 1920, h : 1080, format : 0x1,internal_format : 0x1, usage : 0xb00. size=8294400,pixel_stride=1920,byte_stride=7680
05-31 04:37:05.759   274   334 I [Gralloc]: leave: prime_fd=189,share_attr_fd=190
05-31 04:37:05.759   274   334 I [Gralloc]: Got handle 22 for fd 192
05-31 04:37:05.760   274   334 I [Gralloc]: leave, w : 1920, h : 1080, format : 0x1,internal_format : 0x1, usage : 0xb00. size=8294400,pixel_stride=1920,byte_stride=7680
05-31 04:37:05.760   274   334 I [Gralloc]: leave: prime_fd=192,share_attr_fd=193
05-31 04:37:05.760   274   334 E hwc_rk  : hwc_get_handle_layername:cann't get value from gralloc
05-31 04:37:05.761   274   334 E hwc_rk  : hwc_get_handle_layername:cann't get value from gralloc
05-31 04:37:05.762   274   334 E HWC2On1Adapter: Validate was called more than once!
05-31 04:37:05.768   273   385 I [Gralloc]: Got fd 16 for handle 1
05-31 04:37:05.769   273   385 I [Gralloc]: leave, w : 1920, h : 1080, format : 0x1,internal_format : 0x1, usage : 0xb00. size=8294400,pixel_stride=1920,byte_stride=7680
05-31 04:37:05.769   273   385 I [Gralloc]: leave: prime_fd=16,share_attr_fd=17
05-31 04:37:05.769   282   306 I [Gralloc]: Got handle 10 for fd 77
05-31 04:37:05.769   282   306 I [Gralloc]: leave, w : 1920, h : 1080, format : 0x1,internal_format : 0x1, usage : 0xb00. size=8294400,pixel_stride=1920,byte_stride=7680
05-31 04:37:05.769   282   306 I [Gralloc]: leave: prime_fd=77,share_attr_fd=108
05-31 04:37:05.770  2295  2322 I [Gralloc]: Got handle 2 for fd 75
05-31 04:37:05.770  2295  2322 I [Gralloc]: leave, w : 1920, h : 1080, format : 0x1,internal_format : 0x1, usage : 0xb00. size=8294400,pixel_stride=1920,byte_stride=7680
05-31 04:37:05.770  2295  2322 I [Gralloc]: leave: prime_fd=75,share_attr_fd=76
05-31 04:37:05.778   274   334 E hwc_rk  : hwc_get_handle_layername:cann't get value from gralloc
05-31 04:37:05.779   274   334 E hwc_rk  : hwc_get_handle_layername:cann't get value from gralloc
05-31 04:37:05.780   274   334 E HWC2On1Adapter: Validate was called more than once!
05-31 04:37:05.803   274   334 I [Gralloc]: Got handle 23 for fd 157
05-31 04:37:05.803   274   334 I [Gralloc]: leave, w : 1920, h : 1080, format : 0x1,internal_format : 0x1, usage : 0xb00. size=8294400,pixel_stride=1920,byte_stride=7680
05-31 04:37:05.803   274   334 I [Gralloc]: leave: prime_fd=157,share_attr_fd=158
05-31 04:37:05.804   274   334 I [Gralloc]: Got handle 23 for fd 201
05-31 04:37:05.804   274   334 I [Gralloc]: leave, w : 1920, h : 1080, format : 0x1,internal_format : 0x1, usage : 0xb00. size=8294400,pixel_stride=1920,byte_stride=7680
05-31 04:37:05.804   274   334 I [Gralloc]: leave: prime_fd=201,share_attr_fd=202
05-31 04:37:05.804   274   334 E hwc_rk  : hwc_get_handle_layername:cann't get value from gralloc
05-31 04:37:05.805   274   334 E hwc_rk  : hwc_get_handle_layername:cann't get value from gralloc
05-31 04:37:05.806   274   334 E HWC2On1Adapter: Validate was called more than once!
05-31 04:37:05.822   274   334 E hwc_rk  : hwc_get_handle_layername:cann't get value from gralloc
05-31 04:37:05.823   274   334 E hwc_rk  : hwc_get_handle_layername:cann't get value from gralloc
05-31 04:37:05.824   274   334 E HWC2On1Adapter: Validate was called more than once!
05-31 04:37:05.839   274   334 E hwc_rk  : hwc_get_handle_layername:cann't get value from gralloc
05-31 04:37:05.840   274   334 E hwc_rk  : hwc_get_handle_layername:cann't get value from gralloc
05-31 04:37:05.841   274   334 E HWC2On1Adapter: Validate was called more than once!
05-31 04:37:05.855   274   334 E hwc_rk  : hwc_get_handle_layername:cann't get value from gralloc
05-31 04:37:05.856   274   334 E hwc_rk  : hwc_get_handle_layername:cann't get value from gralloc
05-31 04:37:05.858   274   334 E HWC2On1Adapter: Validate was called more than once!
05-31 04:37:05.871   274   334 E hwc_rk  : hwc_get_handle_layername:cann't get value from gralloc
05-31 04:37:05.871   274   334 E hwc_rk  : hwc_get_handle_layername:cann't get value from gralloc
05-31 04:37:05.874   274   334 E HWC2On1Adapter: Validate was called more than once!
05-31 04:37:07.815   274   334 I chatty  : uid=1000(system) HwBinder:274_1 identical 91 lines
05-31 04:37:07.848   274   334 E HWC2On1Adapter: Validate was called more than once!
05-31 04:37:07.897   722   722 I com.android.phone: Looking for service android.hardware.radio@1.0::IRadio/slot1
05-31 04:37:07.899   722   722 I com.android.phone: Looking for service android.hardware.radio.deprecated@1.0::IOemHook/slot1
05-31 04:37:08.034   274   334 E HWC2On1Adapter: Validate was called more than once!
05-31 04:37:08.216   274   334 I chatty  : uid=1000(system) HwBinder:274_1 identical 3 lines
05-31 04:37:08.232   274   334 E HWC2On1Adapter: Validate was called more than once!
05-31 04:37:08.331   266   454 D alsa_route: route_set_controls() set route 24
05-31 04:37:08.331   266   454 D AudioHardwareTiny: close device
05-31 04:37:11.432   274   274 E HWC2On1Adapter: Validate was called more than once!
05-31 04:37:11.883   274   274 I chatty  : uid=1000(system) composer@2.1-se identical 15 lines
05-31 04:37:11.900   274   274 E HWC2On1Adapter: Validate was called more than once!
05-31 04:37:11.903   722   722 I com.android.phone: Looking for service android.hardware.radio@1.0::IRadio/slot1
05-31 04:37:11.906   722   722 I com.android.phone: Looking for service android.hardware.radio.deprecated@1.0::IOemHook/slot1
05-31 04:37:11.915   274   274 E HWC2On1Adapter: Validate was called more than once!
05-31 04:37:13.132   274   274 I chatty  : uid=1000(system) composer@2.1-se identical 54 lines
05-31 04:37:13.232   274   274 E HWC2On1Adapter: Validate was called more than once!
05-31 04:37:13.283   470  1771 I WifiService: getWifiApEnabledState uid=1000
05-31 04:37:13.285   470  1771 D WifiService: setWifiEnabled: true pid=2295, uid=1000, package=com.android.settings
05-31 04:37:13.285   470  1771 I WifiService: setWifiEnabled package=com.android.settings uid=1000 enable=true
05-31 04:37:13.286   266   884 D AudioHardwareTiny: start_output_stream device: 400
05-31 04:37:13.287   266   884 D AudioHardwareTiny: read_out_sound_card: buf =  0 [realtekrt5651co]: realtek_rt5651- - realtek,rt5651-codec
05-31 04:37:13.287   266   884 D AudioHardwareTiny: get_card_number: number =0,card_name =  0 [realtekrt5651co]: realtek_rt5651- - realtek,rt5651-codec
05-31 04:37:13.287   266   884 D AudioHardwareTiny: read_out_sound_card: buf =                       realtek,rt5651-codec
05-31 04:37:13.287   266   884 D AudioHardwareTiny: read_out_sound_card: buf =  1 [rkhdmidpsound  ]: rk-hdmi-dp-soun - rk-hdmi-dp-sound
05-31 04:37:13.287   266   884 D AudioHardwareTiny: get_card_number: number =1,card_name =  1 [rkhdmidpsound  ]: rk-hdmi-dp-soun - rk-hdmi-dp-sound
05-31 04:37:13.287   266   884 D AudioHardwareTiny: read_out_sound_card: buf =                       rk-hdmi-dp-sound
05-31 04:37:13.288   279   279 I android.hardware.wifi@1.0-service: Wifi HAL started
05-31 04:37:13.291   266   884 D alsa_route: route_info->sound_card 1, route_info->devices 0  
05-31 04:37:13.292   279   279 E android.hardware.wifi@1.0-service: Kernel version is 4.4.: No such file or directory
05-31 04:37:13.292   279   279 E android.hardware.wifi@1.0-service: Wifi driver is not ready.: No such file or directory
05-31 04:37:13.293   279   279 E android.hardware.wifi@1.0-service: matched ko file path /vendor/lib/modules/wifi/bcmdhd.ko: No such file or directory
05-31 04:37:13.293   279   279 E android.hardware.wifi@1.0-service: insmod: open(/vendor/lib/modules/wifi/bcmdhd.ko) failed: No such file or directory: No such file or directory
05-31 04:37:13.293   279   279 E android.hardware.wifi@1.0-service: Failed to load WiFi driver
05-31 04:37:13.294   470   558 E HalDeviceManager: executeChipReconfiguration: configureChip error: 9 ()
05-31 04:37:13.295   266   884 W StreamHAL: Error from HAL stream in function get_presentation_position: Operation not permitted
05-31 04:37:13.295   279   279 I android.hardware.wifi@1.0-service: Wifi HAL stopped
05-31 04:37:13.295   266   884 W StreamHAL: Error from HAL stream in function get_presentation_position: Operation not permitted
05-31 04:37:13.295   470   558 E WifiNative-wlan0: Failed to start HAL for client mode
05-31 04:37:13.297   470   470 E WifiController: WifiControllerWifi turn on failed
05-31 04:37:13.298   470   558 I WifiVendorHal: Vendor Hal stopped
05-31 04:37:13.298   470   558 D WificondControl: tearing down interfaces in wificond
05-31 04:37:13.302   279   279 I android.hardware.wifi@1.0-service: Wifi HAL started
05-31 04:37:13.306   279   279 E android.hardware.wifi@1.0-service: Kernel version is 4.4.: No such file or directory
05-31 04:37:13.306   279   279 E android.hardware.wifi@1.0-service: Wifi driver is not ready.: No such file or directory
05-31 04:37:13.307   279   279 E android.hardware.wifi@1.0-service: matched ko file path /vendor/lib/modules/wifi/bcmdhd.ko: No such file or directory
05-31 04:37:13.308   279   279 E android.hardware.wifi@1.0-service: insmod: open(/vendor/lib/modules/wifi/bcmdhd.ko) failed: No such file or directory: No such file or directory
05-31 04:37:13.308   279   279 E android.hardware.wifi@1.0-service: Failed to load WiFi driver
05-31 04:37:13.308   470   558 E HalDeviceManager: executeChipReconfiguration: configureChip error: 9 ()
05-31 04:37:13.309   279   279 I android.hardware.wifi@1.0-service: Wifi HAL stopped
05-31 04:37:13.310   470   558 E WifiNative-wlan0: Failed to start HAL for client mode
05-31 04:37:13.311   470   470 E WifiController: WifiControllerWifi turn on failed
05-31 04:37:13.315   470   558 I WifiVendorHal: Vendor Hal stopped
05-31 04:37:13.315   470   933 I WifiService: getWifiEnabledState uid=1000
05-31 04:37:13.316   274   274 E HWC2On1Adapter: Validate was called more than once!
05-31 04:37:13.316   470   558 D WificondControl: tearing down interfaces in wificond
05-31 04:37:13.316   470   933 I WifiService: getWifiApEnabledState uid=1000
05-31 04:37:13.322   279   279 I android.hardware.wifi@1.0-service: Wifi HAL started
05-31 04:37:13.325   279   279 E android.hardware.wifi@1.0-service: Kernel version is 4.4.: No such file or directory
05-31 04:37:13.325   279   279 E android.hardware.wifi@1.0-service: Wifi driver is not ready.: No such file or directory
05-31 04:37:13.326   279   279 E android.hardware.wifi@1.0-service: matched ko file path /vendor/lib/modules/wifi/bcmdhd.ko: No such file or directory
05-31 04:37:13.326   279   279 E android.hardware.wifi@1.0-service: insmod: open(/vendor/lib/modules/wifi/bcmdhd.ko) failed: No such file or directory: No such file or directory
05-31 04:37:13.326   279   279 E android.hardware.wifi@1.0-service: Failed to load WiFi driver
05-31 04:37:13.326   470   558 E HalDeviceManager: executeChipReconfiguration: configureChip error: 9 ()
05-31 04:37:13.327   279   279 I android.hardware.wifi@1.0-service: Wifi HAL stopped
05-31 04:37:13.328   470   558 E WifiNative-wlan0: Failed to start HAL for client mode
05-31 04:37:13.329   470   470 E WifiController: WifiControllerWifi turn on failed
05-31 04:37:13.331   470   933 I WifiService: getWifiEnabledState uid=1000
05-31 04:37:13.332   470   933 I WifiService: getWifiApEnabledState uid=1000
05-31 04:37:13.332   274   274 E HWC2On1Adapter: Validate was called more than once!
05-31 04:37:13.332   470   558 I WifiVendorHal: Vendor Hal stopped
05-31 04:37:13.332   470   558 D WificondControl: tearing down interfaces in wificond
05-31 04:37:13.348   470   933 I WifiService: getWifiEnabledState uid=1000
05-31 04:37:13.348   274   274 E HWC2On1Adapter: Validate was called more than once!
05-31 04:37:13.349   470   933 I WifiService: getWifiApEnabledState uid=1000
05-31 04:37:13.365   274   274 E HWC2On1Adapter: Validate was called more than once!
05-31 04:37:13.865   274   274 I chatty  : uid=1000(system) composer@2.1-se identical 30 lines
05-31 04:37:13.882   274   274 E HWC2On1Adapter: Validate was called more than once!
05-31 04:37:14.534   274   334 E HWC2On1Adapter: Validate was called more than once!
05-31 04:37:15.909   722   722 I com.android.phone: Looking for service android.hardware.radio@1.0::IRadio/slot1
05-31 04:37:15.913   722   722 I com.android.phone: Looking for service android.hardware.radio.deprecated@1.0::IOemHook/slot1
05-31 04:37:16.410   266   454 D alsa_route: route_set_controls() set route 24
05-31 04:37:16.410   266   454 D AudioHardwareTiny: close device
05-31 04:37:16.621   274  2237 E HWC2On1Adapter: Validate was called more than once!
05-31 04:37:19.449   274  2237 I chatty  : uid=1000(system) HwBinder:274_3 identical 45 lines
05-31 04:37:19.466   274  2237 E HWC2On1Adapter: Validate was called more than once!
05-31 04:37:19.475   470   933 I WifiService: getWifiApEnabledState uid=1000
05-31 04:37:19.476   470  1771 D WifiService: setWifiEnabled: true pid=2295, uid=1000, package=com.android.settings
05-31 04:37:19.476   470  1771 I WifiService: setWifiEnabled package=com.android.settings uid=1000 enable=true
05-31 04:37:19.477   266   884 D AudioHardwareTiny: start_output_stream device: 400
05-31 04:37:19.478   266   884 D AudioHardwareTiny: read_out_sound_card: buf =  0 [realtekrt5651co]: realtek_rt5651- - realtek,rt5651-codec
05-31 04:37:19.478   266   884 D AudioHardwareTiny: get_card_number: number =0,card_name =  0 [realtekrt5651co]: realtek_rt5651- - realtek,rt5651-codec
05-31 04:37:19.478   266   884 D AudioHardwareTiny: read_out_sound_card: buf =                       realtek,rt5651-codec
05-31 04:37:19.478   266   884 D AudioHardwareTiny: read_out_sound_card: buf =  1 [rkhdmidpsound  ]: rk-hdmi-dp-soun - rk-hdmi-dp-sound
05-31 04:37:19.478   266   884 D AudioHardwareTiny: get_card_number: number =1,card_name =  1 [rkhdmidpsound  ]: rk-hdmi-dp-soun - rk-hdmi-dp-sound
05-31 04:37:19.478   266   884 D AudioHardwareTiny: read_out_sound_card: buf =                       rk-hdmi-dp-sound
05-31 04:37:19.481   279   279 I android.hardware.wifi@1.0-service: Wifi HAL started
05-31 04:37:19.482   266   884 D alsa_route: route_info->sound_card 1, route_info->devices 0  
05-31 04:37:19.483   274  2237 E HWC2On1Adapter: Validate was called more than once!
05-31 04:37:19.485   266   884 W StreamHAL: Error from HAL stream in function get_presentation_position: Operation not permitted
05-31 04:37:19.488   279   279 E android.hardware.wifi@1.0-service: Kernel version is 4.4.: No such file or directory
05-31 04:37:19.488   279   279 E android.hardware.wifi@1.0-service: Wifi driver is not ready.: No such file or directory
05-31 04:37:19.489   279   279 E android.hardware.wifi@1.0-service: matched ko file path /vendor/lib/modules/wifi/bcmdhd.ko: No such file or directory
05-31 04:37:19.489   279   279 E android.hardware.wifi@1.0-service: insmod: open(/vendor/lib/modules/wifi/bcmdhd.ko) failed: No such file or directory: No such file or directory
05-31 04:37:19.489   279   279 E android.hardware.wifi@1.0-service: Failed to load WiFi driver
05-31 04:37:19.485   266   884 W StreamHAL: Error from HAL stream in function get_presentation_position: Operation not permitted
05-31 04:37:19.490   470   558 E HalDeviceManager: executeChipReconfiguration: configureChip error: 9 ()
05-31 04:37:19.491   279   279 I android.hardware.wifi@1.0-service: Wifi HAL stopped
05-31 04:37:19.492   470   558 E WifiNative-wlan0: Failed to start HAL for client mode
05-31 04:37:19.493   470   470 E WifiController: WifiControllerWifi turn on failed
05-31 04:37:19.495   470  1771 I WifiService: getWifiEnabledState uid=1000
05-31 04:37:19.495   470   558 I WifiVendorHal: Vendor Hal stopped
05-31 04:37:19.496   470   558 D WificondControl: tearing down interfaces in wificond
05-31 04:37:19.496   470  1771 I WifiService: getWifiApEnabledState uid=1000
05-31 04:37:19.498   279   279 I android.hardware.wifi@1.0-service: Wifi HAL started
05-31 04:37:19.499   274  2237 E HWC2On1Adapter: Validate was called more than once!
05-31 04:37:19.501   279   279 E android.hardware.wifi@1.0-service: Kernel version is 4.4.: No such file or directory
05-31 04:37:19.501   279   279 E android.hardware.wifi@1.0-service: Wifi driver is not ready.: No such file or directory
05-31 04:37:19.502   279   279 E android.hardware.wifi@1.0-service: matched ko file path /vendor/lib/modules/wifi/bcmdhd.ko: No such file or directory
05-31 04:37:19.502   279   279 E android.hardware.wifi@1.0-service: insmod: open(/vendor/lib/modules/wifi/bcmdhd.ko) failed: No such file or directory: No such file or directory
05-31 04:37:19.502   279   279 E android.hardware.wifi@1.0-service: Failed to load WiFi driver
05-31 04:37:19.502   470   558 E HalDeviceManager: executeChipReconfiguration: configureChip error: 9 ()
05-31 04:37:19.504   279   279 I android.hardware.wifi@1.0-service: Wifi HAL stopped
05-31 04:37:19.505   470   558 E WifiNative-wlan0: Failed to start HAL for client mode
05-31 04:37:19.506   470   470 E WifiController: WifiControllerWifi turn on failed
05-31 04:37:19.507   470  1771 I WifiService: getWifiEnabledState uid=1000
05-31 04:37:19.508   470  1771 I WifiService: getWifiApEnabledState uid=1000
05-31 04:37:19.508   470   558 I WifiVendorHal: Vendor Hal stopped
05-31 04:37:19.508   470   558 D WificondControl: tearing down interfaces in wificond
05-31 04:37:19.511   279   279 I android.hardware.wifi@1.0-service: Wifi HAL started
05-31 04:37:19.516   274  2237 E HWC2On1Adapter: Validate was called more than once!
05-31 04:37:19.519   279   279 E android.hardware.wifi@1.0-service: Kernel version is 4.4.: No such file or directory
05-31 04:37:19.519   279   279 E android.hardware.wifi@1.0-service: Wifi driver is not ready.: No such file or directory
05-31 04:37:19.520   279   279 E android.hardware.wifi@1.0-service: matched ko file path /vendor/lib/modules/wifi/bcmdhd.ko: No such file or directory
05-31 04:37:19.520   279   279 E android.hardware.wifi@1.0-service: insmod: open(/vendor/lib/modules/wifi/bcmdhd.ko) failed: No such file or directory: No such file or directory
05-31 04:37:19.520   279   279 E android.hardware.wifi@1.0-service: Failed to load WiFi driver
05-31 04:37:19.521   470   558 E HalDeviceManager: executeChipReconfiguration: configureChip error: 9 ()
05-31 04:37:19.522   279   279 I android.hardware.wifi@1.0-service: Wifi HAL stopped
05-31 04:37:19.522   470   558 E WifiNative-wlan0: Failed to start HAL for client mode
05-31 04:37:19.523   470   470 E WifiController: WifiControllerWifi turn on failed
05-31 04:37:19.525   470   558 I WifiVendorHal: Vendor Hal stopped
05-31 04:37:19.525   470   558 D WificondControl: tearing down interfaces in wificond
05-31 04:37:19.525   470  1771 I WifiService: getWifiEnabledState uid=1000
05-31 04:37:19.525   470  1771 I WifiService: getWifiApEnabledState uid=1000
05-31 04:37:19.532   274  2237 E HWC2On1Adapter: Validate was called more than once!
05-31 04:37:19.899   274  2237 I chatty  : uid=1000(system) HwBinder:274_3 identical 22 lines
05-31 04:37:19.915   274  2237 E HWC2On1Adapter: Validate was called more than once!
05-31 04:37:19.918   722   722 I com.android.phone: Looking for service android.hardware.radio@1.0::IRadio/slot1
05-31 04:37:19.919   722   722 I com.android.phone: Looking for service android.hardware.radio.deprecated@1.0::IOemHook/slot1
05-31 04:37:19.932   274  2237 E HWC2On1Adapter: Validate was called more than once!
05-31 04:37:20.367   470   933 I ActivityManager: START u0 {act=android.intent.action.MAIN cmp=com.android.settings/.SubSettings (has extras)} from uid 1000
05-31 04:37:20.232   274  2237 I chatty  : uid=1000(system) HwBinder:274_3 identical 15 lines
05-31 04:37:20.249   274  2237 E HWC2On1Adapter: Validate was called more than once!
05-31 04:37:20.372   470   933 E ActivityManager: getPackageFerformanceMode--ComponentInfo{com.android.settings/com.android.settings.SubSettings}----com.android.settings
05-31 04:37:20.388   470  1771 E ActivityManager: getPackageFerformanceMode--ComponentInfo{com.android.settings/com.android.settings.SubSettings}----com.android.settings
05-31 04:37:20.397   470   484 E memtrack: Couldn't load memtrack module
05-31 04:37:20.397   470   484 W android.os.Debug: failed to get memory consumption info: -1
05-31 04:37:20.398   274  2237 E HWC2On1Adapter: Validate was called more than once!
05-31 04:37:20.431   274  2237 I chatty  : uid=1000(system) HwBinder:274_3 identical 2 lines
05-31 04:37:20.448   274  2237 E HWC2On1Adapter: Validate was called more than once!
05-31 04:37:20.458  2295  2295 D SubSettings: Launching fragment com.android.settings.wifi.WifiSettings
05-31 04:37:20.464   274  2237 E HWC2On1Adapter: Validate was called more than once!
05-31 04:37:20.481   274  2237 E HWC2On1Adapter: Validate was called more than once!
05-31 04:37:20.491  2295  2300 I zygote64: Do full code cache collection, code=118KB, data=97KB
05-31 04:37:20.491  2295  2300 I zygote64: After code cache collection, code=67KB, data=41KB
05-31 04:37:20.493   470  1771 I WifiService: getVerboseLoggingLevel uid=1000
05-31 04:37:20.494   470  1771 I WifiService: getWifiEnabledState uid=1000
05-31 04:37:20.495   470   933 I WifiService: getWifiApEnabledState uid=1000
05-31 04:37:20.496   470   933 I WifiService: getWifiEnabledState uid=1000
05-31 04:37:20.497   274  2237 E HWC2On1Adapter: Validate was called more than once!
05-31 04:37:20.499   470  1771 I WifiService: getWifiEnabledState uid=1000
05-31 04:37:20.499   470  1771 I WifiService: getWifiEnabledState uid=1000
05-31 04:37:20.507  2295  2323 W TileUtils: Found com.android.settings.backup.BackupSettingsActivity for intent Intent { act=com.android.settings.action.SETTINGS pkg=com.android.settings } missing metadata com.android.settings.category
05-31 04:37:20.514   274  2237 E HWC2On1Adapter: Validate was called more than once!
05-31 04:37:20.522  2295  2322 D mali_winsys: EGLint new_window_surface(egl_winsys_display *, void *, EGLSurface, EGLConfig, egl_winsys_surface **, egl_color_buffer_format *, EGLBoolean) returns 0x3000
05-31 04:37:20.526  2295  2323 D Settings: No enabled state changed, skipping updateCategory call
05-31 04:37:20.531   274  2237 E HWC2On1Adapter: Validate was called more than once!
05-31 04:37:20.532   273   385 I [Gralloc]: Got fd 16 for handle 1
05-31 04:37:20.533   273   385 I [Gralloc]: leave, w : 1920, h : 1080, format : 0x1,internal_format : 0x1, usage : 0x900. size=8294400,pixel_stride=1920,byte_stride=7680
05-31 04:37:20.533   273   385 I [Gralloc]: leave: prime_fd=16,share_attr_fd=17
05-31 04:37:20.533   282   306 I [Gralloc]: Got handle 16 for fd 122
05-31 04:37:20.533   282   306 I [Gralloc]: leave, w : 1920, h : 1080, format : 0x1,internal_format : 0x1, usage : 0x900. size=8294400,pixel_stride=1920,byte_stride=7680
05-31 04:37:20.533   282   306 I [Gralloc]: leave: prime_fd=122,share_attr_fd=123
05-31 04:37:20.543   273   273 I [Gralloc]: Got fd 16 for handle 1
05-31 04:37:20.543   273   273 I [Gralloc]: leave, w : 1920, h : 1080, format : 0x1,internal_format : 0x1, usage : 0x900. size=8294400,pixel_stride=1920,byte_stride=7680
05-31 04:37:20.543   273   273 I [Gralloc]: leave: prime_fd=16,share_attr_fd=17
05-31 04:37:20.543   282   306 I [Gralloc]: Got handle 17 for fd 137
05-31 04:37:20.543   282   306 I [Gralloc]: leave, w : 1920, h : 1080, format : 0x1,internal_format : 0x1, usage : 0x900. size=8294400,pixel_stride=1920,byte_stride=7680
05-31 04:37:20.544   282   306 I [Gralloc]: leave: prime_fd=137,share_attr_fd=138
05-31 04:37:20.547   274  2237 E HWC2On1Adapter: Validate was called more than once!
05-31 04:37:20.554   273   385 I [Gralloc]: Got fd 16 for handle 1
05-31 04:37:20.554   273   385 I [Gralloc]: leave, w : 1920, h : 1080, format : 0x1,internal_format : 0x1, usage : 0x900. size=8294400,pixel_stride=1920,byte_stride=7680
05-31 04:37:20.554   273   385 I [Gralloc]: leave: prime_fd=16,share_attr_fd=17
05-31 04:37:20.555   282   306 I [Gralloc]: Got handle 20 for fd 114
05-31 04:37:20.555   282   306 I [Gralloc]: leave, w : 1920, h : 1080, format : 0x1,internal_format : 0x1, usage : 0x900. size=8294400,pixel_stride=1920,byte_stride=7680
05-31 04:37:20.555   282   306 I [Gralloc]: leave: prime_fd=114,share_attr_fd=143
05-31 04:37:20.564   274  2237 E HWC2On1Adapter: Validate was called more than once!
05-31 04:37:20.566   273   273 I [Gralloc]: Got fd 16 for handle 1
05-31 04:37:20.566   273   273 I [Gralloc]: leave, w : 1920, h : 1080, format : 0x1,internal_format : 0x1, usage : 0x900. size=8294400,pixel_stride=1920,byte_stride=7680
05-31 04:37:20.566   273   273 I [Gralloc]: leave: prime_fd=16,share_attr_fd=17
05-31 04:37:20.567   282   306 I [Gralloc]: Got handle 22 for fd 142
05-31 04:37:20.567   282   306 I [Gralloc]: leave, w : 1920, h : 1080, format : 0x1,internal_format : 0x1, usage : 0x900. size=8294400,pixel_stride=1920,byte_stride=7680
05-31 04:37:20.567   282   306 I [Gralloc]: leave: prime_fd=142,share_attr_fd=147
05-31 04:37:20.571  2295  2295 I zygote64: Deoptimizing android.support.v7.widget.RecyclerView$ViewHolder android.support.v7.widget.RecyclerView.getChildViewHolderInt(android.view.View) due to JIT inline cache
05-31 04:37:20.571  2295  2295 I zygote64: Deoptimizing android.graphics.Rect android.support.v7.widget.RecyclerView.getItemDecorInsetsForChild(android.view.View) due to JIT inline cache
05-31 04:37:20.572  2295  2295 I zygote64: Deoptimizing android.support.v7.widget.RecyclerView$ViewHolder android.support.v7.widget.RecyclerView.getChildViewHolder(android.view.View) due to JIT inline cache
05-31 04:37:20.572  2295  2295 I zygote64: Deoptimizing boolean android.support.v7.widget.RecyclerView$LayoutManager.shouldMeasureChild(android.view.View, int, int, android.support.v7.widget.RecyclerView$LayoutParams) due to JIT inline cache
05-31 04:37:20.572  2295  2295 I zygote64: Deoptimizing int android.support.v7.widget.RecyclerView$LayoutManager.getDecoratedMeasuredHeight(android.view.View) due to JIT inline cache
05-31 04:37:20.572  2295  2295 I zygote64: Deoptimizing int android.support.v7.widget.RecyclerView$LayoutManager.getDecoratedMeasuredWidth(android.view.View) due to JIT inline cache
05-31 04:37:20.572  2295  2295 I zygote64: Deoptimizing void android.support.v7.widget.RecyclerView$LayoutManager.layoutDecoratedWithMargins(android.view.View, int, int, int, int) due to JIT inline cache
05-31 04:37:20.581   274  2237 E HWC2On1Adapter: Validate was called more than once!
05-31 04:37:20.583  2295  2295 I zygote64: Deoptimizing int android.support.v7.widget.RecyclerView$LayoutManager.getPosition(android.view.View) due to JIT inline cache
05-31 04:37:20.583  2295  2295 I zygote64: Deoptimizing int android.support.v7.widget.OrientationHelper$2.getDecoratedStart(android.view.View) due to JIT inline cache
05-31 04:37:20.585   470  1771 I WifiService: getWifiEnabledState uid=1000
05-31 04:37:20.589   470  1940 I WifiService: getWifiEnabledState uid=1000
05-31 04:37:20.589   470  1771 I WifiService: getWifiApEnabledState uid=1000
05-31 04:37:20.593  2295  2295 I zygote64: Deoptimizing android.view.View android.support.v7.widget.ViewBoundsCheck.findOneViewWithinBoundFlags(int, int, int, int) due to JIT inline cache
05-31 04:37:20.593  2295  2295 I zygote64: Deoptimizing int android.support.v7.widget.RecyclerView$LayoutManager$2.getChildStart(android.view.View) due to JIT inline cache
05-31 04:37:20.593  2295  2295 I zygote64: Deoptimizing int android.support.v7.widget.RecyclerView$LayoutManager$2.getChildEnd(android.view.View) due to JIT inline cache
