05-31 04:32:48.867   470   470 I SystemServiceManager: Starting com.android.server.appwidget.AppWidgetService
05-31 04:32:48.878   470   470 D SystemServerTiming: StartAppWidgerService took to complete: 11ms
05-31 04:32:48.878   470   470 I SystemServer: StartVoiceRecognitionManager
05-31 04:32:48.878   470   470 I SystemServiceManager: Starting com.android.server.voiceinteraction.VoiceInteractionManagerService
05-31 04:32:48.880   470   470 D SystemServerTiming: StartVoiceRecognitionManager took to complete: 2ms
05-31 04:32:48.880   470   470 I SystemServer: StartGestureLauncher
05-31 04:32:48.880   470   470 I SystemServiceManager: Starting com.android.server.GestureLauncherService
05-31 04:32:48.880   470   470 D SystemServerTiming: StartGestureLauncher took to complete: 0ms
05-31 04:32:48.880   470   470 I SystemServer: StartSensorNotification
05-31 04:32:48.881   470   470 I SystemServiceManager: Starting com.android.server.SensorNotificationService
05-31 04:32:48.881   470   470 D SystemServerTiming: StartSensorNotification took to complete: 1ms
05-31 04:32:48.881   470   470 I SystemServer: StartContextHubSystemService
05-31 04:32:48.881   470   470 I SystemServiceManager: Starting com.android.server.ContextHubSystemService
05-31 04:32:48.881   470   470 D SystemServerTiming: StartContextHubSystemService took to complete: 0ms
05-31 04:32:48.881   470   470 I SystemServer: StartDiskStatsService
05-31 04:32:48.881   470   525 D SystemServerInitThreadPool: Started executing Init ContextHubSystemService
05-31 04:32:48.884   470   470 D SystemServerTiming: StartDiskStatsService took to complete: 3ms
05-31 04:32:48.884   470   470 I SystemServer: StartNetworkTimeUpdateService
05-31 04:32:48.884   244   244 W /system/bin/hwservicemanager: getTransport: Cannot find entry android.hardware.contexthub@1.0::IContexthub/default in either framework or device manifest.
05-31 04:32:48.885   470   525 E ContextHubService: Could not load context hub hal
05-31 04:32:48.885   470   525 W ContextHubService: No Context Hub Module present
05-31 04:32:48.885   470   525 D SystemServerInitThreadPool: Finished executing Init ContextHubSystemService
05-31 04:32:48.886   470   470 D SystemServerTiming: StartNetworkTimeUpdateService took to complete: 2ms
05-31 04:32:48.886   470   470 I SystemServer: StartCommonTimeManagementService
05-31 04:32:48.888   470   470 D SystemServerTiming: StartCommonTimeManagementService took to complete: 2ms
05-31 04:32:48.888   470   470 I SystemServer: CertBlacklister
05-31 04:32:48.888   470   470 D SystemServerTiming: CertBlacklister took to complete: 0ms
05-31 04:32:48.889   470   470 I SystemServer: StartEmergencyAffordanceService
05-31 04:32:48.889   470   470 I SystemServiceManager: Starting com.android.server.emergency.EmergencyAffordanceService
05-31 04:32:48.891   470   470 D SystemServerTiming: StartEmergencyAffordanceService took to complete: 2ms
05-31 04:32:48.891   470   470 I SystemServer: StartDreamManager
05-31 04:32:48.891   470   470 I SystemServiceManager: Starting com.android.server.dreams.DreamManagerService
05-31 04:32:48.893   470   470 D SystemServerTiming: StartDreamManager took to complete: 2ms
05-31 04:32:48.893   470   470 I SystemServer: AddGraphicsStatsService
05-31 04:32:48.897   470   470 D SystemServerTiming: AddGraphicsStatsService took to complete: 4ms
05-31 04:32:48.897   470   470 I SystemServer: StartPrintManager
05-31 04:32:48.898   470   470 I SystemServiceManager: Starting com.android.server.print.PrintManagerService
05-31 04:32:48.901   470   470 D SystemServerTiming: StartPrintManager took to complete: 4ms
05-31 04:32:48.901   470   470 I SystemServer: StartCompanionDeviceManager
05-31 04:32:48.902   470   470 I SystemServiceManager: Starting com.android.server.companion.CompanionDeviceManagerService
05-31 04:32:48.904   470   470 D SystemServerTiming: StartCompanionDeviceManager took to complete: 3ms
05-31 04:32:48.904   470   470 I SystemServer: StartRestrictionManager
05-31 04:32:48.904   470   470 I SystemServiceManager: Starting com.android.server.restrictions.RestrictionsManagerService
05-31 04:32:48.906   470   470 D SystemServerTiming: StartRestrictionManager took to complete: 2ms
05-31 04:32:48.906   470   470 I SystemServer: StartMediaSessionService
05-31 04:32:48.906   470   470 I SystemServiceManager: Starting com.android.server.media.MediaSessionService
05-31 04:32:48.911   470   470 D SystemServerTiming: StartMediaSessionService took to complete: 5ms
05-31 04:32:48.911   470   470 I SystemServer: StartMediaResourceMonitor
05-31 04:32:48.911   470   470 I SystemServiceManager: Starting com.android.server.media.MediaResourceMonitorService
05-31 04:32:48.912   470   470 D SystemServerTiming: StartMediaResourceMonitor took to complete: 1ms
05-31 04:32:48.913   470   470 E RkDisplayModes: Couldn't find /system/usr/share/resolution_white.xml.
05-31 04:32:48.914   470   470 D rkdisplay-resources: Frame buffers:
05-31 04:32:48.914   470   470 D rkdisplay-resources: id        size    pitch
05-31 04:32:48.915   470   470 D rkdisplay-resources:  FEATURE:
05-31 04:32:48.915   470   470 D rkdisplay-resources:           flags: immutable bitmask
05-31 04:32:48.915   470   470 D rkdisplay-resources:           values:afbdc=1
05-31 04:32:48.915   470   470 D rkdisplay-resources:           value:0
05-31 04:32:48.915   470   470 D rkdisplay-resources: 
05-31 04:32:48.915   470   470 D rkdisplay-resources: current_crtc id : 90  crtid : 86
05-31 04:32:48.915   470   470 D rkdisplay-resources: current_crtc id : 92  crtid : 0
05-31 04:32:48.915   470   470 D rkdisplay-resources: current_crtc id : 100  crtid : 0
05-31 04:32:48.915   470   470 D rkdisplay-resources: Encoders:
05-31 04:32:48.915   470   470 D rkdisplay-resources: id        crtc    type    possible crtcs  possible clones
05-31 04:32:48.915   470   470 D rkdisplay-resources: 5a        56      TMDS    2       0
05-31 04:32:48.915   470   470 D rkdisplay-resources: 
05-31 04:32:48.915   470   470 D rkdisplay-resources: 5c        0       TMDS    1       0
05-31 04:32:48.915   470   470 D rkdisplay-resources: 
05-31 04:32:48.915   470   470 D rkdisplay-resources: 64        0       TMDS    1       0
05-31 04:32:48.915   470   470 D rkdisplay-resources: 
05-31 04:32:48.917   470   470 D hwc-drm-connector: crtc_id_property_: name CRTC_ID 
05-31 04:32:48.917   470   470 W hwc-drm-connector: Could not get hdmi_output_colorimetry property
05-31 04:32:48.917   470   470 W hwc-drm-connector: Could not get hdmi_output_format property
05-31 04:32:48.918   470   470 W hwc-drm-connector: UpdateModes Could not get hdmi_output_colorimetry property
05-31 04:32:48.918   470   470 W hwc-drm-connector: UpdateModes Could not get hdmi_output_format property
05-31 04:32:48.918   470   470 D hwc-drm-connector: crtc_id_property_: name CRTC_ID 
05-31 04:32:48.919   470   470 D hwc-drm-connector: crtc_id_property_: name CRTC_ID 
05-31 04:32:48.919   470   470 W hwc-drm-connector: Could not get hdmi_output_colorimetry property
05-31 04:32:48.919   470   470 W hwc-drm-connector: Could not get hdmi_output_format property
05-31 04:32:48.919   470   470 W hwc-drm-connector: UpdateModes Could not get hdmi_output_colorimetry property
05-31 04:32:48.919   470   470 W hwc-drm-connector: UpdateModes Could not get hdmi_output_format property
05-31 04:32:48.919   470   470 D rkdisplay-resources:  hue:
05-31 04:32:48.919   470   470 D rkdisplay-resources:           flags: range
05-31 04:32:48.919   470   470 D rkdisplay-resources:           values:064
05-31 04:32:48.919   470   470 D rkdisplay-resources:           value:32
05-31 04:32:48.919   470   470 D rkdisplay-resources: 
05-31 04:32:48.919   470   470 D RkNativeDisplayManager: nativeInit: 
05-31 04:32:48.919   470   470 W hwc-drm-connector: UpdateModes Could not get hdmi_output_colorimetry property
05-31 04:32:48.919   470   470 W hwc-drm-connector: UpdateModes Could not get hdmi_output_format property
05-31 04:32:48.920   470   470 D RkNativeDisplayManager: old_state 1 cur_state 1 conn->get_type() 14
05-31 04:32:48.920   470   470 D RkNativeDisplayManager: old_state 2 cur_state 2 conn->get_type() 11
05-31 04:32:48.920   470   470 W hwc-drm-connector: UpdateModes Could not get hdmi_output_colorimetry property
05-31 04:32:48.920   470   470 W hwc-drm-connector: UpdateModes Could not get hdmi_output_format property
05-31 04:32:48.920   470   470 D RkNativeDisplayManager: old_state 2 cur_state 2 conn->get_type() 10
05-31 04:32:48.920   470   470 D RkNativeDisplayManager: primary: 0x7cabc4c800 extend: 0x0
05-31 04:32:48.923   470   470 I SystemServer: StartMediaRouterService
05-31 04:32:48.926   470   470 D SystemServerTiming: StartMediaRouterService took to complete: 2ms
05-31 04:32:48.926   470   470 I SystemServer: StartBackgroundDexOptService
05-31 04:32:48.926   470   470 W BackgroundDexOptService: SysProp pm.dexopt.downgrade_after_inactive_days not set
05-31 04:32:48.927   470   470 D SystemServerTiming: StartBackgroundDexOptService took to complete: 0ms
05-31 04:32:48.927   470   470 I SystemServer: StartPruneInstantAppsJobService
05-31 04:32:48.927   470   470 D SystemServerTiming: StartPruneInstantAppsJobService took to complete: 0ms
05-31 04:32:48.927   470   470 I SystemServer: StartShortcutServiceLifecycle
05-31 04:32:48.929   470   470 I SystemServiceManager: Starting com.android.server.pm.ShortcutService$Lifecycle
05-31 04:32:48.935   470   470 D SystemServerTiming: StartShortcutServiceLifecycle took to complete: 8ms
05-31 04:32:48.935   470   470 I SystemServer: StartLauncherAppsService
05-31 04:32:48.935   470   470 I SystemServiceManager: Starting com.android.server.pm.LauncherAppsService
05-31 04:32:48.937   470   470 D SystemServerTiming: StartLauncherAppsService took to complete: 2ms
05-31 04:32:48.937   470   470 I SystemServer: StartMediaProjectionManager
05-31 04:32:48.938   470   470 I SystemServiceManager: Starting com.android.server.media.projection.MediaProjectionManagerService
05-31 04:32:48.944   470   470 V MediaRouter: Adding route: RouteInfo{ name=Tablet, description=null, status=null, category=RouteCategory{ name=System types=ROUTE_TYPE_LIVE_AUDIO ROUTE_TYPE_LIVE_VIDEO  groupable=false }, supportedTypes=ROUTE_TYPE_LIVE_AUDIO ROUTE_TYPE_LIVE_VIDEO , presentationDisplay=null }
05-31 04:32:48.946   470   470 V MediaRouter: Selecting route: RouteInfo{ name=Tablet, description=null, status=null, category=RouteCategory{ name=System types=ROUTE_TYPE_LIVE_AUDIO ROUTE_TYPE_LIVE_VIDEO  groupable=false }, supportedTypes=ROUTE_TYPE_LIVE_AUDIO ROUTE_TYPE_LIVE_VIDEO , presentationDisplay=null }
05-31 04:32:48.949   470   470 D SystemServerTiming: StartMediaProjectionManager took to complete: 12ms
05-31 04:32:48.949   470   470 I SystemServer: StartCameraServiceProxy
05-31 04:32:48.951   470   470 I SystemServiceManager: Starting com.android.server.camera.CameraServiceProxy
05-31 04:32:48.953   470   578 I ServiceThread: Enabled StrictMode logging for CameraService_proxy looper.
05-31 04:32:48.955   470   470 D SystemServerTiming: StartCameraServiceProxy took to complete: 6ms
05-31 04:32:48.955   470   470 I WindowManager: SAFE MODE not enabled
05-31 04:32:48.956   470   470 I SystemServer: StartJitCompilation
05-31 04:32:48.956   470   470 D SystemServerTiming: StartJitCompilation took to complete: 0ms
05-31 04:32:48.956   470   470 I SystemServer: StartMmsService
05-31 04:32:48.956   470   470 I SystemServiceManager: Starting com.android.server.MmsServiceBroker
05-31 04:32:48.958   470   470 D SystemServerTiming: StartMmsService took to complete: 3ms
05-31 04:32:48.958   470   470 I SystemServer: StartAutoFillService
05-31 04:32:48.958   470   470 I SystemServiceManager: Starting com.android.server.autofill.AutofillManagerService
05-31 04:32:48.959   470   470 I AutofillManagerService: Setting debug to true
05-31 04:32:48.964   470   470 D SystemServerTiming: StartAutoFillService took to complete: 6ms
05-31 04:32:48.964   470   470 I SystemServer: MakeVibratorServiceReady
05-31 04:32:48.966   470   470 D SystemServerTiming: MakeVibratorServiceReady took to complete: 2ms
05-31 04:32:48.966   470   470 I SystemServer: MakeLockSettingsServiceReady
05-31 04:32:48.992   470   470 I system_server: Looking for service android.hardware.weaver@1.0::IWeaver/default
05-31 04:32:48.994   244   244 W /system/bin/hwservicemanager: getTransport: Cannot find entry android.hardware.weaver@1.0::IWeaver/default in either framework or device manifest.
05-31 04:32:48.994   470   470 E system_server: service android.hardware.weaver@1.0::IWeaver declares transport method EMPTY but framework expects hwbinder.
05-31 04:32:48.994   470   470 I SyntheticPasswordManager: Device does not support weaver
05-31 04:32:48.996   470   470 E LockSettingsStorage: Cannot read file java.io.FileNotFoundException: /data/system/gatekeeper.password.key: open failed: ENOENT (No such file or directory)
05-31 04:32:48.996   470   470 E LockSettingsStorage: Cannot read file java.io.FileNotFoundException: /data/system/password.key: open failed: ENOENT (No such file or directory)
05-31 04:32:48.996   470   470 E LockSettingsStorage: Cannot read file java.io.FileNotFoundException: /data/system/gatekeeper.pattern.key: open failed: ENOENT (No such file or directory)
05-31 04:32:48.996   470   470 E LockSettingsStorage: Cannot read file java.io.FileNotFoundException: /data/system/gatekeeper.gesture.key: open failed: ENOENT (No such file or directory)
05-31 04:32:48.997   470   470 E LockSettingsStorage: Cannot read file java.io.FileNotFoundException: /data/system/gesture.key: open failed: ENOENT (No such file or directory)
05-31 04:32:48.997   470   470 D SystemServerTiming: MakeLockSettingsServiceReady took to complete: 31ms
05-31 04:32:48.997   470   470 I SystemServer: StartBootPhaseLockSettingsReady
05-31 04:32:48.997   470   470 I SystemServiceManager: Starting phase 480
05-31 04:32:49.011   470   470 I DevicePolicyManager: Set ro.device_owner property to false
05-31 04:32:49.014   470   470 W ShortcutService: Clock rewound
05-31 04:32:49.014   470   470 D SystemServerTiming: StartBootPhaseLockSettingsReady took to complete: 17ms
05-31 04:32:49.014   470   470 I SystemServer: StartBootPhaseSystemServicesReady
05-31 04:32:49.014   470   470 I SystemServiceManager: Starting phase 500
05-31 04:32:49.028   470   470 I WifiService: WifiService starting up with Wi-Fi enabled
05-31 04:32:49.031   470   558 I system_server: Looking for service android.hidl.manager@1.0::IServiceManager/default
05-31 04:32:49.035   470   558 I system_server: Starting thread pool.
05-31 04:32:49.037   470   545 D HalDeviceManager: IWifi registration notification: fqName=android.hardware.wifi@1.0::IWifi, name=default, preexisting=true
05-31 04:32:49.038   470   545 I system_server: Looking for service android.hardware.wifi@1.0::IWifi/default
05-31 04:32:49.040   470   545 I system_server: Starting thread pool.
05-31 04:32:49.045   470   470 D WifiService: setWifiEnabled: true pid=470, uid=1000, package=android
05-31 04:32:49.045   470   470 I WifiService: setWifiEnabled package=android uid=1000 enable=true
05-31 04:32:49.045   470   470 I WifiScanningService: Starting wifiscanner
05-31 04:32:49.045   470   557 D WifiController: WifiController msg { when=0 what=155656 target=com.android.internal.util.StateMachine$SmHandler } deferred for 499ms
05-31 04:32:49.047   470   470 I RttService: Registering rttmanager
05-31 04:32:49.049   470   470 I EthernetServiceImpl: Starting Ethernet service
05-31 04:32:49.052   470   470 D EthernetNetworkFactory: EthernetNetworkFactory start eth\d
05-31 04:32:49.052   470   470 D Ethernet: Registering NetworkFactory
05-31 04:32:49.053   470   565 D ConnectivityService: Got NetworkFactory Messenger for Ethernet
05-31 04:32:49.054   470   470 D ZenLog  : config: cleanUpZenRules,ZenModeConfig[user=0,allowCalls=true,allowRepeatCallers=false,allowMessages=false,allowCallsFrom=contacts,allowMessagesFrom=contacts,allowReminders=true,allowEvents=true,allowWhenScreenOff=true,allowWhenScreenOn=true,automaticRules={EVENTS_DEFAULT_RULE=ZenRule[enabled=false,snoozing=false,name=Event,zenMode=ZEN_MODE_ALARMS,conditionId=condition://android/event?userId=-10000&calendar=&reply=1,condition=Condition[id=condition://android/event?userId=-10000&calendar=&reply=1,summary=...,line1=...,line2=...,icon=0,state=STATE_FALSE,flags=2],component=ComponentInfo{android/com.android.server.notification.EventConditionProvider},id=EVENTS_DEFAULT_RULE,creationTime=1590899583525,enabler=null], SCHEDULED_DEFAULT_RULE_1=ZenRule[enabled=false,snoozing=false,name=Weeknight,zenMode=ZEN_MODE_ALARMS,conditionId=condition://android/schedule?days=1.2.3.4.5&start=22.0&end=7.0&exitAtAlarm=false,condition=Condition[id=condition://android/schedule?days=1.2.3.4.5&start=22.0&end=7.0&exitAtAlarm=false,summary=...,line1=...,line2=...,icon=0,state=STATE_FALSE,flags=2],component=ComponentInfo{android/com.android.server.notification.ScheduleConditionProvider},id=SCHEDULED_DEFAULT_RULE_1,creationTime=1590899583524,enabler=null], SCHEDULED_DEFAULT_RULE_2=ZenRule[enabled=false,snoozing=false,name=Weekend,zenMode=ZEN_MODE_ALARMS,conditionId=condition://android/schedule?days=6.7&start=23.30&end=10.0&exitAtAlarm=false,condition=Condition[id=condition://android/schedule?days=6.7&start=23.30&end=10.0&exitAtAlarm=false,summary=...,line1=...,line2=...,icon=0,state=STATE_TRUE,flags=2],component=ComponentInfo{android/com.android.server.notification.ScheduleConditionProvider},id=SCHEDULED_DEFAULT_RULE_2,creationTime=1590899583524,enabler=null]},manualRule=null],Diff[]
05-31 04:32:49.054   470   470 D ZenLog  : set_zen_mode: off,onSystemReady
05-31 04:32:49.055   470   580 D EthernetNetworkFactory: Started tracking interface eth0
05-31 04:32:49.055   470   580 D EthernetNetworkFactory: setInterfaceUp: eth0
05-31 04:32:49.058   402   437 D CommandListener: Setting iface cfg
05-31 04:32:49.058   402   437 D CommandListener: Trying to bring up eth0
05-31 04:32:49.063   393   393 D PermissionCache: checking android.permission.CAPTURE_AUDIO_HOTWORD for uid=1000 => granted (221 us)
05-31 04:32:49.064   470   470 W SoundTriggerHelper: listModules status=0, # of modules=0
05-31 04:32:49.065   470   470 D ContextHubSystemService: onBootPhase: PHASE_SYSTEM_SERVICES_READY
05-31 04:32:49.067   470   470 D SystemServerTiming: StartBootPhaseSystemServicesReady took to complete: 52ms
05-31 04:32:49.067   470   470 I SystemServer: MakeWindowManagerServiceReady
05-31 04:32:49.072   470   493 D EthernetNetworkFactory: interfaceLinkStateChanged: eth0
05-31 04:32:49.074   470   470 I system_server: Looking for service android.hardware.configstore@1.0::ISurfaceFlingerConfigs/default
05-31 04:32:49.077   470   580 D Ethernet: got request NetworkRequest [ REQUEST id=1, [ Capabilities: INTERNET&NOT_RESTRICTED&TRUSTED&NOT_VPN] ] with score 0
05-31 04:32:49.077   470   580 D EthernetNetworkFactory: starting IpManager(eth0): mNetworkInfo=[type: Ethernet[], state: UNKNOWN/IDLE, reason: (unspecified), extra: 12:02:66:a7:14:b7, failover: false, available: true, roaming: false]
05-31 04:32:49.078   470   580 D EthernetNetworkFactory: startIpManager: eth0 carrier = 1
05-31 04:32:49.078   470   580 D EthernetNetworkFactory: sendEthernetStateChangedBroadcast: curState = CONNECTING
05-31 04:32:49.079   470   470 I system_server: Starting thread pool.
05-31 04:32:49.080   470   580 D Ethernet: got request NetworkRequest [ TRACK_DEFAULT id=3, [ Capabilities: INTERNET&NOT_RESTRICTED&TRUSTED&NOT_VPN] ] with score 0
05-31 04:32:49.080   470   580 D EthernetNetworkFactory: updateInterface: eth0 link up
05-31 04:32:49.080   470   580 D EthernetNetworkFactory: Already connected or connecting, skip connect
05-31 04:32:49.080   470   470 D SystemServerTiming: MakeWindowManagerServiceReady took to complete: 13ms
05-31 04:32:49.082   470   470 I SystemServer: MakePowerManagerServiceReady
05-31 04:32:49.083   470   583 D EthernetNetworkFactory: config DHCP
05-31 04:32:49.090   470   497 W KeyguardServiceDelegate: onScreenTurningOn(): no keyguard service!
05-31 04:32:49.090   402   437 D CommandListener: Clearing all IP addresses on eth0
05-31 04:32:49.090   470   470 D SystemServerTiming: MakePowerManagerServiceReady took to complete: 8ms
05-31 04:32:49.090   470   470 I SystemServer: MakePackageManagerServiceReady
05-31 04:32:49.095   470   470 V UserDataPreparer: Found /data/user_de/0 with serial number 0
05-31 04:32:49.095   470   470 V UserDataPreparer: Found /data/user/0 with serial number 0
05-31 04:32:49.095   470   470 V UserDataPreparer: Found /data/system_de/0 with serial number 0
05-31 04:32:49.095   470   470 V UserDataPreparer: Found /data/system_ce/0 with serial number 0
05-31 04:32:49.095   470   470 V UserDataPreparer: Found /data/misc_ce/0 with serial number 0
05-31 04:32:49.095   470   470 D SystemServerTiming: MakePackageManagerServiceReady took to complete: 5ms
05-31 04:32:49.096   470   470 I SystemServer: MakeDisplayManagerServiceReady
05-31 04:32:49.096   470   470 D SystemServerTiming: MakeDisplayManagerServiceReady took to complete: 0ms
05-31 04:32:49.099   470   470 D ActivityManager: OK, system ready!
05-31 04:32:49.101   470   470 I ActivityManager: System now ready
05-31 04:32:49.104   470   470 I SystemServer: Making services ready
05-31 04:32:49.104   470   495 E HalDeviceManager: Should have at least 1 chip!
05-31 04:32:49.104   470   470 I SystemServer: StartActivityManagerReadyPhase
05-31 04:32:49.104   470   470 I SystemServiceManager: Starting phase 550
05-31 04:32:49.104   402   437 D CommandListener: Clearing all IP addresses on eth0
05-31 04:32:49.104   470   495 E HalDeviceManager: createIface: no chip info found
05-31 04:32:49.121   470   585 D EthernetNetworkFactory: onLinkPropertiesChange: lp = {InterfaceName: eth0 LinkAddresses: [fe80::da04:a745:1e1e:602/64,]  Routes: [fe80::/64 -> :: eth0,] DnsAddresses: [] Domains: null MTU: 0 TcpBufferSizes: 524288,1048576,3145728,524288,1048576,2097152}
05-31 04:32:49.125   470   470 D BluetoothManagerService: Bluetooth boot completed
05-31 04:32:49.126   470   470 D BluetoothManagerService: Getting adapter name and address
05-31 04:32:49.126   470   494 D BluetoothManagerService: MESSAGE_GET_NAME_AND_ADDRESS
05-31 04:32:49.126   470   494 D BluetoothManagerService: Binding to service to get name and address
05-31 04:32:49.141   470   590 D DhcpClient: Receive thread started
05-31 04:32:49.144   470   588 D DhcpClient: Broadcasting DHCPDISCOVER
05-31 04:32:49.152   470   494 I ActivityManager: Start proc 591:com.android.bluetooth/1002 for service com.android.bluetooth/.btservice.AdapterService
05-31 04:32:49.210   470   470 I ActivityManager: Start proc 607:com.android.inputmethod.latin/u0a56 for service com.android.inputmethod.latin/.LatinIME
05-31 04:32:49.212   470   470 W SystemServiceManager: Service com.android.server.InputMethodManagerService$Lifecycle took 86 ms in onBootPhase
05-31 04:32:49.212   470   549 D StorageManagerService: Thinking about init, mSystemReady=true, mDaemonConnected=true
05-31 04:32:49.212   470   549 D StorageManagerService: Setting up emulation state, initlocked=false
05-31 04:32:49.213   470   549 D CryptdConnector: SND -> {2 cryptfs unlock_user_key 0 0 ! !}
05-31 04:32:49.213   258   262 D vold    : e4crypt_unlock_user_key 0 serial=0 token_present=0
05-31 04:32:49.214   470   551 D CryptdConnector: RCV <- {200 2 Command succeeded}
05-31 04:32:49.214   470   549 D StorageManagerService: Thinking about reset, mSystemReady=true, mDaemonConnected=true
05-31 04:32:49.215   470   549 D VoldConnector: SND -> {3 volume reset}
05-31 04:32:49.215   470   550 D VoldConnector: RCV <- {651 emulated 7}
05-31 04:32:49.216   470   550 D VoldConnector: RCV <- {659 emulated}
05-31 04:32:49.216   470   550 D VoldConnector: RCV <- {650 emulated 2 "" ""}
05-31 04:32:49.216   470   550 D VoldConnector: RCV <- {651 emulated 0}
05-31 04:32:49.216   470   550 D VoldConnector: RCV <- {200 3 Command succeeded}
05-31 04:32:49.217   470   549 D VoldConnector: SND -> {4 volume user_added 0 0}
05-31 04:32:49.217   470   493 V StorageManagerService: Found primary storage at VolumeInfo{emulated}:
05-31 04:32:49.217   470   493 V StorageManagerService:     type=EMULATED diskId=null partGuid=null mountFlags=0 mountUserId=-1 
05-31 04:32:49.217   470   493 V StorageManagerService:     state=UNMOUNTED 
05-31 04:32:49.217   470   493 V StorageManagerService:     fsType=null fsUuid=null fsLabel=null 
05-31 04:32:49.217   470   493 V StorageManagerService:     path=null internalPath=null 
05-31 04:32:49.217   470   550 D VoldConnector: RCV <- {200 4 Command succeeded}
05-31 04:32:49.222   470   549 D VoldConnector: SND -> {5 volume mount emulated 3 -1}
05-31 04:32:49.223   470   485 I ActivityManager: Force stopping com.android.providers.media appid=10017 user=-1: vold reset
05-31 04:32:49.225   470   550 D VoldConnector: RCV <- {651 emulated 1}
05-31 04:32:49.226   258   261 V vold    : Waiting for FUSE to spin up...
05-31 04:32:49.226   470   550 D VoldConnector: RCV <- {656 emulated /data/media}
05-31 04:32:49.228   470   550 D VoldConnector: RCV <- {655 emulated /storage/emulated}
05-31 04:32:49.232   266   440 D AudioHardwareTiny: adev_set_parameters: kvpairs = A2dpSuspended=false
05-31 04:32:49.235   470   470 D UsbAlsaManager: Adding ALSA device AlsaDevice: [card: 0, device: 0, type: 1]
05-31 04:32:49.235   266   440 D AudioHardwareTiny: adev_set_parameters: kvpairs = BT_SCO=off
05-31 04:32:49.235   470   470 D UsbAlsaManager: Adding ALSA device AlsaDevice: [card: 0, device: 0, type: 2]
05-31 04:32:49.235   470   470 D UsbAlsaManager: Adding ALSA device AlsaDevice: [card: 1, device: 0, type: 1]
05-31 04:32:49.237   470   573 D BluetoothManagerService: Trying to bind to profile: 1, while Bluetooth was disabled
05-31 04:32:49.239   470   470 D SystemServerTiming: StartActivityManagerReadyPhase took to complete: 134ms
05-31 04:32:49.239   470   470 I SystemServer: StartObservingNativeCrashes
05-31 04:32:49.240   470   470 D SystemServerTiming: StartObservingNativeCrashes took to complete: 1ms
05-31 04:32:49.241   470   524 D SystemServerInitThreadPool: Started executing WebViewFactoryPreparation
05-31 04:32:49.241   470   524 I SystemServer: WebViewFactoryPreparation
05-31 04:32:49.242   393   393 I AudioFlinger: systemReady
05-31 04:32:49.244   470   470 I SystemServer: StartSystemUI
05-31 04:32:49.245   613   613 W /system/bin/sdcard: Device explicitly enabled sdcardfs
05-31 04:32:49.261   470   524 D WebViewLibraryLoader: Setting new address space to 125701040
05-31 04:32:49.264   470   628 V NuMediaExtractor: setDataSource fd=184 (/system/media/audio/ui/Effect_Tick.ogg), offset=0, length=5136
05-31 04:32:49.266   591   591 I zygote64: The ClassLoaderContext is a special shared library.
05-31 04:32:49.270   470   470 I ActivityManager: Start proc 630:com.android.systemui/u0a20 for service com.android.systemui/.SystemUIService
05-31 04:32:49.275   591   591 I zygote64: The ClassLoaderContext is a special shared library.
05-31 04:32:49.276   399   399 I Binder:399_1: type=1400 audit(0.0:16): avc: denied { read } for name="u:object_r:ctsgts_prop:s0" dev="tmpfs" ino=15145 scontext=u:r:mediaextractor:s0 tcontext=u:object_r:ctsgts_prop:s0 tclass=file permissive=1
05-31 04:32:49.276   399   399 I Binder:399_1: type=1400 audit(0.0:17): avc: denied { open } for path="/dev/__properties__/u:object_r:ctsgts_prop:s0" dev="tmpfs" ino=15145 scontext=u:r:mediaextractor:s0 tcontext=u:object_r:ctsgts_prop:s0 tclass=file permissive=1
05-31 04:32:49.276   399   399 I Binder:399_1: type=1400 audit(0.0:18): avc: denied { getattr } for path="/dev/__properties__/u:object_r:ctsgts_prop:s0" dev="tmpfs" ino=15145 scontext=u:r:mediaextractor:s0 tcontext=u:object_r:ctsgts_prop:s0 tclass=file permissive=1
05-31 04:32:49.277   470   550 D VoldConnector: RCV <- {651 emulated 2}
05-31 04:32:49.277   470   550 D VoldConnector: RCV <- {200 5 Command succeeded}
05-31 04:32:49.282   399   420 E ffmExtractor: Cannot load library libffmpeg_utils.so dlerror = dlopen failed: library "libffmpeg_utils.so" not found
05-31 04:32:49.282   399   420 E ffmExtractor: lib open failed
05-31 04:32:49.294   470   628 V NuMediaExtractor: track of type 'audio/vorbis' does not publish bitrate
05-31 04:32:49.309   607   607 I zygote64: The ClassLoaderContext is a special shared library.
05-31 04:32:49.310   401   460 I OMXClient: Treble IOmx obtained
05-31 04:32:49.311   405   418 I OMXMaster: makeComponentInstance(OMX.google.aac.decoder) in omx@1.0-service process
05-31 04:32:49.326   401   460 I OMXClient: Treble IOmx obtained
05-31 04:32:49.326   405   418 I OMXMaster: makeComponentInstance(OMX.google.amrnb.decoder) in omx@1.0-service process
05-31 04:32:49.336   470   524 W ActivityManager: Slow operation: 61ms so far, now at startProcess: returned from zygote!
05-31 04:32:49.336   470   524 W ActivityManager: Slow operation: 62ms so far, now at startProcess: done updating battery stats
05-31 04:32:49.337   470   524 W ActivityManager: Slow operation: 62ms so far, now at startProcess: building log message
05-31 04:32:49.337   470   524 I ActivityManager: Start proc 654:WebViewLoader-armeabi-v7a/1037 [android.webkit.WebViewLibraryLoader$RelroFileCreator] for 
05-31 04:32:49.337   470   524 W ActivityManager: Slow operation: 62ms so far, now at startProcess: starting to update pids map
05-31 04:32:49.337   470   524 W ActivityManager: Slow operation: 63ms so far, now at startProcess: done updating pids map
05-31 04:32:49.337   470   524 W ActivityManager: Slow operation: 63ms so far, now at startProcess: done starting proc!
05-31 04:32:49.337   401   460 I OMXClient: Treble IOmx obtained
05-31 04:32:49.337   405   653 I OMXMaster: makeComponentInstance(OMX.google.amrwb.decoder) in omx@1.0-service process
05-31 04:32:49.344   401   460 I OMXClient: Treble IOmx obtained
05-31 04:32:49.345   405   418 I OMXMaster: makeComponentInstance(OMX.google.g711.alaw.decoder) in omx@1.0-service process
05-31 04:32:49.354   401   460 I OMXClient: Treble IOmx obtained
05-31 04:32:49.355   405   653 I OMXMaster: makeComponentInstance(OMX.google.g711.mlaw.decoder) in omx@1.0-service process
05-31 04:32:49.358   470   524 I ActivityManager: Start proc 671:WebViewLoader-arm64-v8a/1037 [android.webkit.WebViewLibraryLoader$RelroFileCreator] for 
05-31 04:32:49.363   470   470 D SystemServerTiming: StartSystemUI took to complete: 118ms
05-31 04:32:49.363   470   470 I SystemServer: MakeNetworkScoreReady
05-31 04:32:49.363   401   460 I OMXClient: Treble IOmx obtained
05-31 04:32:49.364   405   418 I OMXMaster: makeComponentInstance(OMX.google.mp3.decoder) in omx@1.0-service process
05-31 04:32:49.365   470   524 D SystemServerTimingAsync: WebViewFactoryPreparation took to complete: 123ms
05-31 04:32:49.365   470   524 D SystemServerInitThreadPool: Finished executing WebViewFactoryPreparation
05-31 04:32:49.367   470   470 D SystemServerTiming: MakeNetworkScoreReady took to complete: 4ms
05-31 04:32:49.367   470   470 I SystemServer: MakeNetworkManagementServiceReady
05-31 04:32:49.368   654   654 V WebViewLibraryLoader: RelroFileCreator (64bit = false),  32-bit lib: /system/app/webview/webview.apk!/lib/armeabi-v7a/libwebviewchromium.so, 64-bit lib: /system/app/webview/webview.apk!/lib/arm64-v8a/libwebviewchromium.so
05-31 04:32:49.373   470   470 D NetworkManagement: enabling bandwidth control
05-31 04:32:49.389   401   460 I OMXClient: Treble IOmx obtained
05-31 04:32:49.390   405   653 I OMXMaster: makeComponentInstance(OMX.google.opus.decoder) in omx@1.0-service process
05-31 04:32:49.391   671   671 V WebViewLibraryLoader: RelroFileCreator (64bit = true),  32-bit lib: /system/app/webview/webview.apk!/lib/armeabi-v7a/libwebviewchromium.so, 64-bit lib: /system/app/webview/webview.apk!/lib/arm64-v8a/libwebviewchromium.so
05-31 04:32:49.400   470   470 W NetworkManagement: setDataSaverMode(): already false
05-31 04:32:49.402   401   460 I OMXClient: Treble IOmx obtained
05-31 04:32:49.402   470   470 D SystemServerTiming: MakeNetworkManagementServiceReady took to complete: 35ms
05-31 04:32:49.402   470   470 I SystemServer: MakeNetworkStatsServiceReady
05-31 04:32:49.402   405   418 I OMXMaster: makeComponentInstance(OMX.google.raw.decoder) in omx@1.0-service process
05-31 04:32:49.405   470   488 I WifiService: requestActivityInfo uid=1000
05-31 04:32:49.406   470   488 I WifiService: reportActivityInfo uid=1000
05-31 04:32:49.406   470   488 I WifiService: getSupportedFeatures uid=1000
05-31 04:32:49.408   470   488 E BatteryExternalStatsWorker: no controller energy info supplied for wifi
05-31 04:32:49.408   470   488 E BatteryExternalStatsWorker: no controller energy info supplied for telephony
05-31 04:32:49.412   470   555 D NetworkPolicy: setRestrictBackgroundUL(): false
05-31 04:32:49.430   470   555 W NetworkManagement: setDataSaverMode(): already false
05-31 04:32:49.433   401   460 I OMXClient: Treble IOmx obtained
05-31 04:32:49.433   405   652 I OMXMaster: makeComponentInstance(OMX.google.vorbis.decoder) in omx@1.0-service process
05-31 04:32:49.437   630   630 I zygote64: The ClassLoaderContext is a special shared library.
05-31 04:32:49.439   470   470 D SystemServerTiming: MakeNetworkStatsServiceReady took to complete: 36ms
05-31 04:32:49.439   470   470 I SystemServer: MakeConnectivityServiceReady
05-31 04:32:49.440   470   470 D PermissionMonitor: Monitoring
05-31 04:32:49.442   470   580 D Ethernet: got request NetworkRequest [ BACKGROUND_REQUEST id=2, [ Transports: CELLULAR Capabilities: INTERNET&NOT_RESTRICTED&TRUSTED&NOT_VPN] ] with score 0
05-31 04:32:49.442   401   460 I OMXClient: Treble IOmx obtained
05-31 04:32:49.443   405   652 I OMXMaster: makeComponentInstance(OMX.google.aac.encoder) in omx@1.0-service process
05-31 04:32:49.446   470   470 D PermissionMonitor: Users: 1, Apps: 74
05-31 04:32:49.457   607   607 I LatinIME: Hardware accelerated drawing: false
05-31 04:32:49.460   470   470 D SystemServerTiming: MakeConnectivityServiceReady took to complete: 21ms
05-31 04:32:49.460   470   470 I SystemServer: MakeNetworkPolicyServiceReady
05-31 04:32:49.465   401   460 I OMXClient: Treble IOmx obtained
05-31 04:32:49.466   405   652 I OMXMaster: makeComponentInstance(OMX.google.amrnb.encoder) in omx@1.0-service process
05-31 04:32:49.470   470   470 D SystemServerTiming: MakeNetworkPolicyServiceReady took to complete: 9ms
05-31 04:32:49.470   470   470 I SystemServer: StartWatchdog
05-31 04:32:49.470   470   470 D SystemServerTiming: StartWatchdog took to complete: 0ms
05-31 04:32:49.470   470   470 I SystemServer: PhaseThirdPartyAppsCanStart
05-31 04:32:49.470   470   470 I SystemServiceManager: Starting phase 600
05-31 04:32:49.474   275   275 I Lights Hal: >>> Enter set_notifications_light
05-31 04:32:49.478   470   470 V WallpaperManagerService: bindWallpaperComponentLocked: componentName=ComponentInfo{com.android.systemui/com.android.systemui.ImageWallpaper}
05-31 04:32:49.480   591   591 D AdapterServiceConfig: Adding A2dpService
05-31 04:32:49.480   591   591 D AdapterServiceConfig: Adding HidService
05-31 04:32:49.480   591   591 D AdapterServiceConfig: Adding PanService
05-31 04:32:49.480   591   591 D AdapterServiceConfig: Adding GattService
05-31 04:32:49.481   591   591 W AdapterServiceConfig: Could not find profile bit mask
05-31 04:32:49.481   591   591 D AdapterServiceConfig: Adding BluetoothOppService
05-31 04:32:49.482   401   460 I OMXClient: Treble IOmx obtained
05-31 04:32:49.483   405   652 I OMXMaster: makeComponentInstance(OMX.google.amrwb.encoder) in omx@1.0-service process
05-31 04:32:49.494   470   470 D SystemServerTiming: PhaseThirdPartyAppsCanStart took to complete: 24ms
05-31 04:32:49.495   470   470 I SystemServer: MakeLocationServiceReady
05-31 04:32:49.497   401   460 I OMXClient: Treble IOmx obtained
05-31 04:32:49.498   405   418 I OMXMaster: makeComponentInstance(OMX.google.flac.encoder) in omx@1.0-service process
05-31 04:32:49.501   654   654 I WebViewLoader-armeabi-v7a: System.exit called, status: 0
05-31 04:32:49.501   654   654 I AndroidRuntime: VM exiting with result code 0, cleanup skipped.
05-31 04:32:49.502   244   244 W /system/bin/hwservicemanager: getTransport: Cannot find entry android.hardware.gnss@1.0::IGnss/default in either framework or device manifest.
05-31 04:32:49.502   470   470 E GnssLocationProvider: Unable to get GPS service
05-31 04:32:49.503   713   713 I sh      : type=1400 audit(0.0:19): avc: denied { execute_no_trans } for path="/vendor/bin/toybox_vendor" dev="dm-1" ino=53 scontext=u:r:pwm_fan_autorun:s0 tcontext=u:object_r:vendor_toolbox_exec:s0 tclass=file permissive=1
05-31 04:32:49.504   470   470 W LocationProviderProxy-network: Odd, no component found for service com.android.location.service.v3.NetworkLocationProvider
05-31 04:32:49.516   401   460 I OMXClient: Treble IOmx obtained
05-31 04:32:49.517   405   418 I OMXMaster: makeComponentInstance(OMX.rk.video_decoder.avc) in omx@1.0-service process
05-31 04:32:49.517   470   470 W GeocoderProxy: Odd, no component found for service com.android.location.service.GeocodeProvider
05-31 04:32:49.518   470   470 D LocationManagerService: FLP HAL not supported
05-31 04:32:49.518   405   418 E ROCKCHIP_LOG: Rockchip_OSAL_SharedMemory_Open(448): 222ion_client_create Error: 8
05-31 04:32:49.518   405   418 E ROCKCHIP_RM: Rockchip_OMX_Check_Resource(282): pRockchipComponent->codecType 1, Line:282
05-31 04:32:49.519   470   470 W GeofenceProxy: Odd, no component found for service com.android.location.service.GeofenceProvider
05-31 04:32:49.520   405   418 E ROCKCHIP_VIDEO_DECCONTROL: Rkvpu_OMX_GetExtensionIndex(2041): OMX_IndexParamdescribeColorFormat get 
05-31 04:32:49.520   470   470 E ActivityRecognitionHardware: activity_recognition HAL is deprecated. is_supported is effectively a no-op
05-31 04:32:49.520   470   470 D LocationManagerService: Hardware Activity-Recognition not supported.
05-31 04:32:49.520   405   418 E ROCKCHIP_VIDEO_DECCONTROL: Rkvpu_OMX_GetExtensionIndex(2041): OMX_IndexParamdescribeColorFormat get 
05-31 04:32:49.520   470   470 W ActivityRecognitionProxy: Odd, no component found for service com.android.location.service.ActivityRecognitionProvider
05-31 04:32:49.520   405   418 E OMXNodeInstance: getExtensionIndex(0xe8622e40:rk._decoder.avc, OMX.google.android.index.configureVideoTunnelMode) ERROR: BadParameter(0x80001005)
05-31 04:32:49.521   405   652 I ROCKCHIP_OSAL_Android: Rockchip_OSAL_SetANBParameter(667): nBufferCountMin = 22 nBufferCountActual = 24
05-31 04:32:49.525   405   652 I mpp_rt  : NOT found ion allocator
05-31 04:32:49.525   405   652 I mpp_rt  : found drm allocator
05-31 04:32:49.525   405   652 W OMXNodeInstance: [0xe8622e40:rk._decoder.avc] component does not support metadata mode; using fallback
05-31 04:32:49.526   470   470 D SystemServerTiming: MakeLocationServiceReady took to complete: 31ms
05-31 04:32:49.526   470   470 I SystemServer: MakeCountryDetectionServiceReady
05-31 04:32:49.526   470   470 D SystemServerTiming: MakeCountryDetectionServiceReady took to complete: 0ms
05-31 04:32:49.526   470   470 I SystemServer: MakeNetworkTimeUpdateReady
05-31 04:32:49.530   470   470 D ConnectivityService: requestNetwork for uid/pid:1000/470 NetworkRequest [ TRACK_DEFAULT id=5, [ Capabilities: INTERNET&NOT_RESTRICTED&TRUSTED&NOT_VPN] ]
05-31 04:32:49.530   470   470 D SystemServerTiming: MakeNetworkTimeUpdateReady took to complete: 4ms
05-31 04:32:49.531   470   580 D Ethernet: got request NetworkRequest [ TRACK_DEFAULT id=5, [ Capabilities: INTERNET&NOT_RESTRICTED&TRUSTED&NOT_VPN] ] with score 0
05-31 04:32:49.532   401   460 I OMXClient: Treble IOmx obtained
05-31 04:32:49.532   470   470 I SystemServer: MakeCommonTimeManagementServiceReady
05-31 04:32:49.532   470   470 I CommonTimeManagementService: No common time service detected on this platform.  Common time services will be unavailable.
05-31 04:32:49.532   405   418 I OMXMaster: makeComponentInstance(OMX.google.h264.decoder) in omx@1.0-service process
05-31 04:32:49.532   470   470 D SystemServerTiming: MakeCommonTimeManagementServiceReady took to complete: 1ms
05-31 04:32:49.532   470   470 I SystemServer: MakeInputManagerServiceReady
05-31 04:32:49.534   470   547 I InputReader: Reconfiguring input devices.  changes=0x00000020
05-31 04:32:49.535   470   470 D SystemServerTiming: MakeInputManagerServiceReady took to complete: 3ms
05-31 04:32:49.535   470   470 I SystemServer: MakeTelephonyRegistryReady
05-31 04:32:49.536   470   470 D SystemServerTiming: MakeTelephonyRegistryReady took to complete: 1ms
05-31 04:32:49.536   470   470 I SystemServer: MakeMediaRouterServiceReady
05-31 04:32:49.537   470   470 D SystemServerTiming: MakeMediaRouterServiceReady took to complete: 1ms
05-31 04:32:49.537   470   470 I SystemServer: MakeMmsServiceReady
05-31 04:32:49.537   470   470 I MmsServiceBroker: Delay connecting to MmsService until an API is called
05-31 04:32:49.537   470   470 D SystemServerTiming: MakeMmsServiceReady took to complete: 0ms
05-31 04:32:49.537   470   470 I SystemServer: MakeNetworkScoreServiceReady
05-31 04:32:49.537   470   470 D SystemServerTiming: MakeNetworkScoreServiceReady took to complete: 0ms
05-31 04:32:49.537   470   470 I SystemServer: IncidentDaemonReady
05-31 04:32:49.538   470   470 D SystemServerTiming: IncidentDaemonReady took to complete: 1ms
05-31 04:32:49.538   470   470 I SystemServiceManager: Calling onStartUser u0
05-31 04:32:49.540   470   547 I InputReader: Reconfiguring input devices.  changes=0x00000010
05-31 04:32:49.540   470   470 W VoiceInteractionManagerService: no available voice interaction services found for user 0
05-31 04:32:49.541   470   470 W VoiceInteractionManagerService: no available voice recognition services found for user 0
05-31 04:32:49.543   591   591 D BluetoothAdapterService: onCreate()
05-31 04:32:49.547   405   652 E OMXNodeInstance: getExtensionIndex(0xe86229c0:google.h264.decoder, OMX.google.android.index.configureVideoTunnelMode) ERROR: UnsupportedIndex(0x8000101a)
05-31 04:32:49.547   405   652 E OMXNodeInstance: getExtensionIndex(0xe86229c0:google.h264.decoder, OMX.google.android.index.enableAndroidNativeBuffers) ERROR: UnsupportedIndex(0x8000101a)
05-31 04:32:49.550   470   557 D WifiController: DEFERRED_TOGGLE handled
05-31 04:32:49.553   401   460 I OMXClient: Treble IOmx obtained
05-31 04:32:49.553   405   652 I OMXMaster: makeComponentInstance(OMX.rk.video_decoder.flv1) in omx@1.0-service process
05-31 04:32:49.554   279   279 I android.hardware.wifi@1.0-service: Wifi HAL started
05-31 04:32:49.555   405   652 E ROCKCHIP_LOG: Rockchip_OSAL_SharedMemory_Open(448): 222ion_client_create Error: 8
05-31 04:32:49.555   405   652 E ROCKCHIP_RM: Rockchip_OMX_Check_Resource(282): pRockchipComponent->codecType 1, Line:282
05-31 04:32:49.556   405   652 E ROCKCHIP_VIDEO_DECCONTROL: Rkvpu_OMX_GetExtensionIndex(2041): OMX_IndexParamdescribeColorFormat get 
05-31 04:32:49.556   405   652 E ROCKCHIP_VIDEO_DECCONTROL: Rkvpu_OMX_GetExtensionIndex(2041): OMX_IndexParamdescribeColorFormat get 
05-31 04:32:49.557   405   418 E OMXNodeInstance: getExtensionIndex(0xe86229c0:rk._decoder.flv1, OMX.google.android.index.configureVideoTunnelMode) ERROR: BadParameter(0x80001005)
05-31 04:32:49.557   405   418 I ROCKCHIP_OSAL_Android: Rockchip_OSAL_SetANBParameter(667): nBufferCountMin = 22 nBufferCountActual = 24
05-31 04:32:49.557   405   418 W OMXNodeInstance: [0xe86229c0:rk._decoder.flv1] component does not support metadata mode; using fallback
05-31 04:32:49.560   470   470 I ActivityManager: Start proc 722:com.android.phone/1001 for added application com.android.phone
05-31 04:32:49.561   401   460 I OMXClient: Treble IOmx obtained
05-31 04:32:49.561   405   418 I OMXMaster: makeComponentInstance(OMX.rk.video_decoder.h263) in omx@1.0-service process
05-31 04:32:49.562   470   470 I ActivityManager: START u0 {act=android.intent.action.MAIN cat=[android.intent.category.HOME] flg=0x10000100 cmp=com.android.settings/.FallbackHome} from uid 0
05-31 04:32:49.563   405   418 E ROCKCHIP_LOG: Rockchip_OSAL_SharedMemory_Open(448): 222ion_client_create Error: 8
05-31 04:32:49.563   405   418 E ROCKCHIP_RM: Rockchip_OMX_Check_Resource(282): pRockchipComponent->codecType 1, Line:282
05-31 04:32:49.564   405   418 E ROCKCHIP_VIDEO_DECCONTROL: Rkvpu_OMX_GetExtensionIndex(2041): OMX_IndexParamdescribeColorFormat get 
05-31 04:32:49.565   405   418 E ROCKCHIP_VIDEO_DECCONTROL: Rkvpu_OMX_GetExtensionIndex(2041): OMX_IndexParamdescribeColorFormat get 
05-31 04:32:49.565   405   418 E OMXNodeInstance: getExtensionIndex(0xe86229c0:rk._decoder.h263, OMX.google.android.index.configureVideoTunnelMode) ERROR: BadParameter(0x80001005)
05-31 04:32:49.565   405   418 I ROCKCHIP_OSAL_Android: Rockchip_OSAL_SetANBParameter(667): nBufferCountMin = 22 nBufferCountActual = 24
05-31 04:32:49.565   279   279 E android.hardware.wifi@1.0-service: Kernel version is 4.4.: Success
05-31 04:32:49.565   405   418 W OMXNodeInstance: [0xe86229c0:rk._decoder.h263] component does not support metadata mode; using fallback
05-31 04:32:49.565   279   279 E android.hardware.wifi@1.0-service: Wifi driver is not ready.: Success
05-31 04:32:49.567   279   279 E android.hardware.wifi@1.0-service: found device pid:vid :02d0:4356: Permission denied
05-31 04:32:49.567   279   279 E android.hardware.wifi@1.0-service: check_wifi_chip_type_string : AP6356S: Permission denied
05-31 04:32:49.568   401   460 I OMXClient: Treble IOmx obtained
05-31 04:32:49.568   405   418 I OMXMaster: makeComponentInstance(OMX.rk.video_decoder.hevc) in omx@1.0-service process
05-31 04:32:49.569   279   279 E android.hardware.wifi@1.0-service: matched ko file path /vendor/lib/modules/wifi/bcmdhd.ko: Permission denied
05-31 04:32:49.570   405   418 E ROCKCHIP_LOG: Rockchip_OSAL_SharedMemory_Open(448): 222ion_client_create Error: 8
05-31 04:32:49.570   405   418 E ROCKCHIP_RM: Rockchip_OMX_Check_Resource(282): pRockchipComponent->codecType 1, Line:282
05-31 04:32:49.571   405   418 E ROCKCHIP_VIDEO_DECCONTROL: Rkvpu_OMX_GetExtensionIndex(2041): OMX_IndexParamdescribeColorFormat get 
05-31 04:32:49.572   405   418 E ROCKCHIP_VIDEO_DECCONTROL: Rkvpu_OMX_GetExtensionIndex(2041): OMX_IndexParamdescribeColorFormat get 
05-31 04:32:49.572   405   418 E OMXNodeInstance: getExtensionIndex(0xe86229c0:rk._decoder.hevc, OMX.google.android.index.configureVideoTunnelMode) ERROR: BadParameter(0x80001005)
05-31 04:32:49.572   405   418 I ROCKCHIP_OSAL_Android: Rockchip_OSAL_SetANBParameter(667): nBufferCountMin = 22 nBufferCountActual = 24
05-31 04:32:49.572   405   418 W OMXNodeInstance: [0xe86229c0:rk._decoder.hevc] component does not support metadata mode; using fallback
05-31 04:32:49.572   279   279 E android.hardware.wifi@1.0-service: insmod: open(/vendor/lib/modules/wifi/bcmdhd.ko) failed: No such file or directory: No such file or directory
05-31 04:32:49.572   279   279 E android.hardware.wifi@1.0-service: Failed to load WiFi driver
05-31 04:32:49.573   470   470 I ActivityManager: Loaded persisted task ids for user 0
05-31 04:32:49.573   470   558 E HalDeviceManager: executeChipReconfiguration: configureChip error: 9 ()
05-31 04:32:49.575   279   279 I android.hardware.wifi@1.0-service: Wifi HAL stopped
05-31 04:32:49.575   470   558 E WifiNative-wlan0: Failed to start HAL for client mode
05-31 04:32:49.575   401   460 I OMXClient: Treble IOmx obtained
05-31 04:32:49.576   405   418 I OMXMaster: makeComponentInstance(OMX.google.hevc.decoder) in omx@1.0-service process
05-31 04:32:49.583   470   470 E ActivityManager: getPackageFerformanceMode--ComponentInfo{com.android.settings/com.android.settings.FallbackHome}----com.android.settings
05-31 04:32:49.591   405   418 E OMXNodeInstance: getExtensionIndex(0xe86229c0:google.hevc.decoder, OMX.google.android.index.configureVideoTunnelMode) ERROR: UnsupportedIndex(0x8000101a)
05-31 04:32:49.591   405   418 E OMXNodeInstance: getExtensionIndex(0xe86229c0:google.hevc.decoder, OMX.google.android.index.enableAndroidNativeBuffers) ERROR: UnsupportedIndex(0x8000101a)
05-31 04:32:49.595   401   460 I OMXClient: Treble IOmx obtained
05-31 04:32:49.596   405   652 I OMXMaster: makeComponentInstance(OMX.rk.video_decoder.m2v) in omx@1.0-service process
05-31 04:32:49.598   405   652 E ROCKCHIP_LOG: Rockchip_OSAL_SharedMemory_Open(448): 222ion_client_create Error: 8
05-31 04:32:49.598   405   652 E ROCKCHIP_RM: Rockchip_OMX_Check_Resource(282): pRockchipComponent->codecType 1, Line:282
05-31 04:32:49.600   405   652 E ROCKCHIP_VIDEO_DECCONTROL: Rkvpu_OMX_GetExtensionIndex(2041): OMX_IndexParamdescribeColorFormat get 
05-31 04:32:49.600   470   470 I ActivityManager: Start proc 746:com.android.settings/1000 for activity com.android.settings/.FallbackHome
05-31 04:32:49.600   405   652 E ROCKCHIP_VIDEO_DECCONTROL: Rkvpu_OMX_GetExtensionIndex(2041): OMX_IndexParamdescribeColorFormat get 
05-31 04:32:49.601   405   652 E OMXNodeInstance: getExtensionIndex(0xe8622e40:rk._decoder.m2v, OMX.google.android.index.configureVideoTunnelMode) ERROR: BadParameter(0x80001005)
05-31 04:32:49.601   405   652 I ROCKCHIP_OSAL_Android: Rockchip_OSAL_SetANBParameter(667): nBufferCountMin = 22 nBufferCountActual = 24
05-31 04:32:49.601   405   652 W OMXNodeInstance: [0xe8622e40:rk._decoder.m2v] component does not support metadata mode; using fallback
05-31 04:32:49.605   401   460 I OMXClient: Treble IOmx obtained
05-31 04:32:49.606   405   652 I OMXMaster: makeComponentInstance(OMX.rk.video_decoder.m4v) in omx@1.0-service process
05-31 04:32:49.607   405   652 E ROCKCHIP_LOG: Rockchip_OSAL_SharedMemory_Open(448): 222ion_client_create Error: 8
05-31 04:32:49.607   405   652 E ROCKCHIP_RM: Rockchip_OMX_Check_Resource(282): pRockchipComponent->codecType 1, Line:282
