01-18 08:50:09.629   258   262 D vold    : Preparing: /data/system_de/0
01-18 08:50:09.630   258   262 D vold    : Preparing: /data/misc_de/0
01-18 08:50:09.630   258   262 D vold    : Preparing: /data/user_de/0
01-18 08:50:09.630   258   262 D vold    : e4crypt_unlock_user_key 0 serial=0 token_present=0
01-18 08:50:09.643   386   386 I /system/bin/tzdatacheck: timezone distro dir /data/misc/zoneinfo/current does not exist. No action required.
01-18 08:50:09.647   273   273 I [Gralloc]: Got fd 16 for handle 1
01-18 08:50:09.648   273   273 I [Gralloc]: leave, w : 1920, h : 1080, format : 0x2,internal_format : 0x2, usage : 0xb00. size=8294400,pixel_stride=1920,byte_stride=7680
01-18 08:50:09.648   273   273 I [Gralloc]: leave: prime_fd=16,share_attr_fd=17
01-18 08:50:09.649   282   306 I [Gralloc]: Got handle 1 for fd 31
01-18 08:50:09.649   282   306 I [Gralloc]: leave, w : 1920, h : 1080, format : 0x2,internal_format : 0x2, usage : 0xb00. size=8294400,pixel_stride=1920,byte_stride=7680
01-18 08:50:09.649   282   306 I [Gralloc]: leave: prime_fd=31,share_attr_fd=32
01-18 08:50:09.652   258   291 D Cryptfs : post_fs_data done
01-18 08:50:09.653   258   291 D Cryptfs : Just triggered restart_framework
01-18 08:50:09.662   340   361 I [Gralloc]: Got handle 1 for fd 21
01-18 08:50:09.663   340   361 I [Gralloc]: leave, w : 1920, h : 1080, format : 0x2,internal_format : 0x2, usage : 0xb00. size=8294400,pixel_stride=1920,byte_stride=7680
01-18 08:50:09.663   340   361 I [Gralloc]: leave: prime_fd=21,share_attr_fd=22
01-18 08:50:09.675   387   387 I bootstat: Service started: /system/bin/bootstat -r post_decrypt_time_elapsed 
01-18 08:50:09.681   273   273 I [Gralloc]: Got fd 16 for handle 1
01-18 08:50:09.683   273   273 I [Gralloc]: leave, w : 1920, h : 1080, format : 0x2,internal_format : 0x2, usage : 0xb00. size=8294400,pixel_stride=1920,byte_stride=7680
01-18 08:50:09.683   273   273 I [Gralloc]: leave: prime_fd=16,share_attr_fd=17
01-18 08:50:09.683   282   306 I [Gralloc]: Got handle 2 for fd 36
01-18 08:50:09.683   282   306 I [Gralloc]: leave, w : 1920, h : 1080, format : 0x2,internal_format : 0x2, usage : 0xb00. size=8294400,pixel_stride=1920,byte_stride=7680
01-18 08:50:09.683   282   306 I [Gralloc]: leave: prime_fd=36,share_attr_fd=37
01-18 08:50:09.684   340   361 I [Gralloc]: Got handle 2 for fd 25
01-18 08:50:09.684   340   361 I [Gralloc]: leave, w : 1920, h : 1080, format : 0x2,internal_format : 0x2, usage : 0xb00. size=8294400,pixel_stride=1920,byte_stride=7680
01-18 08:50:09.684   340   361 I [Gralloc]: leave: prime_fd=25,share_attr_fd=26
01-18 08:50:09.686   274   274 I [Gralloc]: Got handle 1 for fd 31
01-18 08:50:09.687   274   274 I [Gralloc]: leave, w : 1920, h : 1080, format : 0x2,internal_format : 0x2, usage : 0xb00. size=8294400,pixel_stride=1920,byte_stride=7680
01-18 08:50:09.687   274   274 I [Gralloc]: leave: prime_fd=31,share_attr_fd=32
01-18 08:50:09.705   273   273 I [Gralloc]: Got fd 16 for handle 1
01-18 08:50:09.706   273   273 I [Gralloc]: leave, w : 1920, h : 1080, format : 0x1,internal_format : 0x1, usage : 0x1a00. size=8294400,pixel_stride=1920,byte_stride=7680
01-18 08:50:09.706   273   273 I [Gralloc]: leave: prime_fd=16,share_attr_fd=17
01-18 08:50:09.707   282   282 I [Gralloc]: Got handle 3 for fd 40
01-18 08:50:09.707   282   282 I [Gralloc]: leave, w : 1920, h : 1080, format : 0x1,internal_format : 0x1, usage : 0x1a00. size=8294400,pixel_stride=1920,byte_stride=7680
01-18 08:50:09.707   282   282 I [Gralloc]: leave: prime_fd=40,share_attr_fd=41
01-18 08:50:09.717   274   274 I [Gralloc]: Got handle 2 for fd 36
01-18 08:50:09.718   274   274 I [Gralloc]: leave, w : 1920, h : 1080, format : 0x1,internal_format : 0x1, usage : 0x1a00. size=8294400,pixel_stride=1920,byte_stride=7680
01-18 08:50:09.718   274   274 I [Gralloc]: leave: prime_fd=36,share_attr_fd=37
01-18 08:50:09.737   274   274 I [Gralloc]: Got handle 3 for fd 46
01-18 08:50:09.738   274   274 I [Gralloc]: leave, w : 1920, h : 1080, format : 0x2,internal_format : 0x2, usage : 0xb00. size=8294400,pixel_stride=1920,byte_stride=7680
01-18 08:50:09.738   274   274 I [Gralloc]: leave: prime_fd=46,share_attr_fd=47
01-18 08:50:09.751   273   273 I [Gralloc]: Got fd 16 for handle 1
01-18 08:50:09.753   273   273 I [Gralloc]: leave, w : 1920, h : 1080, format : 0x1,internal_format : 0x1, usage : 0x1a00. size=8294400,pixel_stride=1920,byte_stride=7680
01-18 08:50:09.753   273   273 I [Gralloc]: leave: prime_fd=16,share_attr_fd=17
01-18 08:50:09.754   282   282 I [Gralloc]: Got handle 4 for fd 44
01-18 08:50:09.754   282   282 I [Gralloc]: leave, w : 1920, h : 1080, format : 0x1,internal_format : 0x1, usage : 0x1a00. size=8294400,pixel_stride=1920,byte_stride=7680
01-18 08:50:09.754   282   282 I [Gralloc]: leave: prime_fd=44,share_attr_fd=45
01-18 08:50:09.767   274   274 I [Gralloc]: Got handle 4 for fd 49
01-18 08:50:09.768   274   274 I [Gralloc]: leave, w : 1920, h : 1080, format : 0x1,internal_format : 0x1, usage : 0x1a00. size=8294400,pixel_stride=1920,byte_stride=7680
01-18 08:50:09.768   274   274 I [Gralloc]: leave: prime_fd=49,share_attr_fd=50
01-18 08:50:09.788   273   385 I [Gralloc]: Got fd 16 for handle 1
01-18 08:50:09.789   273   385 I [Gralloc]: leave, w : 1920, h : 1080, format : 0x2,internal_format : 0x2, usage : 0xb00. size=8294400,pixel_stride=1920,byte_stride=7680
01-18 08:50:09.789   273   385 I [Gralloc]: leave: prime_fd=16,share_attr_fd=17
01-18 08:50:09.793   396   396 I installd: installd firing up
01-18 08:50:09.794   282   306 I [Gralloc]: Got handle 5 for fd 50
01-18 08:50:09.794   282   306 I [Gralloc]: leave, w : 1920, h : 1080, format : 0x2,internal_format : 0x2, usage : 0xb00. size=8294400,pixel_stride=1920,byte_stride=7680
01-18 08:50:09.794   282   306 I [Gralloc]: leave: prime_fd=50,share_attr_fd=51
01-18 08:50:09.795   340   361 I [Gralloc]: Got handle 3 for fd 28
01-18 08:50:09.795   340   361 I [Gralloc]: leave, w : 1920, h : 1080, format : 0x2,internal_format : 0x2, usage : 0xb00. size=8294400,pixel_stride=1920,byte_stride=7680
01-18 08:50:09.795   340   361 I [Gralloc]: leave: prime_fd=28,share_attr_fd=29
01-18 08:50:09.820   274   274 I [Gralloc]: Got handle 5 for fd 39
01-18 08:50:09.820   274   274 I [Gralloc]: leave, w : 1920, h : 1080, format : 0x2,internal_format : 0x2, usage : 0xb00. size=8294400,pixel_stride=1920,byte_stride=7680
01-18 08:50:09.820   274   274 I [Gralloc]: leave: prime_fd=39,share_attr_fd=40
01-18 08:50:09.832   273   385 I [Gralloc]: Got fd 16 for handle 1
01-18 08:50:09.832   273   385 I [Gralloc]: leave, w : 1920, h : 1080, format : 0x1,internal_format : 0x1, usage : 0x1a00. size=8294400,pixel_stride=1920,byte_stride=7680
01-18 08:50:09.832   273   385 I [Gralloc]: leave: prime_fd=16,share_attr_fd=17
01-18 08:50:09.833   282   282 I [Gralloc]: Got handle 6 for fd 48
01-18 08:50:09.833   282   282 I [Gralloc]: leave, w : 1920, h : 1080, format : 0x1,internal_format : 0x1, usage : 0x1a00. size=8294400,pixel_stride=1920,byte_stride=7680
01-18 08:50:09.833   282   282 I [Gralloc]: leave: prime_fd=48,share_attr_fd=53
01-18 08:50:09.839   274   274 I [Gralloc]: Got handle 6 for fd 55
01-18 08:50:09.840   274   274 I [Gralloc]: leave, w : 1920, h : 1080, format : 0x1,internal_format : 0x1, usage : 0x1a00. size=8294400,pixel_stride=1920,byte_stride=7680
01-18 08:50:09.840   274   274 I [Gralloc]: leave: prime_fd=55,share_attr_fd=58
01-18 08:50:09.854   406   406 E DrmService: ----------------running drmservice---------------
01-18 08:50:09.854   408   408 I /system/bin/tombstoned: tombstoned successfully initialized
01-18 08:50:09.854   406   406 E DrmService: rknand_sys_storage open fail
01-18 08:50:09.854   406   406 E DrmService: Get HID data:
01-18 08:50:09.877   406   406 E DrmService: ----------serianno =1VI03UD5M2
01-18 08:50:09.877   406   406 E DrmService: vendor read:
01-18 08:50:09.878   406   406 E DrmService: 0 0 0 0
01-18 08:50:09.878   406   406 I chatty  : uid=0(root) /vendor/bin/drmservice identical 1 line
01-18 08:50:09.878   406   406 E DrmService: 0 0 0 0
01-18 08:50:09.878   406   406 E DrmService: 1 ff8ebc28 0 1f
01-18 08:50:09.878   406   406 E DrmService: f0019e9f 0 0 0
01-18 08:50:09.878   406   406 E DrmService: effb4a28 0 efc743bb 0
01-18 08:50:09.878   406   406 E DrmService: 0 0 0 0
01-18 08:50:09.878   406   406 E DrmService: 0 efc77df0 0 5ed07518
01-18 08:50:09.878   406   406 E DrmService: 1 5ed28ffe 1 0
01-18 08:50:09.878   406   406 E DrmService: 0 0 0 0
01-18 08:50:09.878   406   406 E DrmService: 0 0 0 77cb4716
01-18 08:50:09.878   406   406 E DrmService: ff8ebcbc ff8ebc28 1 acd0b030
01-18 08:50:09.878   406   406 E DrmService: 0 0 0 ff8ebecc
01-18 08:50:09.878   406   406 E DrmService: efff67d3 642f0001 732f7665 656b636f
01-18 08:50:09.878   406   406 E DrmService: 72702f74 7265706f 735f7974 69767265
01-18 08:50:09.878   406   406 E DrmService: 6563 0 0 0
01-18 08:50:09.878   406   406 E DrmService: 0 0 0 0
01-18 08:50:09.878   406   406 I chatty  : uid=0(root) /vendor/bin/drmservice identical 1 line
01-18 08:50:09.878   406   406 E DrmService: 0 0 0 0
01-18 08:50:09.878   406   406 E DrmService: 0 ff8ebcbc ff8ebd44 0
01-18 08:50:09.878   406   406 E DrmService: acd0b030 0 0 acd07378
01-18 08:50:09.878   406   406 E DrmService: acd08d7c 0 efff6671 0
01-18 08:50:09.878   406   406 E DrmService: 0 0 5 0
01-18 08:50:09.878   406   406 E DrmService: ff8ebcbc ff8ebd0c 4 ff8ebd10
01-18 08:50:09.878   406   406 E DrmService: 4 acd07378 f a
01-18 08:50:09.878   406   406 E DrmService: acd065f7 8 0 30495631
01-18 08:50:09.878   406   406 E DrmService: 35445533 324d 0 10
01-18 08:50:09.878   406   406 E DrmService: 0 0 20001 77cb4716
01-18 08:50:09.878   406   406 E DrmService: acd08c74 ff8ebdc8 acd0b051 acd0b030
01-18 08:50:09.878   406   406 E DrmService: acd06931 acd0b051 0 0
01-18 08:50:09.878   406   406 E DrmService: 0 0 0 77cb4716
01-18 08:50:09.878   406   406 E DrmService: acd08c74 ff8ebdc8 acd0b051 acd0b030
01-18 08:50:09.878   406   406 E DrmService: 77cb4716 acd08c74 ff8ebdc8 acd0b051
01-18 08:50:09.878   406   406 E DrmService: vendor read error
01-18 08:50:09.878   406   406 E DrmService: ----vendor read sn error,try drmboot----
01-18 08:50:09.878   406   406 E DrmService: rknand_sys_storage open fail
01-18 08:50:09.891   406   406 E DrmService: Unable to open path (/sys/class/android_usb/android0/iSerial),error is(No such file or directory)
01-18 08:50:09.891   406   406 E DrmService: try /config/usb_gadget/g1/strings/0x409/serialnumber
01-18 08:50:09.891   406   406 E DrmService: get serialno from idb,serialno = 1VI03UD5M2
01-18 08:50:09.891   406   406 E DrmService: ------detect not SecureBoot---
01-18 08:50:09.946   407   407 I gatekeeperd: Starting gatekeeperd...
01-18 08:50:09.951   407   407 W gatekeeperd: falling back to software GateKeeper
01-18 08:50:09.982   400   400 I mediametrics: ServiceManager: 0x792f23e680
01-18 08:50:09.982   400   400 D MediaAnalyticsService: MediaAnalyticsService created
01-18 08:50:09.983   400   400 D MediaAnalyticsService: MediaAnalyticsService::newSummarizerSet
01-18 08:50:10.001   405   405 I /vendor/bin/hw/android.hardware.media.omx@1.0-service: mediacodecservice starting
01-18 08:50:10.003   398   398 I mediaserver: ServiceManager: 0xe8c99580
01-18 08:50:10.005   405   405 W /vendor/bin/hw/android.hardware.media.omx@1.0-service: Could not read additional policy file '/vendor/etc/seccomp_policy/mediacodec.policy'
01-18 08:50:10.006   405   405 W /vendor/bin/hw/android.hardware.media.omx@1.0-service: libminijail[405]: allowing syscall: clock_gettime
01-18 08:50:10.006   405   405 W /vendor/bin/hw/android.hardware.media.omx@1.0-service: libminijail[405]: allowing syscall: connect
01-18 08:50:10.006   405   405 W /vendor/bin/hw/android.hardware.media.omx@1.0-service: libminijail[405]: allowing syscall: fcntl64
01-18 08:50:10.006   405   405 W /vendor/bin/hw/android.hardware.media.omx@1.0-service: libminijail[405]: allowing syscall: socket
01-18 08:50:10.006   405   405 W /vendor/bin/hw/android.hardware.media.omx@1.0-service: libminijail[405]: allowing syscall: writev
01-18 08:50:10.007   405   405 W /vendor/bin/hw/android.hardware.media.omx@1.0-service: libminijail[405]: logging seccomp filter failures
01-18 08:50:10.007   403   414 I ServiceManager: Waiting for service package_native...
01-18 08:50:10.031   405   405 W MediaCodecsXmlParser: unable to open media codecs configuration xml file: /data/misc/media/media_codecs_profiling_results.xml
01-18 08:50:10.031   405   405 W MediaCodecsXmlParser: parseTopLevelXMLFile(/data/misc/media/media_codecs_profiling_results.xml) failed
01-18 08:50:10.031   405   405 E MediaCodecsXmlParser: Cannot find the role for a decoder of type video/mjpeg
01-18 08:50:10.033   405   405 I ServiceManagement: Removing namespace from process name android.hardware.media.omx@1.0-service to omx@1.0-service.
01-18 08:50:10.066   405   405 I vpu_api : dlopen vpu lib success
01-18 08:50:10.075   399   399 V MediaUtils: physMem: 4031488000
01-18 08:50:10.075   399   399 V MediaUtils: requested limit: 806297600
01-18 08:50:10.075   399   399 V MediaUtils: cfi shadow size: 2147483648
01-18 08:50:10.075   399   399 V MediaUtils: actual limit: 2953781248
01-18 08:50:10.075   399   399 V MediaUtils: original limits: -1/-1
01-18 08:50:10.075   399   399 V MediaUtils: new limits: 2953781248/-1
01-18 08:50:10.103   391   391 D AndroidRuntime: >>>>>> START com.android.internal.os.ZygoteInit uid 0 <<<<<<
01-18 08:50:10.109   399   399 W /system/bin/mediaextractor: Could not read additional policy file '/vendor/etc/seccomp_policy/mediaextractor.policy'
01-18 08:50:10.110   399   399 W /system/bin/mediaextractor: libminijail[399]: allowing syscall: connect
01-18 08:50:10.110   399   399 W /system/bin/mediaextractor: libminijail[399]: allowing syscall: fcntl
01-18 08:50:10.110   399   399 W /system/bin/mediaextractor: libminijail[399]: allowing syscall: sendto
01-18 08:50:10.110   399   399 W /system/bin/mediaextractor: libminijail[399]: allowing syscall: socket
01-18 08:50:10.110   399   399 W /system/bin/mediaextractor: libminijail[399]: allowing syscall: writev
01-18 08:50:10.111   399   399 W /system/bin/mediaextractor: libminijail[399]: compile_file: nonexistent syscall '_llseek'
01-18 08:50:10.111   399   399 W /system/bin/mediaextractor: libminijail[399]: logging seccomp filter failures
01-18 08:50:10.121   405   405 I libstagefrighthw: OMX IL core libOMX_Core.so: declares component OMX.rk.video_decoder.avc
01-18 08:50:10.122   405   405 I libstagefrighthw: OMX IL core libOMX_Core.so: declares component OMX.rk.video_decoder.m4v
01-18 08:50:10.122   405   405 I libstagefrighthw: OMX IL core libOMX_Core.so: declares component OMX.rk.video_decoder.h263
01-18 08:50:10.123   405   405 I libstagefrighthw: OMX IL core libOMX_Core.so: declares component OMX.rk.video_decoder.flv1
01-18 08:50:10.123   405   405 I libstagefrighthw: OMX IL core libOMX_Core.so: declares component OMX.rk.video_decoder.m2v
01-18 08:50:10.123   405   405 I libstagefrighthw: OMX IL core libOMX_Core.so: declares component OMX.rk.video_decoder.vp8
01-18 08:50:10.123   405   405 I libstagefrighthw: OMX IL core libOMX_Core.so: declares component OMX.rk.video_decoder.vp9
01-18 08:50:10.123   405   405 I libstagefrighthw: OMX IL core libOMX_Core.so: declares component OMX.rk.video_decoder.vc1
01-18 08:50:10.123   405   405 I libstagefrighthw: OMX IL core libOMX_Core.so: declares component OMX.rk.video_decoder.wmv3
01-18 08:50:10.123   405   405 I libstagefrighthw: OMX IL core libOMX_Core.so: declares component OMX.rk.video_decoder.hevc
01-18 08:50:10.123   405   405 I libstagefrighthw: OMX IL core libOMX_Core.so: declares component OMX.rk.video_decoder.mjpeg
01-18 08:50:10.123   405   405 I libstagefrighthw: OMX IL core libOMX_Core.so: declares component OMX.rk.video_encoder.avc
01-18 08:50:10.123   405   405 I libstagefrighthw: OMX IL core libOMX_Core.so: declares component OMX.rk.video_encoder.hevc
01-18 08:50:10.123   405   405 I libstagefrighthw: OMX IL core libOMX_Core.so: declares component OMX.rk.video_encoder.vp8video_encoder.vp8
01-18 08:50:10.123   405   405 I libstagefrighthw: OMX IL core libOMX_Core.so: contains 14 components
01-18 08:50:10.127   402   402 I Netd    : Netd 1.0 starting
01-18 08:50:10.128   405   405 W MediaCodecsXmlParser: unable to open media codecs configuration xml file: /data/misc/media/media_codecs_profiling_results.xml
01-18 08:50:10.128   405   405 W MediaCodecsXmlParser: parseTopLevelXMLFile(/data/misc/media/media_codecs_profiling_results.xml) failed
01-18 08:50:10.129   405   405 I ServiceManagement: Removing namespace from process name android.hardware.media.omx@1.0-service to omx@1.0-service.
01-18 08:50:10.133   405   405 I /vendor/bin/hw/android.hardware.media.omx@1.0-service: Treble OMX service created.
01-18 08:50:10.134   402   402 D TetherController: Setting IP forward enable = 0
01-18 08:50:10.154   391   391 I zygote64: option[0]=-Xzygote
01-18 08:50:10.154   391   391 I zygote64: option[1]=-Xusetombstonedtraces
01-18 08:50:10.154   391   391 I zygote64: option[2]=exit
01-18 08:50:10.154   391   391 I zygote64: option[3]=vfprintf
01-18 08:50:10.154   391   391 I zygote64: option[4]=sensitiveThread
01-18 08:50:10.154   391   391 I zygote64: option[5]=-verbose:gc
01-18 08:50:10.154   391   391 I zygote64: option[6]=-Xms16m
01-18 08:50:10.154   391   391 I zygote64: option[7]=-Xmx512m
01-18 08:50:10.154   391   391 I zygote64: option[8]=-XX:HeapGrowthLimit=192m
01-18 08:50:10.154   391   391 I zygote64: option[9]=-XX:HeapMinFree=512k
01-18 08:50:10.154   391   391 I zygote64: option[10]=-XX:HeapMaxFree=8m
01-18 08:50:10.154   391   391 I zygote64: option[11]=-XX:HeapTargetUtilization=0.75
01-18 08:50:10.154   391   391 I zygote64: option[12]=-Xusejit:true
01-18 08:50:10.154   391   391 I zygote64: option[13]=-Xjitsaveprofilinginfo
01-18 08:50:10.154   391   391 I zygote64: option[14]=-agentlib:jdwp=transport=dt_android_adb,suspend=n,server=y
01-18 08:50:10.154   391   391 I zygote64: option[15]=-Xlockprofthreshold:500
01-18 08:50:10.154   391   391 I zygote64: option[16]=-Ximage-compiler-option
01-18 08:50:10.154   391   391 I zygote64: option[17]=--runtime-arg
01-18 08:50:10.154   391   391 I zygote64: option[18]=-Ximage-compiler-option
01-18 08:50:10.155   391   391 I zygote64: option[19]=-Xms64m
01-18 08:50:10.155   391   391 I zygote64: option[20]=-Ximage-compiler-option
01-18 08:50:10.155   391   391 I zygote64: option[21]=--runtime-arg
01-18 08:50:10.155   391   391 I zygote64: option[22]=-Ximage-compiler-option
01-18 08:50:10.155   391   391 I zygote64: option[23]=-Xmx64m
01-18 08:50:10.155   391   391 I zygote64: option[24]=-Ximage-compiler-option
01-18 08:50:10.155   391   391 I zygote64: option[25]=--image-classes=/system/etc/preloaded-classes
01-18 08:50:10.155   391   391 I zygote64: option[26]=-Ximage-compiler-option
01-18 08:50:10.155   391   391 I zygote64: option[27]=--compiled-classes=/system/etc/compiled-classes
01-18 08:50:10.155   391   391 I zygote64: option[28]=-Ximage-compiler-option
01-18 08:50:10.155   391   391 I zygote64: option[29]=--dirty-image-objects=/system/etc/dirty-image-objects
01-18 08:50:10.155   391   391 I zygote64: option[30]=-Xcompiler-option
01-18 08:50:10.155   391   391 I zygote64: option[31]=--runtime-arg
01-18 08:50:10.155   391   391 I zygote64: option[32]=-Xcompiler-option
01-18 08:50:10.155   391   391 I zygote64: option[33]=-Xms64m
01-18 08:50:10.155   391   391 I zygote64: option[34]=-Xcompiler-option
01-18 08:50:10.155   391   391 I zygote64: option[35]=--runtime-arg
01-18 08:50:10.155   391   391 I zygote64: option[36]=-Xcompiler-option
01-18 08:50:10.155   391   391 I zygote64: option[37]=-Xmx512m
01-18 08:50:10.155   391   391 I zygote64: option[38]=-Ximage-compiler-option
01-18 08:50:10.155   391   391 I zygote64: option[39]=--instruction-set-variant=cortex-a53
01-18 08:50:10.155   391   391 I zygote64: option[40]=-Xcompiler-option
01-18 08:50:10.155   391   391 I zygote64: option[41]=--instruction-set-variant=cortex-a53
01-18 08:50:10.155   391   391 I zygote64: option[42]=-Ximage-compiler-option
01-18 08:50:10.155   391   391 I zygote64: option[43]=--instruction-set-features=default
01-18 08:50:10.155   391   391 I zygote64: option[44]=-Xcompiler-option
01-18 08:50:10.155   391   391 I zygote64: option[45]=--instruction-set-features=default
01-18 08:50:10.155   391   391 I zygote64: option[46]=-Duser.locale=en-US
01-18 08:50:10.155   391   391 I zygote64: option[47]=--cpu-abilist=arm64-v8a
01-18 08:50:10.155   391   391 I zygote64: option[48]=-Xfingerprint:Android/nanopc_t4/nanopc-t4:8.1.0/OPM8.190605.005/031607:userdebug/test-keys
01-18 08:50:10.177   404   404 I wificond: wificond is starting up...
01-18 08:50:10.211   392   392 D AndroidRuntime: >>>>>> START com.android.internal.os.ZygoteInit uid 0 <<<<<<
01-18 08:50:10.213   402   402 I Netd    : Creating child chains: 62.1ms
01-18 08:50:10.213   402   402 I Netd    : Setting up OEM hooks: 0.3ms
01-18 08:50:10.222   402   402 I Netd    : Setting up FirewallController hooks: 9.0ms
01-18 08:50:10.227   402   402 I Netd    : Setting up NatController hooks: 5.1ms
01-18 08:50:10.232   402   402 I Netd    : Setting up BandwidthController hooks: 4.3ms
01-18 08:50:10.232   402   402 I Netd    : Setting up IdletimerController hooks: 0.2ms
01-18 08:50:10.240   402   402 I Netd    : Disabling bandwidth control: 8.2ms
01-18 08:50:10.246   402   402 E Netd    : cannot find interface dummy0
01-18 08:50:10.248   402   402 I Netd    : Initializing RouteController: 8.6ms
01-18 08:50:10.250   392   392 I zygote  : option[0]=-Xzygote
01-18 08:50:10.250   392   392 I zygote  : option[1]=-Xusetombstonedtraces
01-18 08:50:10.250   392   392 I zygote  : option[2]=exit
01-18 08:50:10.250   392   392 I zygote  : option[3]=vfprintf
01-18 08:50:10.250   392   392 I zygote  : option[4]=sensitiveThread
01-18 08:50:10.250   392   392 I zygote  : option[5]=-verbose:gc
01-18 08:50:10.250   392   392 I zygote  : option[6]=-Xms16m
01-18 08:50:10.250   392   392 I zygote  : option[7]=-Xmx512m
01-18 08:50:10.250   392   392 I zygote  : option[8]=-XX:HeapGrowthLimit=192m
01-18 08:50:10.250   392   392 I zygote  : option[9]=-XX:HeapMinFree=512k
01-18 08:50:10.250   392   392 I zygote  : option[10]=-XX:HeapMaxFree=8m
01-18 08:50:10.250   392   392 I zygote  : option[11]=-XX:HeapTargetUtilization=0.75
01-18 08:50:10.250   392   392 I zygote  : option[12]=-Xusejit:true
01-18 08:50:10.250   392   392 I zygote  : option[13]=-Xjitsaveprofilinginfo
01-18 08:50:10.250   392   392 I zygote  : option[14]=-agentlib:jdwp=transport=dt_android_adb,suspend=n,server=y
01-18 08:50:10.250   392   392 I zygote  : option[15]=-Xlockprofthreshold:500
01-18 08:50:10.251   392   392 I zygote  : option[16]=-Ximage-compiler-option
01-18 08:50:10.251   392   392 I zygote  : option[17]=--runtime-arg
01-18 08:50:10.251   392   392 I zygote  : option[18]=-Ximage-compiler-option
01-18 08:50:10.251   392   392 I zygote  : option[19]=-Xms64m
01-18 08:50:10.251   392   392 I zygote  : option[20]=-Ximage-compiler-option
01-18 08:50:10.251   392   392 I zygote  : option[21]=--runtime-arg
01-18 08:50:10.251   392   392 I zygote  : option[22]=-Ximage-compiler-option
01-18 08:50:10.251   392   392 I zygote  : option[23]=-Xmx64m
01-18 08:50:10.251   392   392 I zygote  : option[24]=-Ximage-compiler-option
01-18 08:50:10.251   392   392 I zygote  : option[25]=--image-classes=/system/etc/preloaded-classes
01-18 08:50:10.251   392   392 I zygote  : option[26]=-Ximage-compiler-option
01-18 08:50:10.251   392   392 I zygote  : option[27]=--compiled-classes=/system/etc/compiled-classes
01-18 08:50:10.251   392   392 I zygote  : option[28]=-Ximage-compiler-option
01-18 08:50:10.251   392   392 I zygote  : option[29]=--dirty-image-objects=/system/etc/dirty-image-objects
01-18 08:50:10.251   392   392 I zygote  : option[30]=-Xcompiler-option
01-18 08:50:10.251   392   392 I zygote  : option[31]=--runtime-arg
01-18 08:50:10.251   392   392 I zygote  : option[32]=-Xcompiler-option
01-18 08:50:10.251   392   392 I zygote  : option[33]=-Xms64m
01-18 08:50:10.251   392   392 I zygote  : option[34]=-Xcompiler-option
01-18 08:50:10.251   392   392 I zygote  : option[35]=--runtime-arg
01-18 08:50:10.251   392   392 I zygote  : option[36]=-Xcompiler-option
01-18 08:50:10.251   392   392 I zygote  : option[37]=-Xmx512m
01-18 08:50:10.251   392   392 I zygote  : option[38]=-Ximage-compiler-option
01-18 08:50:10.251   392   392 I zygote  : option[39]=--instruction-set-variant=cortex-a15
01-18 08:50:10.251   392   392 I zygote  : option[40]=-Xcompiler-option
01-18 08:50:10.251   392   392 I zygote  : option[41]=--instruction-set-variant=cortex-a15
01-18 08:50:10.251   392   392 I zygote  : option[42]=-Ximage-compiler-option
01-18 08:50:10.251   392   392 I zygote  : option[43]=--instruction-set-features=default
01-18 08:50:10.251   392   392 I zygote  : option[44]=-Xcompiler-option
01-18 08:50:10.251   392   392 I zygote  : option[45]=--instruction-set-features=default
01-18 08:50:10.251   392   392 I zygote  : option[46]=-Duser.locale=en-US
01-18 08:50:10.251   392   392 I zygote  : option[47]=--cpu-abilist=armeabi-v7a,armeabi
01-18 08:50:10.251   392   392 I zygote  : option[48]=-Xfingerprint:Android/nanopc_t4/nanopc-t4:8.1.0/OPM8.190605.005/031607:userdebug/test-keys
01-18 08:50:10.252   402   402 E Netd    : Unable to create netlink socket: Protocol not supported
01-18 08:50:10.252   402   402 W Netd    : Unable to open qlog quota socket, check if xt_quota2 can send via UeventHandler
01-18 08:50:10.253   402   402 D MDnsDS  : MDnsSdListener::Hander starting up
01-18 08:50:10.254   402   433 D MDnsDS  : MDnsSdListener starting to monitor
01-18 08:50:10.254   402   433 D MDnsDS  : Going to poll with pollCount 1
01-18 08:50:10.256   402   402 I Netd    : Registering NetdNativeService: 2.0ms
01-18 08:50:10.256   402   402 I Netd    : Starting CommandListener: 0.4ms
01-18 08:50:10.260   402   402 I Netd    : Registering NetdHwService: 4.4ms
01-18 08:50:10.260   402   402 I Netd    : Netd started in 134ms
01-18 08:50:10.293   393   393 I FastMixerState: sMaxFastTracks = 8
01-18 08:50:10.298   393   393 I audioserver: ServiceManager: 0xf0d99520
01-18 08:50:10.298   393   393 W BatteryNotifier: batterystats service unavailable!
01-18 08:50:10.306   393   393 I AudioFlinger: Using default 3000 mSec as standby time.
01-18 08:50:10.314   393   393 E APM::Serializer: deserialize: Could not parse /odm/etc/audio_policy_configuration.xml document.
01-18 08:50:10.347   266   440 D vndksupport: Loading /vendor/lib/hw/audio.primary.rk30board.so from current namespace instead of sphal namespace.
01-18 08:50:10.351   394   394 I cameraserver: ServiceManager: 0xf2619580
01-18 08:50:10.351   394   394 I CameraService: CameraService started (pid=394)
01-18 08:50:10.354   394   394 I CameraService: CameraService process starting
01-18 08:50:10.357   394   394 W BatteryNotifier: batterystats service unavailable!
01-18 08:50:10.358   394   394 W BatteryNotifier: batterystats service unavailable!
01-18 08:50:10.362   266   440 D AudioHardwareTiny: ALSA Audio Version: V1.1.0
01-18 08:50:10.362   266   440 D alsa_route: Get route table for sound card0 realtekrt5651co
01-18 08:50:10.364   266   266 W DeviceHAL: Device 0xec80c000 set_master_volume: Function not implemented
01-18 08:50:10.365   393   393 I AudioFlinger: loadHwModule() Loaded primary audio interface, handle 10
01-18 08:50:10.365   393   393 I AudioFlinger: openOutput() this 0xf0dbd000, module 10 Device 2, SamplingRate 48000, Format 0x000001, Channels 3, flags 2
01-18 08:50:10.365   394   394 I CameraProviderManager: Connecting to new camera provider: legacy/0, isRemote? 1
01-18 08:50:10.365   266   440 D AudioHardwareTiny: audio hal adev_open_output_stream devices = 0x2, flags = 2, samplerate = 48000
01-18 08:50:10.365   266   440 D AudioHardwareTiny: out->config.rate = 44100, out->config.channels = 2 out->config.format = 0,out->config.flag = 0
01-18 08:50:10.365   394   394 I CameraProviderManager: Camera provider legacy/0 ready with 0 camera devices
01-18 08:50:10.365   394   449 W CameraProviderManager: addProviderLocked: Camera provider HAL with name 'legacy/0' already registered
01-18 08:50:10.371   393   393 I AudioFlinger: HAL output buffer size 512 frames, normal sink buffer size 1024 frames
01-18 08:50:10.374   266   440 E EffectsConfig: Failed to parse /vendor/etc/audio_effects.xml: Tinyxml2 error (3): /vendor/etc/audio_effects.xml (null)
01-18 08:50:10.374   266   440 E EffectsFactoryConfigLoader: Failed to parse XML configuration file
01-18 08:50:10.374   266   440 W EffectsFactory: Failed to load XML effect configuration, fallback to .conf
01-18 08:50:10.394   393   393 I BufferProvider: found effect "Multichannel Downmix To Stereo" from The Android Open Source Project
01-18 08:50:10.396   393   393 I AudioFlinger: Using module 10 as the primary audio interface
01-18 08:50:10.396   393   457 I AudioFlinger: AudioFlinger's thread 0xf0929e40 tid=457 ready to run
01-18 08:50:10.396   266   440 D AudioHardwareTiny: adev_set_mode: set_mode = 0
01-18 08:50:10.396   393   457 W AudioFlinger: no wake lock to update, system not ready yet
01-18 08:50:10.397   393   393 W AudioFlinger: moveEffects() bad srcOutput 0
01-18 08:50:10.397   393   457 W AudioFlinger: no wake lock to update, system not ready yet
01-18 08:50:10.397   266   440 D AudioHardwareTiny: out_set_parameters: kvpairs = routing=2
01-18 08:50:10.399   266   440 D AudioHardwareTiny: pcm_config->rate:44100,in->requested_rate:48000,in->channel_mask:2
01-18 08:50:10.401   266   440 D AudioHardwareTiny: in->mSpeexFrameSize:560
01-18 08:50:10.402   266   440 D AudioHardwareTiny: create new input stream for dev(0x00000004), rate(48000), channel(0x0000000C)
01-18 08:50:10.404   393   458 I AudioFlinger: AudioFlinger's thread 0xf00ac5c0 tid=458 ready to run
01-18 08:50:10.435   393   393 I bt_a2dp_hw: adev_open:  adev_open in A2dp_hw module
01-18 08:50:10.435   393   393 I AudioFlinger: loadHwModule() Loaded a2dp audio interface, handle 18
01-18 08:50:10.437   266   440 D vndksupport: Loading /vendor/lib/hw/audio.usb.default.so from current namespace instead of sphal namespace.
01-18 08:50:10.446   393   393 I AudioFlinger: loadHwModule() Loaded usb audio interface, handle 26
01-18 08:50:10.447   266   440 D vndksupport: Loading /vendor/lib/hw/audio.r_submix.default.so from current namespace instead of sphal namespace.
01-18 08:50:10.456   266   440 I r_submix: adev_open(name=audio_hw_if)
01-18 08:50:10.457   266   440 I r_submix: adev_init_check()
01-18 08:50:10.458   266   440 W DeviceHAL: Device 0xec249740 set_master_mute: Function not implemented
01-18 08:50:10.458   393   393 I AudioFlinger: loadHwModule() Loaded r_submix audio interface, handle 34
01-18 08:50:10.458   266   440 D r_submix: adev_open_input_stream(addr=0)
01-18 08:50:10.458   266   440 D r_submix: submix_audio_device_create_pipe_l(addr=0, idx=9)
01-18 08:50:10.458   266   440 D r_submix:   now using address 0 for route 9
01-18 08:50:10.460   393   459 I AudioFlinger: AudioFlinger's thread 0xf00acb80 tid=459 ready to run
01-18 08:50:10.461   266   440 D r_submix: adev_close_input_stream()
01-18 08:50:10.461   266   440 D r_submix: submix_audio_device_release_pipe_l(idx=9) addr=0
01-18 08:50:10.461   266   440 D r_submix: submix_audio_device_destroy_pipe_l(): pipe destroyed
01-18 08:50:10.461   393   393 E EffectsConfig: Failed to parse /vendor/etc/audio_effects.xml: Tinyxml2 error (3): /vendor/etc/audio_effects.xml (null)
01-18 08:50:10.461   393   393 W AudioPolicyEffects: Failed to load XML effect configuration, fallback to .conf
01-18 08:50:10.466   393   393 I SoundTriggerHalHidl: getProperties res implementor 
01-18 08:50:10.466   393   393 I SoundTriggerHalHidl: getProperties ret -19
01-18 08:50:10.466   393   393 E SoundTriggerHwService: could not read implementation properties
01-18 08:50:10.555   401   401 I vpu_api : dlopen vpu lib success
01-18 08:50:10.566   401   401 I mediaserver: ServiceManager: 0xe8c19620
01-18 08:50:10.574   401   401 W BatteryNotifier: batterystats service unavailable!
01-18 08:50:11.008   403   414 I ServiceManager: Waiting for service package_native...
01-18 08:50:11.178   392   392 I zygote  : Explicit concurrent copying GC freed 180(9KB) AllocSpace objects, 0(0B) LOS objects, 98% free, 22KB/1558KB, paused 148us total 15.122ms
01-18 08:50:11.185   391   391 D Zygote  : begin preload
01-18 08:50:11.186   391   391 I Zygote  : Installing ICU cache reference pinning...
01-18 08:50:11.186   391   391 I Zygote  : Preloading ICU data...
01-18 08:50:11.199   392   392 I zygote  : Explicit concurrent copying GC freed 5(32KB) AllocSpace objects, 0(0B) LOS objects, 98% free, 22KB/1558KB, paused 197us total 18.869ms
01-18 08:50:11.200   392   392 D Zygote32Timing: PostZygoteInitGC took to complete: 37ms
01-18 08:50:11.200   392   392 D Zygote32Timing: ZygoteInit took to complete: 39ms
01-18 08:50:11.219   392   392 I         : seccomp disabled by setenforce 0
01-18 08:50:11.220   392   392 I Zygote  : Accepting command socket connections
01-18 08:50:11.270   391   391 D Zygote64Timing: BeginIcuCachePinning took to complete: 85ms
01-18 08:50:11.270   391   391 I Zygote  : Preloading classes...
01-18 08:50:11.856   391   391 E ActivityRecognitionHardware: activity_recognition HAL is deprecated. class_init is effectively a no-op
01-18 08:50:11.891   391   391 W Zygote  : Class not found for preloading: android.icu.impl.number.Parse
01-18 08:50:11.920   391   391 I zygote64: Thread[1,tid=391,Native,Thread*=0x7cc76bea00,peer=0x12c01ce0,"main"] recursive attempt to load library "/system/lib64/libmedia_jni.so"
01-18 08:50:11.921   391   391 D MtpDeviceJNI: register_android_mtp_MtpDevice
01-18 08:50:11.921   391   391 I zygote64: Thread[1,tid=391,Native,Thread*=0x7cc76bea00,peer=0x12c01ce0,"main"] recursive attempt to load library "/system/lib64/libmedia_jni.so"
01-18 08:50:11.921   391   391 I zygote64: Thread[1,tid=391,Native,Thread*=0x7cc76bea00,peer=0x12c01ce0,"main"] recursive attempt to load library "/system/lib64/libmedia_jni.so"
01-18 08:50:12.009   403   414 I ServiceManager: Waiting for service package_native...
01-18 08:50:12.068   391   391 I Zygote  : ...preloaded 4715 classes in 798ms.
01-18 08:50:12.068   391   391 I zygote64: VMRuntime.preloadDexCaches starting
01-18 08:50:12.118   391   391 I zygote64: VMRuntime.preloadDexCaches strings total=313925 before=10351 after=10351
01-18 08:50:12.119   391   391 I zygote64: VMRuntime.preloadDexCaches types total=26715 before=5516 after=5518
01-18 08:50:12.119   391   391 I zygote64: VMRuntime.preloadDexCaches fields total=127166 before=5508 after=5538
01-18 08:50:12.119   391   391 I zygote64: VMRuntime.preloadDexCaches methods total=225805 before=9943 after=9943
01-18 08:50:12.119   391   391 I zygote64: VMRuntime.preloadDexCaches finished
01-18 08:50:12.119   391   391 D Zygote64Timing: PreloadClasses took to complete: 848ms
01-18 08:50:12.339   391   391 I Zygote  : Preloading resources...
01-18 08:50:12.366   391   391 W Resources: Preloaded drawable resource #0x1080264 (android:drawable/dialog_background_material) that varies with configuration!!
01-18 08:50:12.391   391   391 I Zygote  : ...preloaded 64 resources in 52ms.
01-18 08:50:12.395   391   391 W Resources: Preloaded color resource #0x1060053 (android:color/btn_default_material_dark) that varies with configuration!!
01-18 08:50:12.396   391   391 I Zygote  : ...preloaded 41 resources in 5ms.
01-18 08:50:12.396   391   391 D Zygote64Timing: PreloadResources took to complete: 278ms
01-18 08:50:12.428   391   391 D libEGL  : loaded /vendor/lib64/egl/libGLES_mali.so
01-18 08:50:12.439   391   391 I Zygote  : Preloading shared libraries...
01-18 08:50:12.459   391   391 I Zygote  : Uninstalled ICU cache reference pinning...
01-18 08:50:12.464   391   391 I Zygote  : Installed AndroidKeyStoreProvider in 5ms.
01-18 08:50:12.470   391   391 I Zygote  : Warmed up JCA providers in 6ms.
01-18 08:50:12.470   391   391 D Zygote  : end preload
01-18 08:50:12.471   391   391 D Zygote64Timing: ZygotePreload took to complete: 1285ms
01-18 08:50:12.488   391   391 I zygote64: Explicit concurrent copying GC freed 29259(2MB) AllocSpace objects, 23(432KB) LOS objects, 50% free, 1522KB/2MB, paused 55us total 16.892ms
01-18 08:50:12.507   391   391 I zygote64: Explicit concurrent copying GC freed 5431(198KB) AllocSpace objects, 0(0B) LOS objects, 53% free, 1355KB/2MB, paused 36us total 9.139ms
01-18 08:50:12.507   391   391 D Zygote64Timing: PostZygoteInitGC took to complete: 37ms
01-18 08:50:12.507   391   391 D Zygote64Timing: ZygoteInit took to complete: 1324ms
01-18 08:50:12.519   391   391 I         : seccomp disabled by setenforce 0
01-18 08:50:12.554   391   391 I Zygote  : System server process 470 has been created
01-18 08:50:12.558   391   391 I Zygote  : Accepting command socket connections
01-18 08:50:12.597   470   470 I Zygote  : Process: zygote socket zygote_secondary opened, supported ABIS: armeabi-v7a,armeabi
01-18 08:50:12.643   470   470 I zygote64: The ClassLoaderContext is a special shared library.
01-18 08:50:12.656   470   470 I chatty  : uid=1000 system_server identical 2 lines
01-18 08:50:12.661   470   470 I zygote64: The ClassLoaderContext is a special shared library.
01-18 08:50:12.694   470   470 I SystemServer: InitBeforeStartServices
01-18 08:50:12.697   470   470 I SystemServer: Entered the Android system server!
01-18 08:50:12.900   470   470 D SystemServerTiming: InitBeforeStartServices took to complete: 206ms
01-18 08:50:12.901   470   470 I SystemServer: StartServices
01-18 08:50:12.901   470   470 I SystemServer: Reading configuration...
01-18 08:50:12.901   470   470 I SystemServer: ReadingSystemConfig
01-18 08:50:12.901   470   470 D SystemServerTiming: ReadingSystemConfig took to complete: 1ms
01-18 08:50:12.901   470   470 I SystemServer: StartInstaller
01-18 08:50:12.901   470   470 I SystemServiceManager: Starting com.android.server.pm.Installer
01-18 08:50:12.902   470   483 D SystemServerInitThreadPool: Started executing ReadingSystemConfig
01-18 08:50:12.908   470   470 D SystemServerTiming: StartInstaller took to complete: 7ms
01-18 08:50:12.909   470   470 I SystemServer: DeviceIdentifiersPolicyService
01-18 08:50:12.909   470   470 I SystemServiceManager: Starting com.android.server.os.DeviceIdentifiersPolicyService
01-18 08:50:12.911   470   470 D SystemServerTiming: DeviceIdentifiersPolicyService took to complete: 3ms
01-18 08:50:12.911   470   470 I SystemServer: StartActivityManager
01-18 08:50:12.911   470   470 I SystemServiceManager: Starting com.android.server.am.ActivityManagerService$Lifecycle
01-18 08:50:12.949   470   470 I ActivityManager: Memory class: 192
01-18 08:50:12.952   470   485 I ServiceThread: Enabled StrictMode logging for ActivityManager looper.
01-18 08:50:12.953   470   486 I ServiceThread: Enabled StrictMode logging for android.ui looper.
01-18 08:50:12.983   470   470 D BatteryStatsImpl: Reading daily items from /data/system/batterystats-daily.xml
01-18 08:50:12.993   470   488 E BluetoothAdapter: Bluetooth binder is null
01-18 08:50:12.998   489   490 I adbd    : initializing functionfs
01-18 08:50:12.998   489   490 I adbd    : opening control endpoint /dev/usb-ffs/adb/ep0
01-18 08:50:13.004   470   488 E BatteryExternalStatsWorker: no controller energy info supplied for telephony
01-18 08:50:13.010   403   414 I ServiceManager: Waiting for service package_native...
01-18 08:50:13.033   470   488 I PowerManagerService-JNI: Loaded power HAL service
01-18 08:50:13.034   470   483 D SystemServerInitThreadPool: Finished executing ReadingSystemConfig
01-18 08:50:13.050   244   244 W /system/bin/hwservicemanager: getTransport: Cannot find entry android.hardware.memtrack@1.0::IMemtrack/default in either framework or device manifest.
01-18 08:50:13.050   470   470 E memtrack: Couldn't load memtrack module
01-18 08:50:13.050   470   470 W android.os.Debug: failed to get memory consumption info: -1
01-18 08:50:13.053   470   470 I AppOps  : No existing app ops /data/system/appops.xml; starting empty
01-18 08:50:13.067   470   470 I IntentFirewall: Read new rules (A:0 B:0 S:0)
01-18 08:50:13.071   470   495 I ServiceThread: Enabled StrictMode logging for android.display looper.
01-18 08:50:13.073   470   470 W system_server: Failed to remove /dev/memcg/apps/uid_0/pid_218: Device or resource busy
01-18 08:50:13.073   470   470 W system_server: Failed to remove /dev/memcg/apps/uid_0/pid_258: Device or resource busy
01-18 08:50:13.073   470   470 W system_server: Failed to remove /dev/memcg/apps/uid_0/pid_279: Device or resource busy
01-18 08:50:13.073   470   470 W system_server: Failed to remove /dev/memcg/apps/uid_0/pid_280: Device or resource busy
01-18 08:50:13.073   470   470 W system_server: Failed to remove /dev/memcg/apps/uid_0/pid_281: Device or resource busy
01-18 08:50:13.073   470   470 W system_server: Failed to remove /dev/memcg/apps/uid_0/pid_283: Device or resource busy
01-18 08:50:13.073   470   470 W system_server: Failed to remove /dev/memcg/apps/uid_0/pid_285: Device or resource busy
01-18 08:50:13.073   470   470 W system_server: Failed to remove /dev/memcg/apps/uid_0/pid_390: Device or resource busy
01-18 08:50:13.073   470   470 W system_server: Failed to remove /dev/memcg/apps/uid_0/pid_391: Device or resource busy
01-18 08:50:13.073   470   470 W system_server: Failed to remove /dev/memcg/apps/uid_0/pid_392: Device or resource busy
01-18 08:50:13.073   470   470 W system_server: Failed to remove /dev/memcg/apps/uid_0/pid_396: Device or resource busy
01-18 08:50:13.073   470   470 W system_server: Failed to remove /dev/memcg/apps/uid_0/pid_402: Device or resource busy
01-18 08:50:13.073   470   470 W system_server: Failed to remove /dev/memcg/apps/uid_0/pid_403: Device or resource busy
01-18 08:50:13.073   470   470 W system_server: Failed to remove /dev/memcg/apps/uid_0/pid_489: Device or resource busy
01-18 08:50:13.074   470   470 W system_server: Failed to remove /dev/memcg/apps/uid_0: Device or resource busy
01-18 08:50:13.074   470   470 W system_server: Failed to remove /dev/memcg/apps/uid_1000/pid_243: Device or resource busy
01-18 08:50:13.074   470   470 W system_server: Failed to remove /dev/memcg/apps/uid_1000/pid_244: Device or resource busy
01-18 08:50:13.074   470   470 W system_server: Failed to remove /dev/memcg/apps/uid_1000/pid_245: Device or resource busy
01-18 08:50:13.074   470   470 W system_server: Failed to remove /dev/memcg/apps/uid_1000/pid_257: Device or resource busy
01-18 08:50:13.074   470   470 W system_server: Failed to remove /dev/memcg/apps/uid_1000/pid_265: Device or resource busy
01-18 08:50:13.074   470   470 W system_server: Failed to remove /dev/memcg/apps/uid_1000/pid_270: Device or resource busy
01-18 08:50:13.074   470   470 W system_server: Failed to remove /dev/memcg/apps/uid_1000/pid_273: Device or resource busy
01-18 08:50:13.074   470   470 W system_server: Failed to remove /dev/memcg/apps/uid_1000/pid_274: Device or resource busy
01-18 08:50:13.074   470   470 W system_server: Failed to remove /dev/memcg/apps/uid_1000/pid_275: Device or resource busy
01-18 08:50:13.074   470   470 W system_server: Failed to remove /dev/memcg/apps/uid_1000/pid_276: Device or resource busy
01-18 08:50:13.074   470   470 W system_server: Failed to remove /dev/memcg/apps/uid_1000/pid_277: Device or resource busy
01-18 08:50:13.074   470   470 W system_server: Failed to remove /dev/memcg/apps/uid_1000/pid_278: Device or resource busy
01-18 08:50:13.074   470   470 W system_server: Failed to remove /dev/memcg/apps/uid_1000/pid_282: Device or resource busy
01-18 08:50:13.074   470   470 W system_server: Failed to remove /dev/memcg/apps/uid_1000/pid_407: Device or resource busy
01-18 08:50:13.074   470   470 W system_server: Failed to remove /dev/memcg/apps/uid_1000: Device or resource busy
01-18 08:50:13.075   470   470 W system_server: Failed to remove /dev/memcg/apps/uid_1002/pid_267: Device or resource busy
01-18 08:50:13.075   470   470 W system_server: Failed to remove /dev/memcg/apps/uid_1002: Device or resource busy
01-18 08:50:13.075   470   470 W system_server: Failed to remove /dev/memcg/apps/uid_1003/pid_340: Device or resource busy
01-18 08:50:13.075   470   470 W system_server: Failed to remove /dev/memcg/apps/uid_1003: Device or resource busy
01-18 08:50:13.075   470   470 W system_server: Failed to remove /dev/memcg/apps/uid_1010/pid_404: Device or resource busy
01-18 08:50:13.075   470   470 W system_server: Failed to remove /dev/memcg/apps/uid_1010: Device or resource busy
01-18 08:50:13.075   470   470 W system_server: Failed to remove /dev/memcg/apps/uid_1013/pid_269: Device or resource busy
01-18 08:50:13.075   470   470 W system_server: Failed to remove /dev/memcg/apps/uid_1013/pid_271: Device or resource busy
01-18 08:50:13.075   470   470 W system_server: Failed to remove /dev/memcg/apps/uid_1013/pid_272: Device or resource busy
01-18 08:50:13.075   470   470 W system_server: Failed to remove /dev/memcg/apps/uid_1013/pid_398: Device or resource busy
01-18 08:50:13.075   470   470 W system_server: Failed to remove /dev/memcg/apps/uid_1013/pid_400: Device or resource busy
01-18 08:50:13.075   470   470 W system_server: Failed to remove /dev/memcg/apps/uid_1013/pid_401: Device or resource busy
01-18 08:50:13.075   470   470 W system_server: Failed to remove /dev/memcg/apps/uid_1013: Device or resource busy
01-18 08:50:13.075   470   470 W system_server: Failed to remove /dev/memcg/apps/uid_1017/pid_397: Device or resource busy
01-18 08:50:13.075   470   470 W system_server: Failed to remove /dev/memcg/apps/uid_1017: Device or resource busy
01-18 08:50:13.076   470   470 W system_server: Failed to remove /dev/memcg/apps/uid_1019/pid_395: Device or resource busy
01-18 08:50:13.076   470   470 W system_server: Failed to remove /dev/memcg/apps/uid_1019: Device or resource busy
01-18 08:50:13.076   470   470 W system_server: Failed to remove /dev/memcg/apps/uid_1036/pid_242: Device or resource busy
01-18 08:50:13.076   470   470 W system_server: Failed to remove /dev/memcg/apps/uid_1036: Device or resource busy
01-18 08:50:13.076   470   470 W system_server: Failed to remove /dev/memcg/apps/uid_1040/pid_399: Device or resource busy
01-18 08:50:13.076   470   470 W system_server: Failed to remove /dev/memcg/apps/uid_1040: Device or resource busy
01-18 08:50:13.076   470   470 W system_server: Failed to remove /dev/memcg/apps/uid_1041/pid_266: Device or resource busy
01-18 08:50:13.076   470   470 W system_server: Failed to remove /dev/memcg/apps/uid_1041/pid_393: Device or resource busy
01-18 08:50:13.076   470   470 W system_server: Failed to remove /dev/memcg/apps/uid_1041: Device or resource busy
01-18 08:50:13.076   470   470 W system_server: Failed to remove /dev/memcg/apps/uid_1046/pid_405: Device or resource busy
01-18 08:50:13.076   470   470 W system_server: Failed to remove /dev/memcg/apps/uid_1046: Device or resource busy
01-18 08:50:13.077   470   470 W system_server: Failed to remove /dev/memcg/apps/uid_1047/pid_268: Device or resource busy
01-18 08:50:13.077   470   470 W system_server: Failed to remove /dev/memcg/apps/uid_1047/pid_394: Device or resource busy
01-18 08:50:13.077   470   470 W system_server: Failed to remove /dev/memcg/apps/uid_1047: Device or resource busy
01-18 08:50:13.077   470   470 W system_server: Failed to remove /dev/memcg/apps/uid_1058/pid_408: Device or resource busy
01-18 08:50:13.077   470   470 W system_server: Failed to remove /dev/memcg/apps/uid_1058: Device or resource busy
01-18 08:50:13.077   470   470 W system_server: Failed to remove /dev/memcg/apps/uid_2000/pid_286: Device or resource busy
01-18 08:50:13.077   470   470 W system_server: Failed to remove /dev/memcg/apps/uid_2000: Device or resource busy
01-18 08:50:13.079   470   470 D AppOps  : AppOpsService published
01-18 08:50:13.079   470   470 D SystemServerTiming: StartActivityManager took to complete: 168ms
01-18 08:50:13.079   470   470 I SystemServer: StartPowerManager
01-18 08:50:13.080   470   470 I SystemServiceManager: Starting com.android.server.power.PowerManagerService
01-18 08:50:13.089   470   497 I ServiceThread: Enabled StrictMode logging for PowerManagerService looper.
01-18 08:50:13.090   470   470 I libsuspend: Selected wakeup count
01-18 08:50:13.097   470   470 D SystemServerTiming: StartPowerManager took to complete: 18ms
01-18 08:50:13.097   470   470 I SystemServer: InitPowerManagement
01-18 08:50:13.103   470   470 D SystemServerTiming: InitPowerManagement took to complete: 5ms
01-18 08:50:13.103   470   470 I SystemServer: StartRecoverySystemService
01-18 08:50:13.103   470   470 I SystemServiceManager: Starting com.android.server.RecoverySystemService
01-18 08:50:13.105   470   470 D SystemServerTiming: StartRecoverySystemService took to complete: 3ms
01-18 08:50:13.113   470   470 W RescueParty: Noticed 1 events for UID 0 in last 9 sec
01-18 08:50:13.113   470   470 I SystemServer: StartLightsService
01-18 08:50:13.113   470   470 I SystemServiceManager: Starting com.android.server.lights.LightsService
01-18 08:50:13.113   470   470 D SystemServerTiming: StartLightsService took to complete: 0ms
01-18 08:50:13.113   470   470 I SystemServer: StartDisplayManager
01-18 08:50:13.113   470   470 I SystemServiceManager: Starting com.android.server.display.DisplayManagerService
01-18 08:50:13.120   470   470 D SystemServerTiming: StartDisplayManager took to complete: 7ms
01-18 08:50:13.120   470   470 I SystemServer: WaitForDisplay
01-18 08:50:13.120   470   470 I SystemServiceManager: Starting phase 100
