05-31 04:32:49.596   405   652 I OMXMaster: makeComponentInstance(OMX.rk.video_decoder.m2v) in omx@1.0-service process
05-31 04:32:49.598   405   652 E ROCKCHIP_LOG: Rockchip_OSAL_SharedMemory_Open(448): 222ion_client_create Error: 8
05-31 04:32:49.598   405   652 E ROCKCHIP_RM: Rockchip_OMX_Check_Resource(282): pRockchipComponent->codecType 1, Line:282
05-31 04:32:49.600   405   652 E ROCKCHIP_VIDEO_DECCONTROL: Rkvpu_OMX_GetExtensionIndex(2041): OMX_IndexParamdescribeColorFormat get 
05-31 04:32:49.600   470   470 I ActivityManager: Start proc 746:com.android.settings/1000 for activity com.android.settings/.FallbackHome
05-31 04:32:49.600   405   652 E ROCKCHIP_VIDEO_DECCONTROL: Rkvpu_OMX_GetExtensionIndex(2041): OMX_IndexParamdescribeColorFormat get 
05-31 04:32:49.601   405   652 E OMXNodeInstance: getExtensionIndex(0xe8622e40:rk._decoder.m2v, OMX.google.android.index.configureVideoTunnelMode) ERROR: BadParameter(0x80001005)
05-31 04:32:49.601   405   652 I ROCKCHIP_OSAL_Android: Rockchip_OSAL_SetANBParameter(667): nBufferCountMin = 22 nBufferCountActual = 24
05-31 04:32:49.601   405   652 W OMXNodeInstance: [0xe8622e40:rk._decoder.m2v] component does not support metadata mode; using fallback
05-31 04:32:49.605   401   460 I OMXClient: Treble IOmx obtained
05-31 04:32:49.606   405   652 I OMXMaster: makeComponentInstance(OMX.rk.video_decoder.m4v) in omx@1.0-service process
05-31 04:32:49.607   405   652 E ROCKCHIP_LOG: Rockchip_OSAL_SharedMemory_Open(448): 222ion_client_create Error: 8
05-31 04:32:49.607   405   652 E ROCKCHIP_RM: Rockchip_OMX_Check_Resource(282): pRockchipComponent->codecType 1, Line:282
05-31 04:32:49.609   405   652 E ROCKCHIP_VIDEO_DECCONTROL: Rkvpu_OMX_GetExtensionIndex(2041): OMX_IndexParamdescribeColorFormat get 
05-31 04:32:49.610   405   652 E ROCKCHIP_VIDEO_DECCONTROL: Rkvpu_OMX_GetExtensionIndex(2041): OMX_IndexParamdescribeColorFormat get 
05-31 04:32:49.610   405   652 E OMXNodeInstance: getExtensionIndex(0xe8622e40:rk._decoder.m4v, OMX.google.android.index.configureVideoTunnelMode) ERROR: BadParameter(0x80001005)
05-31 04:32:49.610   405   652 I ROCKCHIP_OSAL_Android: Rockchip_OSAL_SetANBParameter(667): nBufferCountMin = 22 nBufferCountActual = 24
05-31 04:32:49.611   405   652 W OMXNodeInstance: [0xe8622e40:rk._decoder.m4v] component does not support metadata mode; using fallback
05-31 04:32:49.614   401   460 I OMXClient: Treble IOmx obtained
05-31 04:32:49.615   405   652 I OMXMaster: makeComponentInstance(OMX.rk.video_decoder.vp8) in omx@1.0-service process
05-31 04:32:49.616   405   652 E ROCKCHIP_LOG: Rockchip_OSAL_SharedMemory_Open(448): 222ion_client_create Error: 8
05-31 04:32:49.616   405   652 E ROCKCHIP_RM: Rockchip_OMX_Check_Resource(282): pRockchipComponent->codecType 1, Line:282
05-31 04:32:49.617   405   418 E ROCKCHIP_VIDEO_DECCONTROL: Rkvpu_OMX_GetExtensionIndex(2041): OMX_IndexParamdescribeColorFormat get 
05-31 04:32:49.618   405   418 E ROCKCHIP_VIDEO_DECCONTROL: Rkvpu_OMX_GetExtensionIndex(2041): OMX_IndexParamdescribeColorFormat get 
05-31 04:32:49.618   671   671 I WebViewLoader-arm64-v8a: System.exit called, status: 0
05-31 04:32:49.618   671   671 I AndroidRuntime: VM exiting with result code 0, cleanup skipped.
05-31 04:32:49.618   405   418 E OMXNodeInstance: getExtensionIndex(0xe8622e40:rk._decoder.vp8, OMX.google.android.index.configureVideoTunnelMode) ERROR: BadParameter(0x80001005)
05-31 04:32:49.618   405   418 I ROCKCHIP_OSAL_Android: Rockchip_OSAL_SetANBParameter(667): nBufferCountMin = 22 nBufferCountActual = 24
05-31 04:32:49.618   405   418 W OMXNodeInstance: [0xe8622e40:rk._decoder.vp8] component does not support metadata mode; using fallback
05-31 04:32:49.622   401   460 I OMXClient: Treble IOmx obtained
05-31 04:32:49.622   405   652 I OMXMaster: makeComponentInstance(OMX.google.vp8.decoder) in omx@1.0-service process
05-31 04:32:49.624   470   470 W system_server: VintfObject.verify() returns 1: Runtime info and framework compatibility matrix are incompatible: For config CONFIG_DEVMEM, value = y but required n
05-31 04:32:49.625   470   470 E Build   : Vendor interface is incompatible, error=1
05-31 04:32:49.625   470   470 E ActivityManager: getPackageFerformanceMode--ComponentInfo{com.android.settings/com.android.settings.FallbackHome}----com.android.settings
05-31 04:32:49.626   470   470 D SystemServerTiming: ActivityManagerStartApps took to complete: 87ms
05-31 04:32:49.626   470   470 D SystemServerTiming: PhaseActivityManagerReady took to complete: 528ms
05-31 04:32:49.628   470   470 D SystemServerInitThreadPool: Shutdown successful
05-31 04:32:49.628   470   470 D SystemServerTiming: StartServices took to complete: 3384ms
05-31 04:32:49.630   470   470 I SystemServer: Enabled StrictMode for system server main thread.
05-31 04:32:49.633   405   418 E OMXNodeInstance: getExtensionIndex(0xe8622900:google.vp8.decoder, OMX.google.android.index.configureVideoTunnelMode) ERROR: UnsupportedIndex(0x8000101a)
05-31 04:32:49.633   405   418 E OMXNodeInstance: getExtensionIndex(0xe8622900:google.vp8.decoder, OMX.google.android.index.enableAndroidNativeBuffers) ERROR: UnsupportedIndex(0x8000101a)
05-31 04:32:49.634   470   484 W LocationProviderProxy-network: Odd, no component found for service com.android.location.service.v3.NetworkLocationProvider
05-31 04:32:49.634   591   591 D BluetoothAdapterState: make() - Creating AdapterState
05-31 04:32:49.634   470   484 W GeocoderProxy: Odd, no component found for service com.android.location.service.GeocodeProvider
05-31 04:32:49.635   470   484 W GeofenceProxy: Odd, no component found for service com.android.location.service.GeofenceProvider
05-31 04:32:49.635   470   484 W ActivityRecognitionProxy: Odd, no component found for service com.android.location.service.ActivityRecognitionProvider
05-31 04:32:49.636   607   607 W InputAttributes: No editor info for this field. Bug?
05-31 04:32:49.638   591   591 I bt_btif : init
05-31 04:32:49.638   591   772 I BluetoothAdapterState: Entering OffState
05-31 04:32:49.639   591   591 D bt_osi_allocation_tracker: canary initialized
05-31 04:32:49.640   591   774 I bt_osi_thread: run_thread: thread id 774, thread name stack_manager started
05-31 04:32:49.641   591   774 I bt_stack_manager: event_init_stack is initializing the stack
05-31 04:32:49.643   401   460 I OMXClient: Treble IOmx obtained
05-31 04:32:49.643   405   652 I OMXMaster: makeComponentInstance(OMX.google.vp9.decoder) in omx@1.0-service process
05-31 04:32:49.643   470   558 I WifiVendorHal: Vendor Hal stopped
05-31 04:32:49.643   591   774 E bt_btif_config: Config is missing adapter section
05-31 04:32:49.643   470   558 D WificondControl: tearing down interfaces in wificond
05-31 04:32:49.644   591   774 W bt_btif_config: init unable to load config file: /data/misc/bluedroid/bt_config.conf; using backup.
05-31 04:32:49.644   591   774 E bt_btif_config: Config is missing adapter section
05-31 04:32:49.644   591   774 W bt_btif_config: init unable to load backup; attempting to transcode legacy file.
05-31 04:32:49.644   591   774 E bt_btif_config_transcode: btif_config_transcode unable to load XML file '/data/misc/bluedroid/bt_config.xml': 3
05-31 04:32:49.644   591   774 E bt_btif_config: init unable to transcode legacy file; creating empty config.
05-31 04:32:49.645   591   779 I bt_osi_thread: run_thread: thread id 779, thread name alarm_default_ca started
05-31 04:32:49.646   405   652 E OMXNodeInstance: getExtensionIndex(0xe8622a80:google.vp9.decoder, OMX.google.android.index.configureVideoTunnelMode) ERROR: UnsupportedIndex(0x8000101a)
05-31 04:32:49.647   405   652 E OMXNodeInstance: getExtensionIndex(0xe8622a80:google.vp9.decoder, OMX.google.android.index.enableAndroidNativeBuffers) ERROR: UnsupportedIndex(0x8000101a)
05-31 04:32:49.647   591   780 I bt_osi_thread: run_thread: thread id 780, thread name alarm_dispatcher started
05-31 04:32:49.649   279   279 I android.hardware.wifi@1.0-service: Wifi HAL started
05-31 04:32:49.650   591   774 I bt_btif_core: btif_init_bluetooth entered
05-31 04:32:49.651   470   486 W Looper  : Dispatch took 108ms on android.ui, h=Handler (com.android.server.am.ActivityManagerService$UiHandler) {62dc1c8} cb=null msg=53
05-31 04:32:49.651   591   774 I bt_stack_config: init attempt to load stack conf from /etc/bluetooth/bt_stack.conf
05-31 04:32:49.654   591   782 I bt_osi_thread: run_thread: thread id 782, thread name bt_jni_workqueue started
05-31 04:32:49.654   591   774 I bt_btif_core: btif_init_bluetooth finished
05-31 04:32:49.654   591   774 I bt_stack_manager: event_init_stack finished
05-31 04:32:49.654   591   782 I bt_btif_core: run_message_loop entered
05-31 04:32:49.655   591   591 I bt_osi_wakelock: wakelock_set_os_callouts set to non-native
05-31 04:32:49.655   591   591 I bt_btif : get_profile_interface: id = socket
05-31 04:32:49.656   630   630 V SystemUIService: Starting SystemUI services for user 0.
05-31 04:32:49.657   591   591 W bt_btif : do_in_jni_thread: Dropped message, message_loop not initialized yet!
05-31 04:32:49.657   591   591 W bt_btif : do_in_jni_thread: Dropped message, message_loop not initialized yet!
05-31 04:32:49.658   279   279 E android.hardware.wifi@1.0-service: Kernel version is 4.4.: No such file or directory
05-31 04:32:49.658   401   460 I OMXClient: Treble IOmx obtained
05-31 04:32:49.658   405   418 I OMXMaster: makeComponentInstance(OMX.rk.video_encoder.avc) in omx@1.0-service process
05-31 04:32:49.658   279   279 E android.hardware.wifi@1.0-service: Wifi driver is not ready.: No such file or directory
05-31 04:32:49.660   279   279 E android.hardware.wifi@1.0-service: matched ko file path /vendor/lib/modules/wifi/bcmdhd.ko: No such file or directory
05-31 04:32:49.660   279   279 E android.hardware.wifi@1.0-service: insmod: open(/vendor/lib/modules/wifi/bcmdhd.ko) failed: No such file or directory: No such file or directory
05-31 04:32:49.660   279   279 E android.hardware.wifi@1.0-service: Failed to load WiFi driver
05-31 04:32:49.660   470   558 E HalDeviceManager: executeChipReconfiguration: configureChip error: 9 ()
05-31 04:32:49.662   405   418 E ROCKCHIP_LOG: Rockchip_OSAL_SharedMemory_Open(448): 222ion_client_create Error: 8
05-31 04:32:49.662   279   279 I android.hardware.wifi@1.0-service: Wifi HAL stopped
05-31 04:32:49.662   405   418 E ROCKCHIP_RM: Rockchip_OMX_Check_Resource(282): pRockchipComponent->codecType 2, Line:282
05-31 04:32:49.663   470   558 E WifiNative-wlan0: Failed to start HAL for client mode
05-31 04:32:49.666   630   630 D SystemUIBootTiming: StartServicesDependency took to complete: 7ms
05-31 04:32:49.667   401   460 W ACodec  : [OMX.rk.video_encoder.avc] stopping checking profiles after 32: 8/1
05-31 04:32:49.667   746   746 I zygote64: The ClassLoaderContext is a special shared library.
05-31 04:32:49.670   401   460 W OMXUtils: do not know color format 0x7f000789 = 2130708361
05-31 04:32:49.670   470   558 I WifiVendorHal: Vendor Hal stopped
05-31 04:32:49.670   405   652 E OMXNodeInstance: getConfig(0xe8622900:rk._encoder.avc, ConfigAndroidIntraRefresh(0x6f60000a)) ERROR: UnsupportedIndex(0x8000101a)
05-31 04:32:49.670   470   558 D WificondControl: tearing down interfaces in wificond
05-31 04:32:49.674   401   460 I OMXClient: Treble IOmx obtained
05-31 04:32:49.675   405   418 I OMXMaster: makeComponentInstance(OMX.google.h264.encoder) in omx@1.0-service process
05-31 04:32:49.675   279   279 I android.hardware.wifi@1.0-service: Wifi HAL started
05-31 04:32:49.675   591   591 I bt_btif : get_profile_interface: id = sdp
05-31 04:32:49.681   591   591 I BluetoothAdapterService: Phone policy enabled
05-31 04:32:49.681   279   279 E android.hardware.wifi@1.0-service: Kernel version is 4.4.: No such file or directory
05-31 04:32:49.681   279   279 E android.hardware.wifi@1.0-service: Wifi driver is not ready.: No such file or directory
05-31 04:32:49.682   630   630 D SystemUIBootTiming: StartServicesNotificationChannels took to complete: 16ms
05-31 04:32:49.682   279   279 E android.hardware.wifi@1.0-service: matched ko file path /vendor/lib/modules/wifi/bcmdhd.ko: No such file or directory
05-31 04:32:49.683   279   279 E android.hardware.wifi@1.0-service: insmod: open(/vendor/lib/modules/wifi/bcmdhd.ko) failed: No such file or directory: No such file or directory
05-31 04:32:49.683   279   279 E android.hardware.wifi@1.0-service: Failed to load WiFi driver
05-31 04:32:49.683   470   558 E HalDeviceManager: executeChipReconfiguration: configureChip error: 9 ()
05-31 04:32:49.684   591   591 D BluetoothAdapterService: setAdapterService() - set to: null
05-31 04:32:49.685   279   279 I android.hardware.wifi@1.0-service: Wifi HAL stopped
05-31 04:32:49.685   401   460 W OMXUtils: do not know color format 0x7f000789 = 2130708361
05-31 04:32:49.686   470   558 E WifiNative-wlan0: Failed to start HAL for client mode
05-31 04:32:49.688   630   630 D SystemUIBootTiming: StartServicesCommandQueueStart took to complete: 3ms
05-31 04:32:49.688   470   558 I WifiVendorHal: Vendor Hal stopped
05-31 04:32:49.688   470   558 D WificondControl: tearing down interfaces in wificond
05-31 04:32:49.689   591   591 D BluetoothAdapterService: onBind()
05-31 04:32:49.689   401   460 I OMXClient: Treble IOmx obtained
05-31 04:32:49.690   722   722 I zygote64: The ClassLoaderContext is a special shared library.
05-31 04:32:49.690   405   652 I OMXMaster: makeComponentInstance(OMX.google.h263.encoder) in omx@1.0-service process
05-31 04:32:49.696   405   652 I SoftMPEG4Encoder: Construct SoftMPEG4Encoder
05-31 04:32:49.699   401   460 W OMXUtils: do not know color format 0x7f000789 = 2130708361
05-31 04:32:49.699   405   652 E OMXNodeInstance: getConfig(0xe8622900:google.h263.encoder, ConfigAndroidIntraRefresh(0x6f60000a)) ERROR: Undefined(0x80001001)
05-31 04:32:49.704   401   460 I OMXClient: Treble IOmx obtained
05-31 04:32:49.704   405   652 I OMXMaster: makeComponentInstance(OMX.google.mpeg4.encoder) in omx@1.0-service process
05-31 04:32:49.705   405   652 I SoftMPEG4Encoder: Construct SoftMPEG4Encoder
05-31 04:32:49.707   630   630 V MediaRouter: Adding route: RouteInfo{ name=Tablet, description=null, status=null, category=RouteCategory{ name=System types=ROUTE_TYPE_LIVE_AUDIO ROUTE_TYPE_LIVE_VIDEO  groupable=false }, supportedTypes=ROUTE_TYPE_LIVE_AUDIO ROUTE_TYPE_LIVE_VIDEO , presentationDisplay=null }
05-31 04:32:49.707   401   460 W OMXUtils: do not know color format 0x7f000789 = 2130708361
05-31 04:32:49.707   405   418 E OMXNodeInstance: getConfig(0xe8622900:google.mpeg4.encoder, ConfigAndroidIntraRefresh(0x6f60000a)) ERROR: Undefined(0x80001001)
05-31 04:32:49.708   470   470 D ConditionProviders.SCP: onConnected
05-31 04:32:49.708   470   470 D ZenLog  : set_zen_mode: off,readXml
05-31 04:32:49.710   401   460 I OMXClient: Treble IOmx obtained
05-31 04:32:49.711   405   418 I OMXMaster: makeComponentInstance(OMX.google.vp8.encoder) in omx@1.0-service process
05-31 04:32:49.712   470   470 D ConditionProviders: Subscribing to condition://android/event?userId=-10000&calendar=&reply=1 with ComponentInfo{android/com.android.server.notification.EventConditionProvider}
05-31 04:32:49.713   470   470 D ZenLog  : subscribe: condition://android/event?userId=-10000&calendar=&reply=1,ok
05-31 04:32:49.713   470   470 D ConditionProviders: Subscribing to condition://android/schedule?days=1.2.3.4.5&start=22.0&end=7.0&exitAtAlarm=false with ComponentInfo{android/com.android.server.notification.ScheduleConditionProvider}
05-31 04:32:49.713   470   470 D ZenLog  : subscribe: condition://android/schedule?days=1.2.3.4.5&start=22.0&end=7.0&exitAtAlarm=false,ok
05-31 04:32:49.713   470   470 D ConditionProviders: Subscribing to condition://android/schedule?days=6.7&start=23.30&end=10.0&exitAtAlarm=false with ComponentInfo{android/com.android.server.notification.ScheduleConditionProvider}
05-31 04:32:49.713   470   470 D ZenLog  : subscribe: condition://android/schedule?days=6.7&start=23.30&end=10.0&exitAtAlarm=false,ok
05-31 04:32:49.714   630   630 V MediaRouter: Selecting route: RouteInfo{ name=Tablet, description=null, status=null, category=RouteCategory{ name=System types=ROUTE_TYPE_LIVE_AUDIO ROUTE_TYPE_LIVE_VIDEO  groupable=false }, supportedTypes=ROUTE_TYPE_LIVE_AUDIO ROUTE_TYPE_LIVE_VIDEO , presentationDisplay=null }
05-31 04:32:49.715   470   470 D HdmiReceiver: action =android.intent.action.HDMI_PLUGGED
05-31 04:32:49.715   607   796 I LatinIME:LogUtils: Dictionary info: dictionary = UserHistoryDictionary.en_US ; version = 1590899569 ; date = ?
05-31 04:32:49.715   470   470 D HdmiReceiver: onReceive mTaskVector.size() = 0
05-31 04:32:49.716   607   796 I LatinIME:LogUtils: Dictionary info: dictionary = userunigram.en_US ; version = 1590899569 ; date = ?
05-31 04:32:49.719   607   796 E ActivityThread: Failed to find provider info for user_dictionary
05-31 04:32:49.719   470   562 I WifiScanningService: wifi driver unloaded
05-31 04:32:49.720   470   470 D RttService: SCAN_AVAILABLE : 1
05-31 04:32:49.721   470   563 D RttService: DefaultState got{ when=-1ms what=160513 target=com.android.internal.util.StateMachine$SmHandler }
05-31 04:32:49.721   470   470 D ZenLog  : set_zen_mode: off,cleanUpZenRules
05-31 04:32:49.726   401   460 W OMXUtils: do not know color format 0x7f000789 = 2130708361
05-31 04:32:49.727   405   418 E OMXNodeInstance: getConfig(0xe8622900:google.vp8.encoder, ConfigAndroidIntraRefresh(0x6f60000a)) ERROR: Undefined(0x80001001)
05-31 04:32:49.739   470   646 I OMXClient: Treble IOmx obtained
05-31 04:32:49.739   405   418 I OMXMaster: makeComponentInstance(OMX.google.vorbis.decoder) in omx@1.0-service process
05-31 04:32:49.744   405   418 E OMXNodeInstance: getConfig(0xe8622900:google.vorbis.decoder, ConfigAndroidVendorExtension(0x6f100004)) ERROR: Undefined(0x80001001)
05-31 04:32:49.744   401   401 D NuPlayerDriver: NuPlayerDriver(0xe8c27230) created, clientPid(470)
05-31 04:32:49.747   265   265 W /system/bin/hw/android.hidl.allocator@1.0-service: ashmem_create_region(32768) returning hidl_memory(0x7d3662c310, 32768)
05-31 04:32:49.754   722   722 I zygote64: The ClassLoaderContext is a special shared library.
05-31 04:32:49.764   265   265 W /system/bin/hw/android.hidl.allocator@1.0-service: ashmem_create_region(32768) returning hidl_memory(0x7d3662c310, 32768)
05-31 04:32:49.765   265   265 W /system/bin/hw/android.hidl.allocator@1.0-service: ashmem_create_region(32768) returning hidl_memory(0x7d3662c310, 32768)
05-31 04:32:49.766   401   806 D GenericSource: FileSource remote
05-31 04:32:49.766   265   265 W /system/bin/hw/android.hidl.allocator@1.0-service: ashmem_create_region(32768) returning hidl_memory(0x7d3662c310, 32768)
05-31 04:32:49.768   607   796 I LatinIME:LogUtils: Dictionary info: dictionary = main:en ; version = 54 ; date = 1414726273
05-31 04:32:49.770   265   265 W /system/bin/hw/android.hidl.allocator@1.0-service: ashmem_create_region(32768) returning hidl_memory(0x7d3662c310, 32768)
05-31 04:32:49.770   399   645 E ffmExtractor: Cannot load library libffmpeg_utils.so dlerror = dlopen failed: library "libffmpeg_utils.so" not found
05-31 04:32:49.770   399   645 E ffmExtractor: lib open failed
05-31 04:32:49.771   265   265 W /system/bin/hw/android.hidl.allocator@1.0-service: ashmem_create_region(32768) returning hidl_memory(0x7d3662c310, 32768)
05-31 04:32:49.772   265   265 I chatty  : uid=1000(system) allocator@1.0-s identical 1 line
05-31 04:32:49.773   265   265 W /system/bin/hw/android.hidl.allocator@1.0-service: ashmem_create_region(32768) returning hidl_memory(0x7d3662c310, 32768)
05-31 04:32:49.774   746   808 D OpenGLRenderer: HWUI GL Pipeline
05-31 04:32:49.777   401   805 D NuPlayerDriver: notifyListener_l(0xe8c27230), (1, 0, 0, -1), loop setting(0, 0)
05-31 04:32:49.780   470   470 D Ringtone: Successfully created local player
05-31 04:32:49.780   470   470 W Ringtone: Use of stream types is deprecated for operations other than volume control
05-31 04:32:49.780   470   470 W Ringtone: See the documentation of setStreamType() for what to use instead with android.media.AudioAttributes to qualify your playback use case
05-31 04:32:49.781   401   401 D NuPlayerDriver: reset(0xe8c27230) at state 4
05-31 04:32:49.781   401   401 D NuPlayerDriver: notifyListener_l(0xe8c27230), (8, 0, 0, -1), loop setting(0, 0)
05-31 04:32:49.784   401   805 D NuPlayerDriver: notifyResetComplete(0xe8c27230)
05-31 04:32:49.784   401   401 D NuPlayerDriver: reset(0xe8c27230) at state 0
05-31 04:32:49.785   470   470 V MediaPlayer: resetDrmState:  mDrmInfo=null mDrmProvisioningThread=null mPrepareDrmInProgress=false mActiveDrmScheme=false
05-31 04:32:49.785   470   470 V MediaPlayer: cleanDrmObj: mDrmObj=null mDrmSessionId=null
05-31 04:32:49.785   470   470 V MediaPlayer: resetDrmState:  mDrmInfo=null mDrmProvisioningThread=null mPrepareDrmInProgress=false mActiveDrmScheme=false
05-31 04:32:49.785   470   470 V MediaPlayer: cleanDrmObj: mDrmObj=null mDrmSessionId=null
05-31 04:32:49.787   400   413 D MediaAnalyticsService: MediaAnalyticsService::newSummarizerSet
05-31 04:32:49.787   630   630 W SoundPool: Use of stream types is deprecated for operations other than volume control
05-31 04:32:49.788   630   630 W SoundPool: See the documentation of SoundPool() for what to use instead with android.media.AudioAttributes to qualify your playback use case
05-31 04:32:49.788   265   265 W /system/bin/hw/android.hidl.allocator@1.0-service: ashmem_create_region(32768) returning hidl_memory(0x7d3662c310, 32768)
05-31 04:32:49.788   401   401 D NuPlayerDriver: NuPlayerDriver(0xe8c272a0) created, clientPid(470)
05-31 04:32:49.789   265   265 W /system/bin/hw/android.hidl.allocator@1.0-service: ashmem_create_region(32768) returning hidl_memory(0x7d3662c310, 32768)
05-31 04:32:49.790   630   812 V NuMediaExtractor: setDataSource fd=36 (/system/media/audio/ui/Lock.ogg), offset=0, length=8308
05-31 04:32:49.790   265   265 W /system/bin/hw/android.hidl.allocator@1.0-service: ashmem_create_region(32768) returning hidl_memory(0x7d3662c310, 32768)
05-31 04:32:49.791   265   265 W /system/bin/hw/android.hidl.allocator@1.0-service: ashmem_create_region(32768) returning hidl_memory(0x7d3662c310, 32768)
05-31 04:32:49.791   630   630 D SystemUIBootTiming: StartServicesKeyguardViewMediator took to complete: 102ms
05-31 04:32:49.795   722   722 D TelephonyProvider: dbh.onOpen: ok, queried table=siminfo
05-31 04:32:49.796   399   420 E ffmExtractor: Cannot load library libffmpeg_utils.so dlerror = dlopen failed: library "libffmpeg_utils.so" not found
05-31 04:32:49.796   722   722 D TelephonyProvider: dbh.onOpen: ok, queried table=carriers
05-31 04:32:49.796   399   420 E ffmExtractor: lib open failed
05-31 04:32:49.797   401   816 D GenericSource: FileSource remote
05-31 04:32:49.800   399   645 E ffmExtractor: Cannot load library libffmpeg_utils.so dlerror = dlopen failed: library "libffmpeg_utils.so" not found
05-31 04:32:49.800   399   645 E ffmExtractor: lib open failed
05-31 04:32:49.806   401   814 D NuPlayerDriver: notifyListener_l(0xe8c272a0), (1, 0, 0, -1), loop setting(0, 0)
05-31 04:32:49.808   630   812 V NuMediaExtractor: track of type 'audio/vorbis' does not publish bitrate
05-31 04:32:49.810   746   808 I mali_so : [File] : hardware/arm/maliT760/driver/product/base/src/mali_base_kbase.c; [Line] : 947; [Func] : base_context_deal_with_version_affairs_rk_ext;
05-31 04:32:49.810   746   808 I mali_so : arm_release_ver of this mali_so is 'r18p0-01rel0', rk_so_ver is '11@0'.
05-31 04:32:49.810   746   808 I mali_so : [File] : hardware/arm/maliT760/driver/product/base/src/mali_base_kbase.c; [Line] : 914; [Func] : determine_policy_against_patch_for_sf_memory_leak;
05-31 04:32:49.810   746   808 I mali_so : cmdline : com.android.settings, we should GO THROUGH patch_for_sf_memory_leak.
05-31 04:32:49.810   746   808 D mali_so : [File] : hardware/arm/maliT760/driver/product/base/src/mali_base_kbase.c; [Line] : 955; [Func] : base_context_deal_with_version_affairs_rk_ext;
05-31 04:32:49.810   746   808 D mali_so : current process is NOT sf, to bail out.
05-31 04:32:49.815   273   385 I [Gralloc]: Got fd 16 for handle 1
05-31 04:32:49.817   273   385 I [Gralloc]: leave, w : 1920, h : 1080, format : 0x1,internal_format : 0x1, usage : 0x900. size=8294400,pixel_stride=1920,byte_stride=7680
05-31 04:32:49.817   273   385 I [Gralloc]: leave: prime_fd=16,share_attr_fd=17
05-31 04:32:49.817   282   307 I [Gralloc]: Got handle 7 for fd 70
05-31 04:32:49.817   282   307 I [Gralloc]: leave, w : 1920, h : 1080, format : 0x1,internal_format : 0x1, usage : 0x900. size=8294400,pixel_stride=1920,byte_stride=7680
05-31 04:32:49.817   282   307 I [Gralloc]: leave: prime_fd=70,share_attr_fd=71
05-31 04:32:49.818   470   470 D Ringtone: Successfully created local player
05-31 04:32:49.820   630   821 I OMXClient: Treble IOmx obtained
05-31 04:32:49.820   405   418 I OMXMaster: makeComponentInstance(OMX.google.vorbis.decoder) in omx@1.0-service process
05-31 04:32:49.821   470   628 V NuMediaExtractor: setDataSource fd=186 (/system/media/audio/ui/KeypressStandard.ogg), offset=0, length=5837
05-31 04:32:49.821   722   722 D CarrierProvider: onCreate
05-31 04:32:49.821   401   801 D NuPlayerDriver: start(0xe8c272a0), state is 4, eos is 0
05-31 04:32:49.822   401   814 I GenericSource: start
05-31 04:32:49.823   399   645 E ffmExtractor: Cannot load library libffmpeg_utils.so dlerror = dlopen failed: library "libffmpeg_utils.so" not found
05-31 04:32:49.823   399   645 E ffmExtractor: lib open failed
05-31 04:32:49.826   746   808 I com.android.settings: android::hardware::configstore::V1_0::ISurfaceFlingerConfigs::hasWideColorDisplay retrieved: 0
05-31 04:32:49.826   746   808 I OpenGLRenderer: Initialized EGL, version 1.4
05-31 04:32:49.826   746   808 D OpenGLRenderer: Swap behavior 2
05-31 04:32:49.826   405   418 E OMXNodeInstance: getConfig(0xe8622900:google.vorbis.decoder, ConfigAndroidVendorExtension(0x6f100004)) ERROR: Undefined(0x80001001)
05-31 04:32:49.827   470   577 W hwc-drm-connector: UpdateModes Could not get hdmi_output_colorimetry property
05-31 04:32:49.827   470   577 W hwc-drm-connector: UpdateModes Could not get hdmi_output_format property
05-31 04:32:49.828   470   577 D RkNativeDisplayManager: old_state 1 cur_state 1 conn->get_type() 14
05-31 04:32:49.828   273   273 I [Gralloc]: Got fd 16 for handle 1
05-31 04:32:49.828   470   577 D RkNativeDisplayManager: old_state 2 cur_state 2 conn->get_type() 11
05-31 04:32:49.828   470   577 W hwc-drm-connector: UpdateModes Could not get hdmi_output_colorimetry property
05-31 04:32:49.828   470   577 W hwc-drm-connector: UpdateModes Could not get hdmi_output_format property
05-31 04:32:49.828   470   577 D RkNativeDisplayManager: old_state 2 cur_state 2 conn->get_type() 10
05-31 04:32:49.829   273   273 I [Gralloc]: leave, w : 1920, h : 1080, format : 0x1,internal_format : 0x1, usage : 0x900. size=8294400,pixel_stride=1920,byte_stride=7680
05-31 04:32:49.829   273   273 I [Gralloc]: leave: prime_fd=16,share_attr_fd=17
05-31 04:32:49.830   282   307 I [Gralloc]: Got handle 8 for fd 69
05-31 04:32:49.830   282   307 I [Gralloc]: leave, w : 1920, h : 1080, format : 0x1,internal_format : 0x1, usage : 0x900. size=8294400,pixel_stride=1920,byte_stride=7680
05-31 04:32:49.830   282   307 I [Gralloc]: leave: prime_fd=69,share_attr_fd=73
05-31 04:32:49.835   470   628 V NuMediaExtractor: track of type 'audio/vorbis' does not publish bitrate
05-31 04:32:49.838   265   265 W /system/bin/hw/android.hidl.allocator@1.0-service: ashmem_create_region(32768) returning hidl_memory(0x7d3662c310, 32768)
05-31 04:32:49.841   470   470 I zygote64: The ClassLoaderContext is a special shared library.
05-31 04:32:49.842   273   385 I [Gralloc]: Got fd 16 for handle 1
05-31 04:32:49.843   273   385 I [Gralloc]: leave, w : 1920, h : 1080, format : 0x1,internal_format : 0x1, usage : 0x900. size=8294400,pixel_stride=1920,byte_stride=7680
05-31 04:32:49.843   273   385 I [Gralloc]: leave: prime_fd=16,share_attr_fd=17
05-31 04:32:49.843   470   845 I OMXClient: Treble IOmx obtained
05-31 04:32:49.844   282   307 I [Gralloc]: Got handle 9 for fd 77
05-31 04:32:49.844   282   307 I [Gralloc]: leave, w : 1920, h : 1080, format : 0x1,internal_format : 0x1, usage : 0x900. size=8294400,pixel_stride=1920,byte_stride=7680
05-31 04:32:49.844   401   844 I OMXClient: Treble IOmx obtained
05-31 04:32:49.844   282   307 I [Gralloc]: leave: prime_fd=77,share_attr_fd=78
05-31 04:32:49.844   405   418 I OMXMaster: makeComponentInstance(OMX.google.vorbis.decoder) in omx@1.0-service process
05-31 04:32:49.844   405   652 I OMXMaster: makeComponentInstance(OMX.google.vorbis.decoder) in omx@1.0-service process
05-31 04:32:49.846   265   265 W /system/bin/hw/android.hidl.allocator@1.0-service: ashmem_create_region(32768) returning hidl_memory(0x7d3662c310, 32768)
05-31 04:32:49.847   405   652 E OMXNodeInstance: setConfig(0xe8622a80:google.vorbis.decoder, ConfigPriority(0x6f800002)) ERROR: Undefined(0x80001001)
05-31 04:32:49.847   401   844 I ACodec  : codec does not support config priority (err -2147483648)
05-31 04:32:49.847   265   265 W /system/bin/hw/android.hidl.allocator@1.0-service: ashmem_create_region(32768) returning hidl_memory(0x7d3662c310, 32768)
05-31 04:32:49.848   405   418 E OMXNodeInstance: getConfig(0xe8622e40:google.vorbis.decoder, ConfigAndroidVendorExtension(0x6f100004)) ERROR: Undefined(0x80001001)
05-31 04:32:49.848   265   265 W /system/bin/hw/android.hidl.allocator@1.0-service: ashmem_create_region(32768) returning hidl_memory(0x7d3662c310, 32768)
05-31 04:32:49.853   265   265 I chatty  : uid=1000(system) allocator@1.0-s identical 4 lines
05-31 04:32:49.853   265   265 W /system/bin/hw/android.hidl.allocator@1.0-service: ashmem_create_region(32768) returning hidl_memory(0x7d3662c310, 32768)
05-31 04:32:49.854   273   273 I [Gralloc]: Got fd 16 for handle 1
05-31 04:32:49.854   265   265 W /system/bin/hw/android.hidl.allocator@1.0-service: ashmem_create_region(32768) returning hidl_memory(0x7d3662c310, 32768)
05-31 04:32:49.854   265   265 W /system/bin/hw/android.hidl.allocator@1.0-service: ashmem_create_region(32768) returning hidl_memory(0x7d3662c310, 32768)
05-31 04:32:49.855   273   273 I [Gralloc]: leave, w : 1920, h : 1080, format : 0x1,internal_format : 0x1, usage : 0x900. size=8294400,pixel_stride=1920,byte_stride=7680
05-31 04:32:49.855   265   265 W /system/bin/hw/android.hidl.allocator@1.0-service: ashmem_create_region(32768) returning hidl_memory(0x7d3662c310, 32768)
05-31 04:32:49.855   273   273 I [Gralloc]: leave: prime_fd=16,share_attr_fd=17
05-31 04:32:49.855   282   307 I [Gralloc]: Got handle 10 for fd 80
05-31 04:32:49.855   282   307 I [Gralloc]: leave, w : 1920, h : 1080, format : 0x1,internal_format : 0x1, usage : 0x900. size=8294400,pixel_stride=1920,byte_stride=7680
05-31 04:32:49.855   282   307 I [Gralloc]: leave: prime_fd=80,share_attr_fd=81
05-31 04:32:49.856   746   808 D mali_winsys: EGLint new_window_surface(egl_winsys_display *, void *, EGLSurface, EGLConfig, egl_winsys_surface **, egl_color_buffer_format *, EGLBoolean) returns 0x3000
05-31 04:32:49.857   405   652 E OMXNodeInstance: getConfig(0xe8622a80:google.vorbis.decoder, ConfigAndroidVendorExtension(0x6f100004)) ERROR: Undefined(0x80001001)
05-31 04:32:49.857   401   844 I MediaCodec: MediaCodec will operate in async mode
05-31 04:32:49.859   265   265 W /system/bin/hw/android.hidl.allocator@1.0-service: ashmem_create_region(32768) returning hidl_memory(0x7d3662c310, 32768)
05-31 04:32:49.872   265   265 I chatty  : uid=1000(system) allocator@1.0-s identical 11 lines
05-31 04:32:49.876   265   265 W /system/bin/hw/android.hidl.allocator@1.0-service: ashmem_create_region(32768) returning hidl_memory(0x7d3662c310, 32768)
05-31 04:32:49.876   273   273 I [Gralloc]: Got fd 16 for handle 1
05-31 04:32:49.876   265   265 W /system/bin/hw/android.hidl.allocator@1.0-service: ashmem_create_region(32768) returning hidl_memory(0x7d3662c310, 32768)
05-31 04:32:49.877   265   265 W /system/bin/hw/android.hidl.allocator@1.0-service: ashmem_create_region(32768) returning hidl_memory(0x7d3662c310, 32768)
05-31 04:32:49.878   273   273 I [Gralloc]: leave, w : 1920, h : 1080, format : 0x1,internal_format : 0x1, usage : 0xb00. size=8294400,pixel_stride=1920,byte_stride=7680
05-31 04:32:49.878   273   273 I [Gralloc]: leave: prime_fd=16,share_attr_fd=17
05-31 04:32:49.878   282   307 I [Gralloc]: Got handle 10 for fd 80
05-31 04:32:49.878   282   307 I [Gralloc]: leave, w : 1920, h : 1080, format : 0x1,internal_format : 0x1, usage : 0xb00. size=8294400,pixel_stride=1920,byte_stride=7680
05-31 04:32:49.878   282   307 I [Gralloc]: leave: prime_fd=80,share_attr_fd=81
05-31 04:32:49.878   265   265 W /system/bin/hw/android.hidl.allocator@1.0-service: ashmem_create_region(32768) returning hidl_memory(0x7d3662c310, 32768)
05-31 04:32:49.889   265   265 I chatty  : uid=1000(system) allocator@1.0-s identical 3 lines
05-31 04:32:49.889   265   265 W /system/bin/hw/android.hidl.allocator@1.0-service: ashmem_create_region(32768) returning hidl_memory(0x7d3662c310, 32768)
05-31 04:32:49.895   401   842 D AudioTrack: Client defaulted notificationFrames to 11264 for frameCount 22528
05-31 04:32:49.903   746   808 I [Gralloc]: Got handle 1 for fd 62
05-31 04:32:49.903   746   808 I [Gralloc]: leave, w : 1920, h : 1080, format : 0x1,internal_format : 0x1, usage : 0xb00. size=8294400,pixel_stride=1920,byte_stride=7680
05-31 04:32:49.903   746   808 I [Gralloc]: leave: prime_fd=62,share_attr_fd=63
05-31 04:32:49.927   630   630 D SystemUIBootTiming: StartServicesRecents took to complete: 136ms
05-31 04:32:49.927   470   485 W KeyguardServiceDelegate: onScreenTurningOn(): no keyguard service!
05-31 04:32:49.927   470   495 I ActivityManager: Displayed com.android.settings/.FallbackHome: +338ms
05-31 04:32:49.928   470   547 I InputReader: Reconfiguring input devices.  changes=0x00000004
05-31 04:32:49.930   722   722 I ImsResolver: Initializing cache and binding.
05-31 04:32:49.932   470   470 D BluetoothManagerService: Trying to bind to profile: 1, while Bluetooth was disabled
05-31 04:32:49.932   470   628 V NuMediaExtractor: setDataSource fd=187 (/system/media/audio/ui/KeypressSpacebar.ogg), offset=0, length=5952
05-31 04:32:49.934   630   812 V NuMediaExtractor: setDataSource fd=37 (/system/media/audio/ui/Unlock.ogg), offset=0, length=7853
05-31 04:32:49.935   470   855 I Telecom : BluetoothRouteManager: getBluetoothAudioConnectedDevice: no headset service available.
05-31 04:32:49.936   399   420 E ffmExtractor: Cannot load library libffmpeg_utils.so dlerror = dlopen failed: library "libffmpeg_utils.so" not found
05-31 04:32:49.936   630   630 I vol.Events: writeEvent collection_started
05-31 04:32:49.937   399   813 E ffmExtractor: Cannot load library libffmpeg_utils.so dlerror = dlopen failed: library "libffmpeg_utils.so" not found
05-31 04:32:49.937   399   420 E ffmExtractor: lib open failed
05-31 04:32:49.937   399   813 E ffmExtractor: lib open failed
05-31 04:32:49.944   630   812 V NuMediaExtractor: track of type 'audio/vorbis' does not publish bitrate
05-31 04:32:49.948   470   628 V NuMediaExtractor: track of type 'audio/vorbis' does not publish bitrate
05-31 04:32:49.948   630   857 I vol.Events: writeEvent external_ringer_mode_changed normal
05-31 04:32:49.948   630   857 I vol.Events: writeEvent internal_ringer_mode_changed normal
05-31 04:32:49.953   630   858 I OMXClient: Treble IOmx obtained
05-31 04:32:49.953   470   859 I OMXClient: Treble IOmx obtained
05-31 04:32:49.953   405   418 I OMXMaster: makeComponentInstance(OMX.google.vorbis.decoder) in omx@1.0-service process
05-31 04:32:49.955   405   418 E OMXNodeInstance: getConfig(0xe8622900:google.vorbis.decoder, ConfigAndroidVendorExtension(0x6f100004)) ERROR: Undefined(0x80001001)
05-31 04:32:49.956   405   418 I OMXMaster: makeComponentInstance(OMX.google.vorbis.decoder) in omx@1.0-service process
05-31 04:32:49.958   405   418 E OMXNodeInstance: getConfig(0xe86229c0:google.vorbis.decoder, ConfigAndroidVendorExtension(0x6f100004)) ERROR: Undefined(0x80001001)
05-31 04:32:49.960   265   265 W /system/bin/hw/android.hidl.allocator@1.0-service: ashmem_create_region(32768) returning hidl_memory(0x7d3662c310, 32768)
05-31 04:32:49.963   265   265 I chatty  : uid=1000(system) allocator@1.0-s identical 5 lines
05-31 04:32:49.966   265   265 W /system/bin/hw/android.hidl.allocator@1.0-service: ashmem_create_region(32768) returning hidl_memory(0x7d3662c310, 32768)
05-31 04:32:49.966   722   722 I com.android.phone: Looking for service android.hardware.radio@1.0::IRadio/slot1
05-31 04:32:49.966   265   265 W /system/bin/hw/android.hidl.allocator@1.0-service: ashmem_create_region(32768) returning hidl_memory(0x7d3662c310, 32768)
05-31 04:32:49.968   265   265 I chatty  : uid=1000(system) allocator@1.0-s identical 3 lines
05-31 04:32:49.968   265   265 W /system/bin/hw/android.hidl.allocator@1.0-service: ashmem_create_region(32768) returning hidl_memory(0x7d3662c310, 32768)
05-31 04:32:49.969   722   722 I com.android.phone: Looking for service android.hardware.radio@1.0::IRadio/slot1
05-31 04:32:49.972   722   722 I com.android.phone: Looking for service android.hardware.radio.deprecated@1.0::IOemHook/slot1
05-31 04:32:49.972   265   265 W /system/bin/hw/android.hidl.allocator@1.0-service: ashmem_create_region(32768) returning hidl_memory(0x7d3662c310, 32768)
05-31 04:32:49.975   265   265 I chatty  : uid=1000(system) allocator@1.0-s identical 3 lines
05-31 04:32:49.984   265   265 W /system/bin/hw/android.hidl.allocator@1.0-service: ashmem_create_region(32768) returning hidl_memory(0x7d3662c310, 32768)
05-31 04:32:49.997   470   628 V NuMediaExtractor: setDataSource fd=188 (/system/media/audio/ui/KeypressDelete.ogg), offset=0, length=5832
05-31 04:32:49.999   399   645 E ffmExtractor: Cannot load library libffmpeg_utils.so dlerror = dlopen failed: library "libffmpeg_utils.so" not found
05-31 04:32:49.999   399   645 E ffmExtractor: lib open failed
05-31 04:32:50.000   265   265 W /system/bin/hw/android.hidl.allocator@1.0-service: ashmem_create_region(32768) returning hidl_memory(0x7d3662c310, 32768)
05-31 04:32:50.001   265   265 W /system/bin/hw/android.hidl.allocator@1.0-service: ashmem_create_region(32768) returning hidl_memory(0x7d3662c310, 32768)
05-31 04:32:50.001   681   681 D AndroidRuntime: >>>>>> START com.android.internal.os.WebViewZygoteInit uid 1053 <<<<<<
05-31 04:32:50.001   265   265 W /system/bin/hw/android.hidl.allocator@1.0-service: ashmem_create_region(32768) returning hidl_memory(0x7d3662c310, 32768)
05-31 04:32:50.005   470   628 V NuMediaExtractor: track of type 'audio/vorbis' does not publish bitrate
05-31 04:32:50.009   681   681 I /system/bin/webview_zygote32: option[0]=-Xzygote
05-31 04:32:50.009   681   681 I /system/bin/webview_zygote32: option[1]=-Xusetombstonedtraces
05-31 04:32:50.009   681   681 I /system/bin/webview_zygote32: option[2]=exit
05-31 04:32:50.009   681   681 I /system/bin/webview_zygote32: option[3]=vfprintf
05-31 04:32:50.009   681   681 I /system/bin/webview_zygote32: option[4]=sensitiveThread
05-31 04:32:50.009   681   681 I /system/bin/webview_zygote32: option[5]=-verbose:gc
05-31 04:32:50.009   681   681 I /system/bin/webview_zygote32: option[6]=-Xms16m
05-31 04:32:50.009   681   681 I /system/bin/webview_zygote32: option[7]=-Xmx512m
05-31 04:32:50.009   681   681 I /system/bin/webview_zygote32: option[8]=-XX:HeapGrowthLimit=192m
05-31 04:32:50.009   681   681 I /system/bin/webview_zygote32: option[9]=-XX:HeapMinFree=512k
05-31 04:32:50.009   681   681 I /system/bin/webview_zygote32: option[10]=-XX:HeapMaxFree=8m
05-31 04:32:50.009   681   681 I /system/bin/webview_zygote32: option[11]=-XX:HeapTargetUtilization=0.75
05-31 04:32:50.009   681   681 I /system/bin/webview_zygote32: option[12]=-Xusejit:true
05-31 04:32:50.009   681   681 I /system/bin/webview_zygote32: option[13]=-Xjitsaveprofilinginfo
05-31 04:32:50.009   681   681 I /system/bin/webview_zygote32: option[14]=-agentlib:jdwp=transport=dt_android_adb,suspend=n,server=y
05-31 04:32:50.009   681   681 I /system/bin/webview_zygote32: option[15]=-Xlockprofthreshold:500
05-31 04:32:50.009   681   681 I /system/bin/webview_zygote32: option[16]=-Ximage-compiler-option
05-31 04:32:50.009   681   681 I /system/bin/webview_zygote32: option[17]=--runtime-arg
05-31 04:32:50.009   681   681 I /system/bin/webview_zygote32: option[18]=-Ximage-compiler-option
05-31 04:32:50.009   681   681 I /system/bin/webview_zygote32: option[19]=-Xms64m
05-31 04:32:50.009   681   681 I /system/bin/webview_zygote32: option[20]=-Ximage-compiler-option
05-31 04:32:50.009   681   681 I /system/bin/webview_zygote32: option[21]=--runtime-arg
05-31 04:32:50.009   681   681 I /system/bin/webview_zygote32: option[22]=-Ximage-compiler-option
05-31 04:32:50.009   681   681 I /system/bin/webview_zygote32: option[23]=-Xmx64m
05-31 04:32:50.009   681   681 I /system/bin/webview_zygote32: option[24]=-Ximage-compiler-option
05-31 04:32:50.009   681   681 I /system/bin/webview_zygote32: option[25]=--image-classes=/system/etc/preloaded-classes
05-31 04:32:50.010   681   681 I /system/bin/webview_zygote32: option[26]=-Ximage-compiler-option
05-31 04:32:50.010   681   681 I /system/bin/webview_zygote32: option[27]=--compiled-classes=/system/etc/compiled-classes
05-31 04:32:50.010   681   681 I /system/bin/webview_zygote32: option[28]=-Ximage-compiler-option
05-31 04:32:50.010   681   681 I /system/bin/webview_zygote32: option[29]=--dirty-image-objects=/system/etc/dirty-image-objects
05-31 04:32:50.010   681   681 I /system/bin/webview_zygote32: option[30]=-Xcompiler-option
05-31 04:32:50.010   681   681 I /system/bin/webview_zygote32: option[31]=--runtime-arg
05-31 04:32:50.010   681   681 I /system/bin/webview_zygote32: option[32]=-Xcompiler-option
05-31 04:32:50.010   681   681 I /system/bin/webview_zygote32: option[33]=-Xms64m
05-31 04:32:50.010   681   681 I /system/bin/webview_zygote32: option[34]=-Xcompiler-option
05-31 04:32:50.010   681   681 I /system/bin/webview_zygote32: option[35]=--runtime-arg
05-31 04:32:50.010   681   681 I /system/bin/webview_zygote32: option[36]=-Xcompiler-option
05-31 04:32:50.010   681   681 I /system/bin/webview_zygote32: option[37]=-Xmx512m
05-31 04:32:50.010   681   681 I /system/bin/webview_zygote32: option[38]=-Ximage-compiler-option
05-31 04:32:50.010   681   681 I /system/bin/webview_zygote32: option[39]=--instruction-set-variant=cortex-a15
05-31 04:32:50.010   681   681 I /system/bin/webview_zygote32: option[40]=-Xcompiler-option
05-31 04:32:50.010   681   681 I /system/bin/webview_zygote32: option[41]=--instruction-set-variant=cortex-a15
05-31 04:32:50.010   681   681 I /system/bin/webview_zygote32: option[42]=-Ximage-compiler-option
05-31 04:32:50.010   681   681 I /system/bin/webview_zygote32: option[43]=--instruction-set-features=default
05-31 04:32:50.010   681   681 I /system/bin/webview_zygote32: option[44]=-Xcompiler-option
05-31 04:32:50.010   681   681 I /system/bin/webview_zygote32: option[45]=--instruction-set-features=default
05-31 04:32:50.010   681   681 I /system/bin/webview_zygote32: option[46]=-Duser.locale=en-US
05-31 04:32:50.010   681   681 I /system/bin/webview_zygote32: option[47]=--cpu-abilist=armeabi-v7a,armeabi
05-31 04:32:50.010   681   681 I /system/bin/webview_zygote32: option[48]=-Xfingerprint:Android/nanopc_t4/nanopc-t4:8.1.0/OPM8.190605.005/031607:userdebug/test-keys
05-31 04:32:50.012   722   722 I com.android.phone: Looking for service android.hardware.radio@1.0::IRadio/slot1
05-31 04:32:50.016   470   867 I OMXClient: Treble IOmx obtained
05-31 04:32:50.016   405   652 I OMXMaster: makeComponentInstance(OMX.google.vorbis.decoder) in omx@1.0-service process
05-31 04:32:50.019   405   418 E OMXNodeInstance: getConfig(0xe8622900:google.vorbis.decoder, ConfigAndroidVendorExtension(0x6f100004)) ERROR: Undefined(0x80001001)
05-31 04:32:50.022   265   265 W /system/bin/hw/android.hidl.allocator@1.0-service: ashmem_create_region(32768) returning hidl_memory(0x7d3662c310, 32768)
05-31 04:32:50.029   265   265 I chatty  : uid=1000(system) allocator@1.0-s identical 6 lines
05-31 04:32:50.030   265   265 W /system/bin/hw/android.hidl.allocator@1.0-service: ashmem_create_region(32768) returning hidl_memory(0x7d3662c310, 32768)
05-31 04:32:50.045   630   812 V NuMediaExtractor: setDataSource fd=40 (/system/media/audio/ui/Trusted.ogg), offset=0, length=5713
05-31 04:32:50.047   399   645 E ffmExtractor: Cannot load library libffmpeg_utils.so dlerror = dlopen failed: library "libffmpeg_utils.so" not found
05-31 04:32:50.047   399   645 E ffmExtractor: lib open failed
05-31 04:32:50.053   630   812 V NuMediaExtractor: track of type 'audio/vorbis' does not publish bitrate
05-31 04:32:50.057   630   877 I OMXClient: Treble IOmx obtained
05-31 04:32:50.058   405   653 I OMXMaster: makeComponentInstance(OMX.google.vorbis.decoder) in omx@1.0-service process
05-31 04:32:50.060   405   652 E OMXNodeInstance: getConfig(0xe8622960:google.vorbis.decoder, ConfigAndroidVendorExtension(0x6f100004)) ERROR: Undefined(0x80001001)
05-31 04:32:50.064   265   265 W /system/bin/hw/android.hidl.allocator@1.0-service: ashmem_create_region(32768) returning hidl_memory(0x7d3662c310, 32768)
05-31 04:32:50.065   265   265 I chatty  : uid=1000(system) allocator@1.0-s identical 1 line
05-31 04:32:50.066   265   265 W /system/bin/hw/android.hidl.allocator@1.0-service: ashmem_create_region(32768) returning hidl_memory(0x7d3662c310, 32768)
05-31 04:32:50.066   470   628 V NuMediaExtractor: setDataSource fd=190 (/system/media/audio/ui/KeypressReturn.ogg), offset=0, length=6246
05-31 04:32:50.067   265   265 W /system/bin/hw/android.hidl.allocator@1.0-service: ashmem_create_region(32768) returning hidl_memory(0x7d3662c310, 32768)
05-31 04:32:50.068   399   813 E ffmExtractor: Cannot load library libffmpeg_utils.so dlerror = dlopen failed: library "libffmpeg_utils.so" not found
05-31 04:32:50.068   399   813 E ffmExtractor: lib open failed
05-31 04:32:50.069   265   265 W /system/bin/hw/android.hidl.allocator@1.0-service: ashmem_create_region(32768) returning hidl_memory(0x7d3662c310, 32768)
05-31 04:32:50.071   265   265 I chatty  : uid=1000(system) allocator@1.0-s identical 2 lines
05-31 04:32:50.071   265   265 W /system/bin/hw/android.hidl.allocator@1.0-service: ashmem_create_region(32768) returning hidl_memory(0x7d3662c310, 32768)
05-31 04:32:50.072   470   628 V NuMediaExtractor: track of type 'audio/vorbis' does not publish bitrate
05-31 04:32:50.079   265   265 W /system/bin/hw/android.hidl.allocator@1.0-service: ashmem_create_region(32768) returning hidl_memory(0x7d3662c310, 32768)
05-31 04:32:50.081   265   265 I chatty  : uid=1000(system) allocator@1.0-s identical 2 lines
05-31 04:32:50.081   265   265 W /system/bin/hw/android.hidl.allocator@1.0-service: ashmem_create_region(32768) returning hidl_memory(0x7d3662c310, 32768)
05-31 04:32:50.082   470   880 I OMXClient: Treble IOmx obtained
05-31 04:32:50.083   405   418 I OMXMaster: makeComponentInstance(OMX.google.vorbis.decoder) in omx@1.0-service process
05-31 04:32:50.087   405   653 E OMXNodeInstance: getConfig(0xe8622de0:google.vorbis.decoder, ConfigAndroidVendorExtension(0x6f100004)) ERROR: Undefined(0x80001001)
05-31 04:32:50.091   265   265 W /system/bin/hw/android.hidl.allocator@1.0-service: ashmem_create_region(32768) returning hidl_memory(0x7d3662c310, 32768)
05-31 04:32:50.098   265   265 I chatty  : uid=1000(system) allocator@1.0-s identical 6 lines
05-31 04:32:50.098   265   265 W /system/bin/hw/android.hidl.allocator@1.0-service: ashmem_create_region(32768) returning hidl_memory(0x7d3662c310, 32768)
05-31 04:32:50.101   722   722 I com.android.phone: Looking for service android.hardware.radio@1.0::IRadio/slot1
05-31 04:32:50.127   401   814 D NuPlayerDriver: notifyListener_l(0xe8c272a0), (6, 0, 0, -1), loop setting(0, 0)
05-31 04:32:50.127   393   457 E AudioFlinger: no wake lock to update, but system ready!
05-31 04:32:50.129   470   628 V NuMediaExtractor: setDataSource fd=191 (/system/media/audio/ui/KeypressInvalid.ogg), offset=0, length=9847
05-31 04:32:50.132   266   884 D AudioHardwareTiny: start_output_stream device: 2
05-31 04:32:50.133   266   884 D AudioHardwareTiny: read_out_sound_card: buf =  0 [realtekrt5651co]: realtek_rt5651- - realtek,rt5651-codec
05-31 04:32:50.133   266   884 D AudioHardwareTiny: get_card_number: number =0,card_name =  0 [realtekrt5651co]: realtek_rt5651- - realtek,rt5651-codec
05-31 04:32:50.133   266   884 D AudioHardwareTiny: read_out_sound_card: buf =                       realtek,rt5651-codec
05-31 04:32:50.133   266   884 D AudioHardwareTiny: read_out_sound_card: buf =  1 [rkhdmidpsound  ]: rk-hdmi-dp-soun - rk-hdmi-dp-sound
05-31 04:32:50.133   266   884 D AudioHardwareTiny: get_card_number: number =1,card_name =  1 [rkhdmidpsound  ]: rk-hdmi-dp-soun - rk-hdmi-dp-sound
05-31 04:32:50.133   266   884 D AudioHardwareTiny: read_out_sound_card: buf =                       rk-hdmi-dp-sound
05-31 04:32:50.135   470   470 I Telecom : SystemStateProvider: Registering car mode receiver: android.content.IntentFilter@28478dd: TS.init@AAA
05-31 04:32:50.136   266   884 D alsa_route: route_info->sound_card 0, route_info->devices 0  
05-31 04:32:50.136   266   884 D alsa_route: route_set_controls() set route 0
05-31 04:32:50.139   399   420 E ffmExtractor: Cannot load library libffmpeg_utils.so dlerror = dlopen failed: library "libffmpeg_utils.so" not found
05-31 04:32:50.139   399   420 E ffmExtractor: lib open failed
05-31 04:32:50.150   470   628 V NuMediaExtractor: track of type 'audio/vorbis' does not publish bitrate
05-31 04:32:50.152   470   886 I Telecom : Logging.Events: Non-call EVENT: AUDIO_ROUTE, Entering state QuiescentEarpieceRoute
