05-31 04:32:51.503   273   273 I [Gralloc]: Got fd 16 for handle 1
05-31 04:32:51.503   273   273 I [Gralloc]: leave, w : 1920, h : 34, format : 0x1,internal_format : 0x1, usage : 0xb00. size=261120,pixel_stride=1920,byte_stride=7680
05-31 04:32:51.503   273   273 I [Gralloc]: leave: prime_fd=16,share_attr_fd=17
05-31 04:32:51.503   282   381 I [Gralloc]: Got handle 12 for fd 29
05-31 04:32:51.503   282   381 I [Gralloc]: leave, w : 1920, h : 34, format : 0x1,internal_format : 0x1, usage : 0xb00. size=261120,pixel_stride=1920,byte_stride=7680
05-31 04:32:51.503   282   381 I [Gralloc]: leave: prime_fd=29,share_attr_fd=32
05-31 04:32:51.504   630   906 I [Gralloc]: Got handle 7 for fd 107
05-31 04:32:51.504   630   906 I [Gralloc]: leave, w : 1920, h : 34, format : 0x1,internal_format : 0x1, usage : 0xb00. size=261120,pixel_stride=1920,byte_stride=7680
05-31 04:32:51.504   630   906 I [Gralloc]: leave: prime_fd=107,share_attr_fd=108
05-31 04:32:51.509   273   273 I [Gralloc]: Got fd 16 for handle 1
05-31 04:32:51.509   273   273 I [Gralloc]: leave, w : 1920, h : 34, format : 0x1,internal_format : 0x1, usage : 0xb00. size=261120,pixel_stride=1920,byte_stride=7680
05-31 04:32:51.509   273   273 I [Gralloc]: leave: prime_fd=16,share_attr_fd=17
05-31 04:32:51.509   282   381 I [Gralloc]: Got handle 15 for fd 102
05-31 04:32:51.509   282   381 I [Gralloc]: leave, w : 1920, h : 34, format : 0x1,internal_format : 0x1, usage : 0xb00. size=261120,pixel_stride=1920,byte_stride=7680
05-31 04:32:51.509   282   381 I [Gralloc]: leave: prime_fd=102,share_attr_fd=103
05-31 04:32:51.510   630   906 I [Gralloc]: Got handle 8 for fd 110
05-31 04:32:51.510   630   906 I [Gralloc]: leave, w : 1920, h : 34, format : 0x1,internal_format : 0x1, usage : 0xb00. size=261120,pixel_stride=1920,byte_stride=7680
05-31 04:32:51.510   630   906 I [Gralloc]: leave: prime_fd=110,share_attr_fd=111
05-31 04:32:51.516   274   274 I [Gralloc]: Got handle 9 for fd 90
05-31 04:32:51.516   274   274 I [Gralloc]: leave, w : 1920, h : 34, format : 0x1,internal_format : 0x1, usage : 0xb00. size=261120,pixel_stride=1920,byte_stride=7680
05-31 04:32:51.516   274   274 I [Gralloc]: leave: prime_fd=90,share_attr_fd=91
05-31 04:32:51.516   274   274 I [Gralloc]: Got handle 10 for fd 93
05-31 04:32:51.516   274   274 I [Gralloc]: leave, w : 1920, h : 68, format : 0x1,internal_format : 0x1, usage : 0xb00. size=522240,pixel_stride=1920,byte_stride=7680
05-31 04:32:51.516   274   274 I [Gralloc]: leave: prime_fd=93,share_attr_fd=94
05-31 04:32:51.531   274   274 I [Gralloc]: Got handle 11 for fd 80
05-31 04:32:51.531   274   274 I [Gralloc]: leave, w : 1920, h : 34, format : 0x1,internal_format : 0x1, usage : 0xb00. size=261120,pixel_stride=1920,byte_stride=7680
05-31 04:32:51.531   274   274 I [Gralloc]: leave: prime_fd=80,share_attr_fd=81
05-31 04:32:51.550   958   958 I sh      : type=1400 audit(0.0:20): avc: denied { execute_no_trans } for path="/vendor/bin/toybox_vendor" dev="dm-1" ino=53 scontext=u:r:pwm_fan_autorun:s0 tcontext=u:object_r:vendor_toolbox_exec:s0 tclass=file permissive=1
05-31 04:32:51.599   470   495 I WindowManager: ******* TELLING SURFACE FLINGER WE ARE BOOTED!
05-31 04:32:51.599   282   381 I SurfaceFlinger: Boot is finished (10040 ms)
05-31 04:32:51.603   470   495 I SystemServiceManager: Starting phase 1000
05-31 04:32:51.605   470   493 I UsbDeviceManager: Setting USB config to adb
05-31 04:32:51.612   275   275 E Lights Hal: write_int failed to open /sys/class/backlight/rk28_bl/brightness
05-31 04:32:51.618   470   495 D ActivityManager: Finishing user boot 0
05-31 04:32:51.618   470   495 I ActivityManager: User 0 state changed from BOOTING to RUNNING_LOCKED
05-31 04:32:51.620   470   495 D StorageManagerService: Setting property: sys.user.0.ce_available=true
05-31 04:32:51.621   470   495 I ActivityManager: User 0 state changed from RUNNING_LOCKED to RUNNING_UNLOCKING
05-31 04:32:51.621   470   495 D CryptdConnector: SND -> {3 cryptfs prepare_user_storage ! 0 0 2}
05-31 04:32:51.622   258   262 D vold    : e4crypt_prepare_user_storage for volume null, user 0, serial 0, flags 2
05-31 04:32:51.622   258   262 D vold    : Preparing: /data/system_ce/0
05-31 04:32:51.622   258   262 D vold    : Preparing: /data/misc_ce/0
05-31 04:32:51.622   258   262 D vold    : Preparing: /data/media/0
05-31 04:32:51.622   258   262 D vold    : Preparing: /data/data
05-31 04:32:51.622   470   551 D CryptdConnector: RCV <- {200 3 Command succeeded}
05-31 04:32:51.624   470   495 V UserDataPreparer: Found /data/user/0 with serial number 0
05-31 04:32:51.625   470   495 V UserDataPreparer: Found /data/system_ce/0 with serial number 0
05-31 04:32:51.626   470   495 V PackageManager: reconcileAppsData for null u0 0x2 migrateAppData=false
05-31 04:32:51.629   275   275 E Lights Hal: write_int failed to open /sys/class/backlight/rk28_bl/brightness
05-31 04:32:51.631   960   960 I bootstat: Service started: /system/bin/bootstat --record_boot_complete 
05-31 04:32:51.646   275   275 E Lights Hal: write_int failed to open /sys/class/backlight/rk28_bl/brightness
05-31 04:32:51.647   961   961 I bootstat: Service started: /system/bin/bootstat --record_boot_reason 
05-31 04:32:51.647   961   961 I bootstat: Unknown boot reason: 
05-31 04:32:51.649   401   814 D NuPlayerDriver: notifyListener_l(0xe8c272a0), (2, 0, 0, -1), loop setting(0, 0)
05-31 04:32:51.650   470   470 V MediaRouterService: restoreBluetoothA2dp(false)
05-31 04:32:51.662   962   962 I bootstat: Service started: /system/bin/bootstat --record_time_since_factory_reset 
05-31 04:32:51.662   266   440 D AudioHardwareTiny: out_set_parameters: kvpairs = routing=2
05-31 04:32:51.662   275   275 E Lights Hal: write_int failed to open /sys/class/backlight/rk28_bl/brightness
05-31 04:32:51.671   393   457 E AudioFlinger: no wake lock to update, but system ready!
05-31 04:32:51.674   963   963 I bootstat: Service started: /system/bin/bootstat -l 
05-31 04:32:51.679   275   275 E Lights Hal: write_int failed to open /sys/class/backlight/rk28_bl/brightness
05-31 04:32:51.696   275   275 I chatty  : uid=1000(system) light@2.0-servi identical 1 line
05-31 04:32:51.713   275   275 E Lights Hal: write_int failed to open /sys/class/backlight/rk28_bl/brightness
05-31 04:32:51.735   470   495 V PackageManager: reconcileAppsData finished 99 packages
05-31 04:32:51.735   470   485 W zygote64: Long monitor contention with owner android.display (495) at void com.android.server.am.ActivityManagerService.finishBooting()(ActivityManagerService.java:7370) waiters=0 in void com.android.server.am.BroadcastQueue.processNextBroadcast(boolean) for 116ms
05-31 04:32:51.736   470   485 I SystemServiceManager: Calling onUnlockUser u0
05-31 04:32:51.738   470   485 D BluetoothManagerService: User 0 unlocked
05-31 04:32:51.738   470   485 D StorageManagerService: onUnlockUser 0
05-31 04:32:51.738   470   485 D VoldConnector: SND -> {6 volume user_started 0}
05-31 04:32:51.739   470   494 D BluetoothManagerService: MESSAGE_USER_UNLOCKED
05-31 04:32:51.740   258   261 D vold    : Linking /storage/emulated/0 to /mnt/user/0/primary
05-31 04:32:51.740   470   550 D VoldConnector: RCV <- {200 6 Command succeeded}
05-31 04:32:51.742   470   549 D StorageManagerService: Volume emulated broadcasting mounted to UserHandle{0}
05-31 04:32:51.742   470   558 D WifiConfigStore: Reading from stores completed in 0 ms.
05-31 04:32:51.744   470   558 W WifiConfigManager: No stored networks found.
05-31 04:32:51.746   470   485 I BackupManagerService: Instantiating BackupManagerService
05-31 04:32:51.755   470   470 I ActivityManager: Start proc 966:com.android.deskclock/u0a47 for broadcast com.android.deskclock/.AlarmInitReceiver
05-31 04:32:51.758   470   558 D WIFI    : Registering NetworkFactory
05-31 04:32:51.758   470   565 D ConnectivityService: Got NetworkFactory Messenger for WIFI
05-31 04:32:51.758   470   558 D WIFI_UT : Registering NetworkFactory
05-31 04:32:51.758   470   565 D ConnectivityService: Got NetworkFactory Messenger for WIFI_UT
05-31 04:32:51.760   470   558 D WifiConfigStore: Reading from user store completed in 1 ms.
05-31 04:32:51.777   470   485 I SELinux : SELinux: Loaded file_contexts
05-31 04:32:51.777   470   558 D WifiConfigStore: Writing to stores completed in 9 ms.
05-31 04:32:51.779   470   558 D WIFI    : got request NetworkRequest [ REQUEST id=1, [ Capabilities: INTERNET&NOT_RESTRICTED&TRUSTED&NOT_VPN] ] with score 0
05-31 04:32:51.783   470   558 D WIFI    : got request NetworkRequest [ TRACK_DEFAULT id=5, [ Capabilities: INTERNET&NOT_RESTRICTED&TRUSTED&NOT_VPN] ] with score 0
05-31 04:32:51.785   470   558 D WIFI    : got request NetworkRequest [ BACKGROUND_REQUEST id=2, [ Transports: CELLULAR Capabilities: INTERNET&NOT_RESTRICTED&TRUSTED&NOT_VPN] ] with score 0
05-31 04:32:51.786   470   495 W WindowManager: App freeze timeout expired.
05-31 04:32:51.787   470   558 D WIFI    : got request NetworkRequest [ TRACK_DEFAULT id=3, [ Capabilities: INTERNET&NOT_RESTRICTED&TRUSTED&NOT_VPN] ] with score 0
05-31 04:32:51.788   470   558 D WIFI_UT : got request NetworkRequest [ REQUEST id=1, [ Capabilities: INTERNET&NOT_RESTRICTED&TRUSTED&NOT_VPN] ] with score 0
05-31 04:32:51.789   470   558 D WIFI_UT : got request NetworkRequest [ TRACK_DEFAULT id=5, [ Capabilities: INTERNET&NOT_RESTRICTED&TRUSTED&NOT_VPN] ] with score 0
05-31 04:32:51.790   470   558 D WIFI_UT : got request NetworkRequest [ BACKGROUND_REQUEST id=2, [ Transports: CELLULAR Capabilities: INTERNET&NOT_RESTRICTED&TRUSTED&NOT_VPN] ] with score 0
05-31 04:32:51.790   470   558 D WIFI_UT : got request NetworkRequest [ TRACK_DEFAULT id=3, [ Capabilities: INTERNET&NOT_RESTRICTED&TRUSTED&NOT_VPN] ] with score 0
05-31 04:32:51.794   470   485 V BackupManagerService: No ancestral data
05-31 04:32:51.802   983   984 I adbd    : initializing functionfs
05-31 04:32:51.803   983   984 I adbd    : opening control endpoint /dev/usb-ffs/adb/ep0
05-31 04:32:51.812   470   485 V BackupManagerService: Starting with transport android/com.android.internal.backup.LocalTransport
05-31 04:32:51.813   470   485 D BackupTransportManager: Binding to transport: android/com.android.internal.backup.LocalTransportService
05-31 04:32:51.814   470   485 D BackupTransportManager: Binding to transport: com.google.android.gms/.backup.BackupTransportService
05-31 04:32:51.825   470   965 V KeyValueBackupJob: Scheduling k/v pass in 249 minutes
05-31 04:32:51.827   273   273 I [Gralloc]: Got fd 16 for handle 1
05-31 04:32:51.828   273   273 I [Gralloc]: leave, w : 1920, h : 1080, format : 0x1,internal_format : 0x1, usage : 0xb00. size=8294400,pixel_stride=1920,byte_stride=7680
05-31 04:32:51.828   273   273 I [Gralloc]: leave: prime_fd=16,share_attr_fd=17
05-31 04:32:51.829   282   854 I [Gralloc]: Got handle 9 for fd 88
05-31 04:32:51.829   282   854 I [Gralloc]: leave, w : 1920, h : 1080, format : 0x1,internal_format : 0x1, usage : 0xb00. size=8294400,pixel_stride=1920,byte_stride=7680
05-31 04:32:51.829   282   854 I [Gralloc]: leave: prime_fd=88,share_attr_fd=93
05-31 04:32:51.830   746   808 I [Gralloc]: Got handle 2 for fd 69
05-31 04:32:51.830   746   808 I [Gralloc]: leave, w : 1920, h : 1080, format : 0x1,internal_format : 0x1, usage : 0xb00. size=8294400,pixel_stride=1920,byte_stride=7680
05-31 04:32:51.830   746   808 I [Gralloc]: leave: prime_fd=69,share_attr_fd=70
05-31 04:32:51.838   470   485 I ActivityManager: Start proc 989:com.google.android.gms.persistent/u0a2 for service com.google.android.gms/.backup.BackupTransportService
05-31 04:32:51.838   470   485 D BackupTransportManager: Binding to transport: com.google.android.gms/.backup.component.D2dTransportService
05-31 04:32:51.839   966   966 I zygote64: The ClassLoaderContext is a special shared library.
05-31 04:32:51.842   470   485 I BackupManagerService: Backup enabled => false
05-31 04:32:51.850   470   485 W SystemServiceManager: Service com.android.server.backup.BackupManagerService$Lifecycle took 107 ms in onUnlockUser 
05-31 04:32:51.852   470   485 W VoiceInteractionManagerService: no available voice interaction services found for user 0
05-31 04:32:51.853   470   485 W VoiceInteractionManagerService: no available voice recognition services found for user 0
05-31 04:32:51.854   273   273 I [Gralloc]: Got fd 16 for handle 1
05-31 04:32:51.856   273   273 I [Gralloc]: leave, w : 1920, h : 1080, format : 0x1,internal_format : 0x1, usage : 0xb00. size=8294400,pixel_stride=1920,byte_stride=7680
05-31 04:32:51.856   273   273 I [Gralloc]: leave: prime_fd=16,share_attr_fd=17
05-31 04:32:51.856   470   470 D BackupTransportManager: Bound to transport: android/com.android.internal.backup.LocalTransportService
05-31 04:32:51.857   282   306 I [Gralloc]: Got handle 8 for fd 87
05-31 04:32:51.857   282   306 I [Gralloc]: leave, w : 1920, h : 1080, format : 0x1,internal_format : 0x1, usage : 0xb00. size=8294400,pixel_stride=1920,byte_stride=7680
05-31 04:32:51.857   282   306 I [Gralloc]: leave: prime_fd=87,share_attr_fd=98
05-31 04:32:51.857   746   808 I [Gralloc]: Got handle 3 for fd 72
05-31 04:32:51.857   746   808 I [Gralloc]: leave, w : 1920, h : 1080, format : 0x1,internal_format : 0x1, usage : 0xb00. size=8294400,pixel_stride=1920,byte_stride=7680
05-31 04:32:51.857   746   808 I [Gralloc]: leave: prime_fd=72,share_attr_fd=73
05-31 04:32:51.857   470   965 V KeyValueBackupJob: Scheduling k/v pass in 245 minutes
05-31 04:32:51.863   274   274 I [Gralloc]: Got handle 12 for fd 70
05-31 04:32:51.864   274   274 I [Gralloc]: leave, w : 1920, h : 1080, format : 0x1,internal_format : 0x1, usage : 0xb00. size=8294400,pixel_stride=1920,byte_stride=7680
05-31 04:32:51.864   274   274 I [Gralloc]: leave: prime_fd=70,share_attr_fd=71
05-31 04:32:51.871   470   485 D AutofillManagerServiceImpl: Reset component for user 0
05-31 04:32:51.878   607   607 I InputAttributes: InputType.TYPE_NULL is specified
05-31 04:32:51.883   274   274 I [Gralloc]: Got handle 13 for fd 73
05-31 04:32:51.883   274   274 I [Gralloc]: leave, w : 1920, h : 1080, format : 0x1,internal_format : 0x1, usage : 0xb00. size=8294400,pixel_stride=1920,byte_stride=7680
05-31 04:32:51.883   274   274 I [Gralloc]: leave: prime_fd=73,share_attr_fd=86
05-31 04:32:51.890   470   965 I BackupManagerService: Found stale backup journal, scheduling
05-31 04:32:51.891   470   486 D AutofillUI: destroySaveUiUiThread(): already destroyed
05-31 04:32:51.891   470   485 D AutofillManagerServiceImpl: Reset component for user 0
05-31 04:32:51.892   470   485 I ActivityManager: Loading recents for user 0 into memory.
05-31 04:32:51.900   273   273 I [Gralloc]: Got fd 16 for handle 1
05-31 04:32:51.903   273   273 I [Gralloc]: leave, w : 1920, h : 1080, format : 0x1,internal_format : 0x1, usage : 0xb00. size=8294400,pixel_stride=1920,byte_stride=7680
05-31 04:32:51.903   273   273 I [Gralloc]: leave: prime_fd=16,share_attr_fd=17
05-31 04:32:51.904   282   548 I [Gralloc]: Got handle 7 for fd 51
05-31 04:32:51.904   282   548 I [Gralloc]: leave, w : 1920, h : 1080, format : 0x1,internal_format : 0x1, usage : 0xb00. size=8294400,pixel_stride=1920,byte_stride=7680
05-31 04:32:51.904   282   548 I [Gralloc]: leave: prime_fd=51,share_attr_fd=52
05-31 04:32:51.904   746   808 I [Gralloc]: Got handle 4 for fd 75
05-31 04:32:51.904   746   808 I [Gralloc]: leave, w : 1920, h : 1080, format : 0x1,internal_format : 0x1, usage : 0xb00. size=8294400,pixel_stride=1920,byte_stride=7680
05-31 04:32:51.904   746   808 I [Gralloc]: leave: prime_fd=75,share_attr_fd=76
05-31 04:32:51.927   470   485 I ActivityManager: Start proc 1012:com.cghs.stresstest/1000 for added application com.cghs.stresstest
05-31 04:32:51.930   274   274 I [Gralloc]: Got handle 14 for fd 44
05-31 04:32:51.931   274   274 I [Gralloc]: leave, w : 1920, h : 1080, format : 0x1,internal_format : 0x1, usage : 0xb00. size=8294400,pixel_stride=1920,byte_stride=7680
05-31 04:32:51.931   274   274 I [Gralloc]: leave: prime_fd=44,share_attr_fd=45
05-31 04:32:51.935   470   485 I ActivityManager: User 0 state changed from RUNNING_UNLOCKING to RUNNING_UNLOCKED
05-31 04:32:51.937   470   485 I ActivityManager: Sending BOOT_COMPLETE user #0
05-31 04:32:51.953   470   493 I AppWidgetServiceImpl: Async processing of onUserUnlocked u0 took 102 ms
05-31 04:32:51.959   989   989 I zygote64: The ClassLoaderContext is a special shared library.
05-31 04:32:51.960   470  1005 W ResourceType: No known package when getting value for resource number 0x7f080140
05-31 04:32:51.960   470  1005 W ResourceType: No known package when getting value for resource number 0x7f120e61
05-31 04:32:51.961   470  1005 W ResourceType: No known package when getting value for resource number 0x7f08013f
05-31 04:32:51.961   470  1005 W ResourceType: No known package when getting value for resource number 0x7f1203e9
05-31 04:32:51.961   989   989 I zygote64: The ClassLoaderContext is a special shared library.
05-31 04:32:51.961   470  1005 W ResourceType: No known package when getting value for resource number 0x7f08013e
05-31 04:32:51.961   470  1005 W ResourceType: No known package when getting value for resource number 0x7f1208c1
05-31 04:32:51.978   470   555 I WifiService: getConfiguredNetworks uid=1000
05-31 04:32:51.982   722   722 D CarrierSvcBindHelper: Received android.intent.action.USER_UNLOCKED
05-31 04:32:51.983   722   722 E PhoneInterfaceManager: [PhoneIntfMgr] getCarrierPackageNamesForIntent: No UICC
05-31 04:32:51.983   722   722 D CarrierSvcBindHelper: No carrier app for: 0
05-31 04:32:51.989   746   746 D FallbackHome: User unlocked and real home found; let's go!
05-31 04:32:51.994   470   470 V NotificationListeners: enabling notification listener for 0: ComponentInfo{com.android.launcher3/com.android.launcher3.notification.NotificationListener}
05-31 04:32:52.014   470  1005 W ResourceType: No known package when getting value for resource number 0x7f020066
05-31 04:32:52.014   470  1005 W ResourceType: No known package when getting value for resource number 0x7f0e0065
05-31 04:32:52.025   989   989 I zygote64: The ClassLoaderContext is a special shared library.
05-31 04:32:52.032   470  1005 W ResourceType: No known package when getting value for resource number 0x7f0200e2
05-31 04:32:52.032   470  1005 W ResourceType: No known package when getting value for resource number 0x7f17000c
05-31 04:32:52.034   470   732 I ActivityManager: Start proc 1043:com.android.smspush/u0a58 for service com.android.smspush/.WapPushManager
05-31 04:32:52.035   470   470 V NotificationListeners: binding: Intent { act=android.service.notification.NotificationListenerService cmp=com.android.launcher3/.notification.NotificationListener (has extras) }
05-31 04:32:52.040   470   480 I zygote64: Background concurrent copying GC freed 34518(2MB) AllocSpace objects, 12(496KB) LOS objects, 42% free, 7MB/13MB, paused 875us total 238.484ms
05-31 04:32:52.049   470  1005 W ResourceType: No known package when getting value for resource number 0x7f07008c
05-31 04:32:52.049   470  1005 W ResourceType: No known package when getting value for resource number 0x7f0f0061
05-31 04:32:52.053   470   478 W MediaPlayer-JNI: MediaPlayer finalized without being released
05-31 04:32:52.055   401   834 D NuPlayerDriver: reset(0xe8c272a0) at state 6
05-31 04:32:52.057   401   834 D NuPlayerDriver: notifyListener_l(0xe8c272a0), (8, 0, 0, -1), loop setting(0, 0)
05-31 04:32:52.069   401   814 D NuPlayerDriver: notifyResetComplete(0xe8c272a0)
05-31 04:32:52.072   470   478 V MediaPlayer: resetDrmState:  mDrmInfo=null mDrmProvisioningThread=null mPrepareDrmInProgress=false mActiveDrmScheme=false
05-31 04:32:52.072   470   478 V MediaPlayer: cleanDrmObj: mDrmObj=null mDrmSessionId=null
05-31 04:32:52.083   470   582 D EthernetNetworkFactory: eth0 carrier = 0
05-31 04:32:52.085   470   470 I ActivityManager: Start proc 1060:com.android.launcher3/u0a26 for service com.android.launcher3/.notification.NotificationListener
05-31 04:32:52.089   470   933 I ActivityManager: START u0 {act=android.intent.action.MAIN cat=[android.intent.category.HOME] flg=0x10000100 cmp=com.android.launcher3/.Launcher} from uid 0
05-31 04:32:52.093  1012  1012 I zygote64: The ClassLoaderContext is a special shared library.
05-31 04:32:52.105   470   933 E ActivityManager: getPackageFerformanceMode--ComponentInfo{com.android.launcher3/com.android.launcher3.Launcher}----com.android.launcher3
05-31 04:32:52.110   470   485 E ActivityManager: getPackageFerformanceMode--ComponentInfo{com.android.launcher3/com.android.launcher3.Launcher}----com.android.launcher3
05-31 04:32:52.122   470   470 I AccountManagerService: User 0 is unlocked - opening CE database
05-31 04:32:52.141   470   484 I ActivityManager: Start proc 1075:com.android.printspooler/u0a42 for service com.android.printspooler/.model.PrintSpoolerService
05-31 04:32:52.203  1060  1060 I zygote64: The ClassLoaderContext is a special shared library.
05-31 04:32:52.218  1075  1075 I zygote64: The ClassLoaderContext is a special shared library.
05-31 04:32:52.239   266   454 D AudioHardwareTiny: adev_set_parameters: kvpairs = A2dpSuspended=false
05-31 04:32:52.242   266   454 D AudioHardwareTiny: adev_set_parameters: kvpairs = BT_SCO=off
05-31 04:32:52.245  1043  1043 I zygote64: The ClassLoaderContext is a special shared library.
05-31 04:32:52.304   966   966 I AlarmClock: AlarmInitReceiver android.intent.action.LOCKED_BOOT_COMPLETED
05-31 04:32:52.319  1060  1060 V Launcher: LauncherAppState initiated
05-31 04:32:52.340   966  1116 I AlarmClock: Fixing alarm instances
05-31 04:32:52.349   989   989 I LoadedApk: No resource references to update in package FFFFFFFFFFFFFFFFFFFFFF
05-31 04:32:52.352   470   484 I ActivityManager: Start proc 1117:com.android.keychain/1000 for service com.android.keychain/.KeyChainService
05-31 04:32:52.406  1117  1117 I zygote64: The ClassLoaderContext is a special shared library.
05-31 04:32:52.425   470   734 I ActivityManager: Start proc 1134:com.google.process.gservices/u0a2 for content provider com.google.android.gsf/.gservices.GservicesProvider
05-31 04:32:52.435   966  1116 V AlarmClock: AlarmInitReceiver finished
05-31 04:32:52.441  1012  1012 E VRMountReceiver: ---------------- action = android.intent.action.MEDIA_MOUNTED
05-31 04:32:52.441  1012  1012 E VRMountReceiver: ------------- mount path = /storage/emulated/0
05-31 04:32:52.443  1012  1012 E VRMountReceiver: ---------------- pathUri is null 
05-31 04:32:52.447   470   484 W LocationProviderProxy-network: com.google.android.gms resolves service com.android.location.service.v3.NetworkLocationProvider, but has wrong signature, ignoring
05-31 04:32:52.447   470   484 W LocationProviderProxy-network: Odd, no component found for service com.android.location.service.v3.NetworkLocationProvider
05-31 04:32:52.449   470   484 W LocationProviderProxy-fused: com.google.android.gms resolves service com.android.location.service.FusedLocationProvider, but has wrong signature, ignoring
05-31 04:32:52.452   470   484 W GeocoderProxy: com.google.android.gms resolves service com.android.location.service.GeocodeProvider, but has wrong signature, ignoring
05-31 04:32:52.452   470   484 W GeocoderProxy: Odd, no component found for service com.android.location.service.GeocodeProvider
05-31 04:32:52.453   470   484 W GeofenceProxy: com.google.android.gms resolves service com.android.location.service.GeofenceProvider, but has wrong signature, ignoring
05-31 04:32:52.453   470   484 W GeofenceProxy: Odd, no component found for service com.android.location.service.GeofenceProvider
05-31 04:32:52.454   470   484 W ActivityRecognitionProxy: com.google.android.gms resolves service com.android.location.service.ActivityRecognitionProvider, but has wrong signature, ignoring
05-31 04:32:52.454   470   484 W ActivityRecognitionProxy: Odd, no component found for service com.android.location.service.ActivityRecognitionProvider
05-31 04:32:52.465   470   484 I SyncManager: Loaded persisted syncs: 0 periodic syncs, 0 oneshot syncs, 7 total system server jobs, JobStats: FirstLoad: 1/0/0 LastSave: -1/-1/-1
05-31 04:32:52.478  1134  1134 I zygote64: The ClassLoaderContext is a special shared library.
05-31 04:32:52.484   470   484 E memtrack: Couldn't load memtrack module
05-31 04:32:52.484   470   484 W android.os.Debug: failed to get memory consumption info: -1
05-31 04:32:52.487   470   484 E memtrack: Couldn't load memtrack module
05-31 04:32:52.487   470   484 W android.os.Debug: failed to get memory consumption info: -1
05-31 04:32:52.488   470   484 E memtrack: Couldn't load memtrack module
05-31 04:32:52.488   470   484 W android.os.Debug: failed to get memory consumption info: -1
05-31 04:32:52.492   470   484 E memtrack: Couldn't load memtrack module
05-31 04:32:52.492   470   484 W android.os.Debug: failed to get memory consumption info: -1
05-31 04:32:52.495   470   484 E memtrack: Couldn't load memtrack module
05-31 04:32:52.495   470   484 W android.os.Debug: failed to get memory consumption info: -1
05-31 04:32:52.500   470   484 E memtrack: Couldn't load memtrack module
05-31 04:32:52.500   470   484 W android.os.Debug: failed to get memory consumption info: -1
05-31 04:32:52.502   470   484 E memtrack: Couldn't load memtrack module
05-31 04:32:52.503   470   484 W android.os.Debug: failed to get memory consumption info: -1
05-31 04:32:52.507   470   484 E memtrack: Couldn't load memtrack module
05-31 04:32:52.507   470   484 W android.os.Debug: failed to get memory consumption info: -1
05-31 04:32:52.511  1134  1134 I GservicesProvider: Gservices pushing to system: true; secure/global: true
05-31 04:32:52.514   470   484 E memtrack: Couldn't load memtrack module
05-31 04:32:52.514   470   484 W android.os.Debug: failed to get memory consumption info: -1
05-31 04:32:52.517   470   484 E memtrack: Couldn't load memtrack module
05-31 04:32:52.518   470   484 W android.os.Debug: failed to get memory consumption info: -1
05-31 04:32:52.525   470   484 E memtrack: Couldn't load memtrack module
05-31 04:32:52.525   470   484 W android.os.Debug: failed to get memory consumption info: -1
05-31 04:32:52.529   470   484 E memtrack: Couldn't load memtrack module
05-31 04:32:52.529   470   484 W android.os.Debug: failed to get memory consumption info: -1
05-31 04:32:52.538  1060  1060 W System  : ClassLoader referenced unknown path: 
05-31 04:32:52.544   470   484 E memtrack: Couldn't load memtrack module
05-31 04:32:52.544   470   484 W android.os.Debug: failed to get memory consumption info: -1
05-31 04:32:52.550   470   484 E memtrack: Couldn't load memtrack module
05-31 04:32:52.550   470   484 W android.os.Debug: failed to get memory consumption info: -1
05-31 04:32:52.554   470   484 E memtrack: Couldn't load memtrack module
05-31 04:32:52.554   470   484 W android.os.Debug: failed to get memory consumption info: -1
05-31 04:32:52.559   470   484 E memtrack: Couldn't load memtrack module
05-31 04:32:52.559   470   484 W android.os.Debug: failed to get memory consumption info: -1
05-31 04:32:52.563   470   484 E memtrack: Couldn't load memtrack module
05-31 04:32:52.563   470   484 W android.os.Debug: failed to get memory consumption info: -1
05-31 04:32:52.569   470   484 E memtrack: Couldn't load memtrack module
05-31 04:32:52.569   470   484 W android.os.Debug: failed to get memory consumption info: -1
05-31 04:32:52.578   470   484 E memtrack: Couldn't load memtrack module
05-31 04:32:52.578   470   484 W android.os.Debug: failed to get memory consumption info: -1
05-31 04:32:52.582  1060  1118 D LoaderTask: loadWorkspace: loading default favorites
05-31 04:32:52.582   470   484 E memtrack: Couldn't load memtrack module
05-31 04:32:52.582   470   484 W android.os.Debug: failed to get memory consumption info: -1
05-31 04:32:52.584  1060  1154 D OpenGLRenderer: HWUI GL Pipeline
05-31 04:32:52.589   470   484 E memtrack: Couldn't load memtrack module
05-31 04:32:52.590   470   484 W android.os.Debug: failed to get memory consumption info: -1
05-31 04:32:52.594   470   484 E memtrack: Couldn't load memtrack module
05-31 04:32:52.594   470   484 W android.os.Debug: failed to get memory consumption info: -1
05-31 04:32:52.598   470   484 E memtrack: Couldn't load memtrack module
05-31 04:32:52.598   470   484 W android.os.Debug: failed to get memory consumption info: -1
05-31 04:32:52.602   470   484 E memtrack: Couldn't load memtrack module
05-31 04:32:52.603   470   484 W android.os.Debug: failed to get memory consumption info: -1
05-31 04:32:52.607   470   484 E memtrack: Couldn't load memtrack module
05-31 04:32:52.607   470   484 W android.os.Debug: failed to get memory consumption info: -1
05-31 04:32:52.609   470   484 E memtrack: Couldn't load memtrack module
05-31 04:32:52.609   470   484 W android.os.Debug: failed to get memory consumption info: -1
05-31 04:32:52.611   470   734 D AutofillManagerServiceImpl: Reset component for user 0
05-31 04:32:52.623   989   989 W linker  : "/data/user_de/0/com.google.android.gms/app_extracted_libs/arm64-v8a/libconscrypt_gmscore_jni.so" unused DT entry: type 0xf arg 0x8a
05-31 04:32:52.627   470   484 E memtrack: Couldn't load memtrack module
05-31 04:32:52.627   470   484 W android.os.Debug: failed to get memory consumption info: -1
05-31 04:32:52.632   470   484 E memtrack: Couldn't load memtrack module
05-31 04:32:52.633   470   484 W android.os.Debug: failed to get memory consumption info: -1
05-31 04:32:52.635  1060  1154 I mali_so : [File] : hardware/arm/maliT760/driver/product/base/src/mali_base_kbase.c; [Line] : 947; [Func] : base_context_deal_with_version_affairs_rk_ext;
05-31 04:32:52.635  1060  1154 I mali_so : arm_release_ver of this mali_so is 'r18p0-01rel0', rk_so_ver is '11@0'.
05-31 04:32:52.635  1060  1154 I mali_so : [File] : hardware/arm/maliT760/driver/product/base/src/mali_base_kbase.c; [Line] : 914; [Func] : determine_policy_against_patch_for_sf_memory_leak;
05-31 04:32:52.635  1060  1154 I mali_so : cmdline : com.android.launcher3, we should GO THROUGH patch_for_sf_memory_leak.
05-31 04:32:52.635  1060  1154 D mali_so : [File] : hardware/arm/maliT760/driver/product/base/src/mali_base_kbase.c; [Line] : 955; [Func] : base_context_deal_with_version_affairs_rk_ext;
05-31 04:32:52.635  1060  1154 D mali_so : current process is NOT sf, to bail out.
05-31 04:32:52.639   470   484 E memtrack: Couldn't load memtrack module
05-31 04:32:52.639   470   484 W android.os.Debug: failed to get memory consumption info: -1
05-31 04:32:52.642   470   484 E memtrack: Couldn't load memtrack module
05-31 04:32:52.642   470   484 W android.os.Debug: failed to get memory consumption info: -1
05-31 04:32:52.642   470   484 E memtrack: Couldn't load memtrack module
05-31 04:32:52.642   470   484 W android.os.Debug: failed to get memory consumption info: -1
05-31 04:32:52.647   989   989 V NativeCrypto: Registering com/google/android/gms/org/conscrypt/NativeCrypto's 276 native methods...
05-31 04:32:52.649   470   484 E memtrack: Couldn't load memtrack module
05-31 04:32:52.649   470   484 W android.os.Debug: failed to get memory consumption info: -1
05-31 04:32:52.651  1060  1154 I com.android.launcher3: android::hardware::configstore::V1_0::ISurfaceFlingerConfigs::hasWideColorDisplay retrieved: 0
05-31 04:32:52.651  1060  1154 I OpenGLRenderer: Initialized EGL, version 1.4
05-31 04:32:52.651  1060  1154 D OpenGLRenderer: Swap behavior 2
05-31 04:32:52.656   273   273 I [Gralloc]: Got fd 16 for handle 1
05-31 04:32:52.658   273   273 I [Gralloc]: leave, w : 1920, h : 1080, format : 0x1,internal_format : 0x1, usage : 0x900. size=8294400,pixel_stride=1920,byte_stride=7680
05-31 04:32:52.658   273   273 I [Gralloc]: leave: prime_fd=16,share_attr_fd=17
05-31 04:32:52.659   282   854 I [Gralloc]: Got handle 16 for fd 70
05-31 04:32:52.659   282   854 I [Gralloc]: leave, w : 1920, h : 1080, format : 0x1,internal_format : 0x1, usage : 0x900. size=8294400,pixel_stride=1920,byte_stride=7680
05-31 04:32:52.659   282   854 I [Gralloc]: leave: prime_fd=70,share_attr_fd=118
05-31 04:32:52.670   273   385 I [Gralloc]: Got fd 16 for handle 1
05-31 04:32:52.672   273   385 I [Gralloc]: leave, w : 1920, h : 1080, format : 0x1,internal_format : 0x1, usage : 0x900. size=8294400,pixel_stride=1920,byte_stride=7680
05-31 04:32:52.672   273   385 I [Gralloc]: leave: prime_fd=16,share_attr_fd=17
05-31 04:32:52.672   282   854 I [Gralloc]: Got handle 17 for fd 117
05-31 04:32:52.672   282   854 I [Gralloc]: leave, w : 1920, h : 1080, format : 0x1,internal_format : 0x1, usage : 0x900. size=8294400,pixel_stride=1920,byte_stride=7680
05-31 04:32:52.672   282   854 I [Gralloc]: leave: prime_fd=117,share_attr_fd=122
05-31 04:32:52.675   989   989 D NetworkSecurityConfig: No Network Security Config specified, using platform default
05-31 04:32:52.679   989   989 I ProviderInstaller: Installed default security provider GmsCore_OpenSSL
05-31 04:32:52.685   273   273 I [Gralloc]: Got fd 16 for handle 1
05-31 04:32:52.686   273   273 I [Gralloc]: leave, w : 1920, h : 1080, format : 0x1,internal_format : 0x1, usage : 0x900. size=8294400,pixel_stride=1920,byte_stride=7680
05-31 04:32:52.686   273   273 I [Gralloc]: leave: prime_fd=16,share_attr_fd=17
05-31 04:32:52.693   470   484 E memtrack: Couldn't load memtrack module
05-31 04:32:52.693   470   484 W android.os.Debug: failed to get memory consumption info: -1
05-31 04:32:52.713   470   484 E memtrack: Couldn't load memtrack module
05-31 04:32:52.713   470   484 W android.os.Debug: failed to get memory consumption info: -1
05-31 04:32:52.716   282   854 I [Gralloc]: Got handle 19 for fd 132
05-31 04:32:52.716   282   854 I [Gralloc]: leave, w : 1920, h : 1080, format : 0x1,internal_format : 0x1, usage : 0x900. size=8294400,pixel_stride=1920,byte_stride=7680
05-31 04:32:52.716   282   854 I [Gralloc]: leave: prime_fd=132,share_attr_fd=133
05-31 04:32:52.720   470   484 E memtrack: Couldn't load memtrack module
05-31 04:32:52.720   470   484 W android.os.Debug: failed to get memory consumption info: -1
05-31 04:32:52.725   470   484 E memtrack: Couldn't load memtrack module
05-31 04:32:52.725   470   484 W android.os.Debug: failed to get memory consumption info: -1
05-31 04:32:52.727   273   385 I [Gralloc]: Got fd 16 for handle 1
05-31 04:32:52.728   273   385 I [Gralloc]: leave, w : 1920, h : 1080, format : 0x1,internal_format : 0x1, usage : 0x900. size=8294400,pixel_stride=1920,byte_stride=7680
05-31 04:32:52.728   273   385 I [Gralloc]: leave: prime_fd=16,share_attr_fd=17
05-31 04:32:52.729   282   854 I [Gralloc]: Got handle 20 for fd 84
05-31 04:32:52.729   282   854 I [Gralloc]: leave, w : 1920, h : 1080, format : 0x1,internal_format : 0x1, usage : 0x900. size=8294400,pixel_stride=1920,byte_stride=7680
05-31 04:32:52.729   282   854 I [Gralloc]: leave: prime_fd=84,share_attr_fd=108
05-31 04:32:52.730  1060  1154 D mali_winsys: EGLint new_window_surface(egl_winsys_display *, void *, EGLSurface, EGLConfig, egl_winsys_surface **, egl_color_buffer_format *, EGLBoolean) returns 0x3000
05-31 04:32:52.731   470   484 E memtrack: Couldn't load memtrack module
05-31 04:32:52.731   470   484 W android.os.Debug: failed to get memory consumption info: -1
05-31 04:32:52.735  1060  1060 W View    : requestLayout() improperly called by com.android.launcher3.graphics.GradientView{1087760 V.ED..... ......I. 0,0-0,0 #7f0b0033 app:id/gradient_bg} during layout: running second layout pass
05-31 04:32:52.736   470   484 E memtrack: Couldn't load memtrack module
05-31 04:32:52.736   470   484 W android.os.Debug: failed to get memory consumption info: -1
05-31 04:32:52.741   470   484 E memtrack: Couldn't load memtrack module
05-31 04:32:52.741   470   484 W android.os.Debug: failed to get memory consumption info: -1
05-31 04:32:52.747   470   484 E memtrack: Couldn't load memtrack module
05-31 04:32:52.747   470   484 W android.os.Debug: failed to get memory consumption info: -1
05-31 04:32:52.755   470   484 E memtrack: Couldn't load memtrack module
05-31 04:32:52.755   470   484 W android.os.Debug: failed to get memory consumption info: -1
05-31 04:32:52.759   470   484 E memtrack: Couldn't load memtrack module
05-31 04:32:52.759   470   484 W android.os.Debug: failed to get memory consumption info: -1
05-31 04:32:52.769   470   484 E memtrack: Couldn't load memtrack module
05-31 04:32:52.769   470   484 W android.os.Debug: failed to get memory consumption info: -1
05-31 04:32:52.773   470   484 E memtrack: Couldn't load memtrack module
05-31 04:32:52.773   273   385 I [Gralloc]: Got fd 16 for handle 1
05-31 04:32:52.773   470   484 W android.os.Debug: failed to get memory consumption info: -1
05-31 04:32:52.774   273   385 I [Gralloc]: leave, w : 1920, h : 1080, format : 0x1,internal_format : 0x1, usage : 0xb00. size=8294400,pixel_stride=1920,byte_stride=7680
05-31 04:32:52.774   273   385 I [Gralloc]: leave: prime_fd=16,share_attr_fd=17
05-31 04:32:52.775   282   381 I [Gralloc]: Got handle 20 for fd 114
05-31 04:32:52.775   282   381 I [Gralloc]: leave, w : 1920, h : 1080, format : 0x1,internal_format : 0x1, usage : 0xb00. size=8294400,pixel_stride=1920,byte_stride=7680
05-31 04:32:52.775   282   381 I [Gralloc]: leave: prime_fd=114,share_attr_fd=115
05-31 04:32:52.775   989   989 I DynamiteModule: Considering local module com.google.android.gms.googlecertificates:4 and remote module com.google.android.gms.googlecertificates:4
05-31 04:32:52.775   989   989 I DynamiteModule: Selected local version of com.google.android.gms.googlecertificates
05-31 04:32:52.775   470   484 E memtrack: Couldn't load memtrack module
05-31 04:32:52.775   470   484 W android.os.Debug: failed to get memory consumption info: -1
05-31 04:32:52.777   470   484 E memtrack: Couldn't load memtrack module
05-31 04:32:52.778   470   484 W android.os.Debug: failed to get memory consumption info: -1
05-31 04:32:52.781  1060  1154 I [Gralloc]: Got handle 1 for fd 60
05-31 04:32:52.781  1060  1154 I [Gralloc]: leave, w : 1920, h : 1080, format : 0x1,internal_format : 0x1, usage : 0xb00. size=8294400,pixel_stride=1920,byte_stride=7680
05-31 04:32:52.781  1060  1154 I [Gralloc]: leave: prime_fd=60,share_attr_fd=61
05-31 04:32:52.784   470   484 E memtrack: Couldn't load memtrack module
05-31 04:32:52.784   470   484 W android.os.Debug: failed to get memory consumption info: -1
05-31 04:32:52.786   470   484 E memtrack: Couldn't load memtrack module
05-31 04:32:52.786   470   484 W android.os.Debug: failed to get memory consumption info: -1
05-31 04:32:52.787   470   484 E memtrack: Couldn't load memtrack module
05-31 04:32:52.787   470   484 W android.os.Debug: failed to get memory consumption info: -1
05-31 04:32:52.789   470   484 E memtrack: Couldn't load memtrack module
05-31 04:32:52.789   470   484 W android.os.Debug: failed to get memory consumption info: -1
05-31 04:32:52.790   470   484 E memtrack: Couldn't load memtrack module
05-31 04:32:52.790   470   484 W android.os.Debug: failed to get memory consumption info: -1
05-31 04:32:52.790   470   484 E memtrack: Couldn't load memtrack module
05-31 04:32:52.790   470   484 W android.os.Debug: failed to get memory consumption info: -1
05-31 04:32:52.809   983   984 I adbd    : functionfs successfully initialized
05-31 04:32:52.809   983   984 I adbd    : registering usb transport
05-31 04:32:52.818   470   495 I ActivityManager: Displayed com.android.launcher3/.Launcher: +709ms
05-31 04:32:52.842   282   306 E BufferQueueProducer: [com.android.settings/com.android.settings.FallbackHome#0] disconnect: not connected (req=1)
05-31 04:32:52.842   746   808 W libEGL  : EGLNativeWindowType 0x7cbc4a3010 disconnect failed
05-31 04:32:52.847   274   335 I [Gralloc]: Got handle 15 for fd 89
05-31 04:32:52.847   274   335 I [Gralloc]: leave, w : 1920, h : 1080, format : 0x1,internal_format : 0x1, usage : 0xb00. size=8294400,pixel_stride=1920,byte_stride=7680
05-31 04:32:52.847   274   335 I [Gralloc]: leave: prime_fd=89,share_attr_fd=100
05-31 04:32:52.850   273   385 I [Gralloc]: Got fd 16 for handle 1
05-31 04:32:52.851   273   385 I [Gralloc]: leave, w : 1920, h : 1080, format : 0x1,internal_format : 0x1, usage : 0xb00. size=8294400,pixel_stride=1920,byte_stride=7680
05-31 04:32:52.851   273   385 I [Gralloc]: leave: prime_fd=16,share_attr_fd=17
05-31 04:32:52.851   282   548 I [Gralloc]: Got handle 19 for fd 71
05-31 04:32:52.851   282   548 I [Gralloc]: leave, w : 1920, h : 1080, format : 0x1,internal_format : 0x1, usage : 0xb00. size=8294400,pixel_stride=1920,byte_stride=7680
05-31 04:32:52.851   282   548 I [Gralloc]: leave: prime_fd=71,share_attr_fd=73
05-31 04:32:52.870  1060  1154 I [Gralloc]: Got handle 2 for fd 65
05-31 04:32:52.870  1060  1154 I [Gralloc]: leave, w : 1920, h : 1080, format : 0x1,internal_format : 0x1, usage : 0xb00. size=8294400,pixel_stride=1920,byte_stride=7680
05-31 04:32:52.870  1060  1154 I [Gralloc]: leave: prime_fd=65,share_attr_fd=66
05-31 04:32:52.902   274   335 I [Gralloc]: Got handle 16 for fd 99
05-31 04:32:52.903   274   335 I [Gralloc]: leave, w : 1920, h : 1080, format : 0x1,internal_format : 0x1, usage : 0xb00. size=8294400,pixel_stride=1920,byte_stride=7680
05-31 04:32:52.903   274   335 I [Gralloc]: leave: prime_fd=99,share_attr_fd=108
05-31 04:32:52.911   273   385 I [Gralloc]: Got fd 16 for handle 1
05-31 04:32:52.911   273   385 I [Gralloc]: leave, w : 1920, h : 1080, format : 0x1,internal_format : 0x1, usage : 0xb00. size=8294400,pixel_stride=1920,byte_stride=7680
05-31 04:32:52.911   273   385 I [Gralloc]: leave: prime_fd=16,share_attr_fd=17
05-31 04:32:52.912   282   548 I [Gralloc]: Got handle 17 for fd 119
05-31 04:32:52.912   282   548 I [Gralloc]: leave, w : 1920, h : 1080, format : 0x1,internal_format : 0x1, usage : 0xb00. size=8294400,pixel_stride=1920,byte_stride=7680
05-31 04:32:52.912   282   548 I [Gralloc]: leave: prime_fd=119,share_attr_fd=122
05-31 04:32:52.912  1060  1154 I [Gralloc]: Got handle 3 for fd 69
05-31 04:32:52.912  1060  1154 I [Gralloc]: leave, w : 1920, h : 1080, format : 0x1,internal_format : 0x1, usage : 0xb00. size=8294400,pixel_stride=1920,byte_stride=7680
05-31 04:32:52.912  1060  1154 I [Gralloc]: leave: prime_fd=69,share_attr_fd=70
05-31 04:32:52.957   989   989 W ConfigurationChimeraPro: Got null configs for com.google.android.gms.backup
05-31 04:32:52.996   273   385 I [Gralloc]: Got fd 16 for handle 1
05-31 04:32:52.997   273   385 I [Gralloc]: leave, w : 1920, h : 1080, format : 0x1,internal_format : 0x1, usage : 0xb00. size=8294400,pixel_stride=1920,byte_stride=7680
05-31 04:32:52.997   273   385 I [Gralloc]: leave: prime_fd=16,share_attr_fd=17
05-31 04:32:52.997   282   548 I [Gralloc]: Got handle 16 for fd 135
05-31 04:32:52.997   282   548 I [Gralloc]: leave, w : 1920, h : 1080, format : 0x1,internal_format : 0x1, usage : 0xb00. size=8294400,pixel_stride=1920,byte_stride=7680
05-31 04:32:52.997   282   548 I [Gralloc]: leave: prime_fd=135,share_attr_fd=136
05-31 04:32:52.998  1060  1154 I [Gralloc]: Got handle 4 for fd 68
05-31 04:32:52.998  1060  1154 I [Gralloc]: leave, w : 1920, h : 1080, format : 0x1,internal_format : 0x1, usage : 0xb00. size=8294400,pixel_stride=1920,byte_stride=7680
05-31 04:32:52.998  1060  1154 I [Gralloc]: leave: prime_fd=68,share_attr_fd=72
05-31 04:32:52.998   274   335 I [Gralloc]: Got handle 17 for fd 111
05-31 04:32:52.998   274   335 I [Gralloc]: leave, w : 1920, h : 1080, format : 0x1,internal_format : 0x1, usage : 0xb00. size=8294400,pixel_stride=1920,byte_stride=7680
05-31 04:32:52.998   274   335 I [Gralloc]: leave: prime_fd=111,share_attr_fd=113
05-31 04:32:53.015   274   335 I [Gralloc]: Got handle 18 for fd 46
05-31 04:32:53.015   274   335 I [Gralloc]: leave, w : 1920, h : 1080, format : 0x1,internal_format : 0x1, usage : 0xb00. size=8294400,pixel_stride=1920,byte_stride=7680
05-31 04:32:53.015   274   335 I [Gralloc]: leave: prime_fd=46,share_attr_fd=56
05-31 04:32:53.019  1060  1060 E SchedPolicy: set_timerslack_ns write failed: Operation not permitted
05-31 04:32:53.072   470   470 W Binder  : Outgoing transactions from this process must be FLAG_ONEWAY
05-31 04:32:53.072   470   470 W Binder  : java.lang.Throwable
05-31 04:32:53.072   470   470 W Binder  :      at android.os.BinderProxy.transact(Binder.java:752)
05-31 04:32:53.072   470   470 W Binder  :      at com.android.internal.backup.IBackupTransport$Stub$Proxy.name(IBackupTransport.java:369)
05-31 04:32:53.072   470   470 W Binder  :      at com.android.server.backup.TransportManager$TransportConnection.onServiceConnected(TransportManager.java:339)
05-31 04:32:53.072   470   470 W Binder  :      at android.app.LoadedApk$ServiceDispatcher.doConnected(LoadedApk.java:1652)
05-31 04:32:53.072   470   470 W Binder  :      at android.app.LoadedApk$ServiceDispatcher$RunConnection.run(LoadedApk.java:1681)
05-31 04:32:53.072   470   470 W Binder  :      at android.os.Handler.handleCallback(Handler.java:790)
05-31 04:32:53.072   470   470 W Binder  :      at android.os.Handler.dispatchMessage(Handler.java:99)
05-31 04:32:53.072   470   470 W Binder  :      at android.os.Looper.loop(Looper.java:164)
05-31 04:32:53.072   470   470 W Binder  :      at com.android.server.SystemServer.run(SystemServer.java:419)
05-31 04:32:53.072   470   470 W Binder  :      at com.android.server.SystemServer.main(SystemServer.java:270)
05-31 04:32:53.072   470   470 W Binder  :      at java.lang.reflect.Method.invoke(Native Method)
05-31 04:32:53.072   470   470 W Binder  :      at com.android.internal.os.RuntimeInit$MethodAndArgsCaller.run(RuntimeInit.java:438)
05-31 04:32:53.072   470   470 W Binder  :      at com.android.internal.os.ZygoteInit.main(ZygoteInit.java:787)
05-31 04:32:53.078   470   470 D BackupTransportManager: Bound to transport: com.google.android.gms/.backup.BackupTransportService
05-31 04:32:53.118   470   470 W Binder  : Outgoing transactions from this process must be FLAG_ONEWAY
05-31 04:32:53.118   470   470 W Binder  : java.lang.Throwable
05-31 04:32:53.118   470   470 W Binder  :      at android.os.BinderProxy.transact(Binder.java:752)
05-31 04:32:53.118   470   470 W Binder  :      at com.android.internal.backup.IBackupTransport$Stub$Proxy.name(IBackupTransport.java:369)
05-31 04:32:53.118   470   470 W Binder  :      at com.android.server.backup.TransportManager$TransportConnection.onServiceConnected(TransportManager.java:339)
05-31 04:32:53.118   470   470 W Binder  :      at android.app.LoadedApk$ServiceDispatcher.doConnected(LoadedApk.java:1652)
05-31 04:32:53.118   470   470 W Binder  :      at android.app.LoadedApk$ServiceDispatcher$RunConnection.run(LoadedApk.java:1681)
05-31 04:32:53.118   470   470 W Binder  :      at android.os.Handler.handleCallback(Handler.java:790)
05-31 04:32:53.118   470   470 W Binder  :      at android.os.Handler.dispatchMessage(Handler.java:99)
05-31 04:32:53.118   470   470 W Binder  :      at android.os.Looper.loop(Looper.java:164)
05-31 04:32:53.118   470   470 W Binder  :      at com.android.server.SystemServer.run(SystemServer.java:419)
05-31 04:32:53.118   470   470 W Binder  :      at com.android.server.SystemServer.main(SystemServer.java:270)
05-31 04:32:53.118   470   470 W Binder  :      at java.lang.reflect.Method.invoke(Native Method)
05-31 04:32:53.118   470   470 W Binder  :      at com.android.internal.os.RuntimeInit$MethodAndArgsCaller.run(RuntimeInit.java:438)
05-31 04:32:53.118   470   470 W Binder  :      at com.android.internal.os.ZygoteInit.main(ZygoteInit.java:787)
05-31 04:32:53.120  1060  1060 E SchedPolicy: set_timerslack_ns write failed: Operation not permitted
05-31 04:32:53.133   470   470 D BackupTransportManager: Bound to transport: com.google.android.gms/.backup.component.D2dTransportService
05-31 04:32:53.176   989   989 V Backup  : [BackupTransportCS] accounts changed
05-31 04:32:53.178   989   989 I Backup  : [GmsBackupAccountManager] Backup account not found in gmscore.
05-31 04:32:53.181   989   989 D Backup  : [BackupScheduler] Setting backup scheduler enabled=false due to desired state 4
05-31 04:32:53.183   989   989 V Backup  : [BackupTransportCS] no backup now: [OperationScheduler: enabledState=false moratoriumSet=2020-05-31/04:32:53 moratorium=1970-01-01/00:00:00]
05-31 04:32:53.197   989   989 W ChimeraUtils: Module com.google.android.gms.backup has empty metadata display_name_string_id
05-31 04:32:53.580  1193  1193 I sh      : type=1400 audit(0.0:21): avc: denied { execute_no_trans } for path="/vendor/bin/toybox_vendor" dev="dm-1" ino=53 scontext=u:r:pwm_fan_autorun:s0 tcontext=u:object_r:vendor_toolbox_exec:s0 tclass=file permissive=1
05-31 04:32:53.925   607   607 I LatinIME: Timeout waiting for dictionary load
05-31 04:32:53.957  1012  1012 D RecoveryReceiver: RECOVERY_STATE_FILE_TF:/mnt/external_sd/Recovery_state
05-31 04:32:53.982   470   612 I ActivityManager: Start proc 1195:android.rockchip.update.service/1000 for broadcast android.rockchip.update.service/.RKUpdateReceiver
05-31 04:32:54.051  1195  1195 I zygote64: The ClassLoaderContext is a special shared library.
05-31 04:32:54.088  1195  1195 D RKUpdateReceiver: action = android.intent.action.MEDIA_MOUNTED
05-31 04:32:54.119   470   753 I ActivityManager: Start proc 1210:android.process.media/u0a17 for broadcast com.android.providers.downloads/.DownloadReceiver
05-31 04:32:54.178  1210  1210 I zygote64: The ClassLoaderContext is a special shared library.
05-31 04:32:54.220  1210  1210 I zygote64: The ClassLoaderContext is a special shared library.
05-31 04:32:54.374  1210  1210 D MediaScannerReceiver: action: android.intent.action.MEDIA_MOUNTED path: /storage/emulated/0
05-31 04:32:54.402   470   612 I ActivityManager: Start proc 1230:com.android.quicksearchbox/u0a63 for broadcast com.android.quicksearchbox/.SearchWidgetProvider
05-31 04:32:54.457  1230  1230 I zygote64: The ClassLoaderContext is a special shared library.
